{"id":108,"date":"2018-12-22T19:06:13","date_gmt":"2018-12-22T18:06:13","guid":{"rendered":"https:\/\/www.pedagogie.ac-nice.fr\/cardie\/?page_id=108"},"modified":"2020-07-30T18:26:18","modified_gmt":"2020-07-30T16:26:18","slug":"ecritech","status":"publish","type":"page","link":"https:\/\/www.pedagogie.ac-nice.fr\/cardie\/se-former\/ecritech\/","title":{"rendered":"Ecritech"},"content":{"rendered":"<p><span style=\"font-size: 14pt;\"><a href=\"https:\/\/www.pedagogie.ac-nice.fr\/cardie\/wp-content\/uploads\/sites\/26\/2019\/04\/IMG_0796.jpg\"><img loading=\"lazy\" decoding=\"async\" class=\"size-medium wp-image-332 alignright\" src=\"https:\/\/www.pedagogie.ac-nice.fr\/cardie\/wp-content\/uploads\/sites\/26\/2019\/04\/IMG_0796-300x275.jpg\" alt=\"\" width=\"300\" height=\"275\" srcset=\"https:\/\/www.pedagogie.ac-nice.fr\/cardie\/wp-content\/uploads\/sites\/26\/2019\/04\/IMG_0796-300x275.jpg 300w, https:\/\/www.pedagogie.ac-nice.fr\/cardie\/wp-content\/uploads\/sites\/26\/2019\/04\/IMG_0796-768x703.jpg 768w, https:\/\/www.pedagogie.ac-nice.fr\/cardie\/wp-content\/uploads\/sites\/26\/2019\/04\/IMG_0796.jpg 817w\" sizes=\"auto, (max-width: 300px) 100vw, 300px\" \/><\/a>Ce colloque scientifique se tient depuis dix ans \u00e0 Nice au campus de l&rsquo;Universit\u00e9 Saint-Jean d&rsquo;Ang\u00e9ly. Il invite la communaut\u00e9 \u00e9ducative et tous ceux que l&rsquo;\u00e9ducation int\u00e9resse \u00e0 r\u00e9fl\u00e9chir aux questions travers\u00e9es par le num\u00e9rique.L&rsquo;<\/span><\/p>\n<p>La CARDIE de Nice est une des forces actives du comit\u00e9 scientifique qui pr\u00e9pare et m\u00e8ne \u00e0 bien chaque ann\u00e9e ce rendez-vous aux c\u00f4t\u00e9s de Mme Becchetti-Bizot et des \u00e9quipes de Canop\u00e9 PACA.<\/p>\n<p>Le <strong><a href=\"https:\/\/www.ecritech.fr\/actes-precedents\/\" target=\"_blank\" rel=\"noopener noreferrer\">site d\u00e9di\u00e9 par Canop\u00e9<\/a><\/strong>\u00a0 donne la liste exhaustive des probl\u00e9matiques abord\u00e9es depuis dix ans.<\/p>\n<p><span style=\"color: #ff6600;\"><strong><span style=\"font-size: 14pt;\">L&rsquo;\u00e9dition d&rsquo;Ecritech&rsquo;11 est en pr\u00e9paration: pour proposer une contribution, <a href=\"https:\/\/www.pedagogie.ac-nice.fr\/cardie\/wp-content\/uploads\/sites\/26\/2020\/01\/Appel-\u00e0-contributions-ecriTech11.pdf\" target=\"_blank\" rel=\"noopener noreferrer\">remplissez ce formulaire<\/a> avant le 15 janvier 2020<\/span><\/strong><\/span><\/p>\n<p>&nbsp;<\/p>\n<p><span style=\"background-color: #ff6600; font-size: 14pt; color: #ffffff;\"><span style=\"background-color: #ffffff;\"><strong><span style=\"background-color: #ff6600;\">#ActesAutrement 2018:<\/span> <a href=\"http:\/\/www.ecritech.fr\/actes-2018\/\" target=\"_blank\" rel=\"noopener noreferrer\"><span style=\"color: #ff6600;\">La Forme scolaire<\/span><\/a><\/strong><\/span><\/span><\/p>\n<p><span style=\"font-size: 14pt;\"><strong><span style=\"background-color: #ff6600; color: #ffffff;\">#ActesAutrement 2017:<\/span> <a href=\"http:\/\/www.ecritech.fr\/actes-2017\/\" target=\"_blank\" rel=\"noopener noreferrer\"><span style=\"color: #ff6600;\">Num\u00e9rique &amp; savoirs: s&rsquo;approprier, sc\u00e9nariste et co-construire<\/span><\/a><\/strong><\/span><\/p>\n<hr \/>\n<p><a href=\"https:\/\/www.pedagogie.ac-nice.fr\/cardie\/wp-content\/uploads\/sites\/26\/2019\/04\/IMG_7549.jpg\"><img loading=\"lazy\" decoding=\"async\" class=\"alignleft size-medium wp-image-338\" src=\"https:\/\/www.pedagogie.ac-nice.fr\/cardie\/wp-content\/uploads\/sites\/26\/2019\/04\/IMG_7549-300x169.jpg\" alt=\"\" width=\"300\" height=\"169\" srcset=\"https:\/\/www.pedagogie.ac-nice.fr\/cardie\/wp-content\/uploads\/sites\/26\/2019\/04\/IMG_7549-300x169.jpg 300w, https:\/\/www.pedagogie.ac-nice.fr\/cardie\/wp-content\/uploads\/sites\/26\/2019\/04\/IMG_7549-768x432.jpg 768w, https:\/\/www.pedagogie.ac-nice.fr\/cardie\/wp-content\/uploads\/sites\/26\/2019\/04\/IMG_7549-1024x576.jpg 1024w\" sizes=\"auto, (max-width: 300px) 100vw, 300px\" \/><\/a><br \/>\n<strong><span style=\"font-size: 14pt; background-color: #ff6600; color: #ffffff;\">Retour sur&#8230;\u00a0<\/span><\/strong><\/p>\n<p><span style=\"font-size: 14pt;\">la 10e \u00e9dition du colloque le 27 mars 2019 avait pour th\u00e8me <\/span><\/p>\n<p><span style=\"color: #ff6600;\"><strong><span style=\"font-size: 14pt;\">Citoyennet\u00e9 num\u00e9rique, num\u00e9rique citoyen<\/span><\/strong><\/span><\/p>\n<p>Vous pouvez retrouver ci-dessous les captations p\u00e9riscope de plusieurs interventions.<\/p>\n<p style=\"text-align: right;\">A vos \u00e9couteurs !<\/p>\n<p>&nbsp;<\/p>\n<p><iframe loading=\"lazy\" src=\"https:\/\/acamedia.ac-nice.fr\/v2\/player\/embed_player.php?vid=O4ND9K4K9S15&amp;width=540&amp;height=334&amp;autoplay=yes\" width=\"540\" height=\"334\" frameborder=\"0\" allowfullscreen=\"allowfullscreen\"><\/iframe><\/p>\n<p><strong><span style=\"color: #ff6600;\">Ouverture par Mme Cauchi-Bianchi, CARDIE de l&rsquo;acad\u00e9mie de Nice<\/span><\/strong><\/p>\n<p>&nbsp;<\/p>\n<p><iframe loading=\"lazy\" src=\"https:\/\/www.youtube.com\/embed\/-1Bede5cfj8\" width=\"560\" height=\"315\" frameborder=\"0\" allowfullscreen=\"allowfullscreen\"><\/iframe><\/p>\n<h3 id=\"accordion-1-t3\" class=\"accordion-title open read\" tabindex=\"0\" role=\"tab\" aria-controls=\"accordion-1-c3\" aria-selected=\"true\" aria-expanded=\"true\"><span style=\"font-size: 12pt; color: #ff6600;\">Conf\u00e9rence d&rsquo;ouverture : \u00ab Quel num\u00e9rique voulons-nous ? \u00c9ducation, citoyennet\u00e9 et pouvoir d\u2019agir\u00a0\u00bb par Jean-Fran\u00e7ois Marchandise<\/span><\/h3>\n<p>&nbsp;<\/p>\n<p><iframe loading=\"lazy\" src=\"https:\/\/acamedia.ac-nice.fr\/v2\/player\/embed_player.php?vid=WK4MB7WMH99G&amp;width=540&amp;height=334&amp;autoplay=yes\" width=\"540\" height=\"334\" frameborder=\"0\" allowfullscreen=\"allowfullscreen\"><\/iframe><\/p>\n<p><span style=\"color: #ff6600;\"><strong>Le Recteur Emmanuel ETHIS et le directeur de Canop\u00e9 Jean-Marie PANAZOL\u00a0<\/strong><\/span><\/p>\n<p>&nbsp;<\/p>\n<p><iframe loading=\"lazy\" src=\"https:\/\/acamedia.ac-nice.fr\/v2\/player\/embed_player.php?vid=UY14UNRG9OWY&amp;width=540&amp;height=334&amp;autoplay=yes\" width=\"540\" height=\"334\" frameborder=\"0\" allowfullscreen=\"allowfullscreen\"><\/iframe><\/p>\n<p><span style=\"color: #ff6600;\"><strong>Mme Becchetti-Bizot et M. Panazol (1) Regard sur les 10 \u00e9ditions d&rsquo;Ecritech\u00a0<\/strong><\/span><\/p>\n<p>&nbsp;<\/p>\n<p><iframe loading=\"lazy\" src=\"https:\/\/acamedia.ac-nice.fr\/v2\/player\/embed_player.php?vid=1WSGADD5X31O&amp;width=540&amp;height=334&amp;autoplay=yes\" width=\"540\" height=\"334\" frameborder=\"0\" allowfullscreen=\"allowfullscreen\"><\/iframe><\/p>\n<p><span style=\"color: #ff6600;\"><strong>Mme Becchetti-Bizot et M. Panazol (2) Regard sur les 10 \u00e9ditions d&rsquo;Ecritech\u00a0<\/strong><\/span><\/p>\n<p>&nbsp;<\/p>\n<p><iframe loading=\"lazy\" src=\"https:\/\/acamedia.ac-nice.fr\/v2\/player\/embed_player.php?vid=DW686499S28M&amp;width=540&amp;height=334&amp;autoplay=yes\" width=\"540\" height=\"334\" frameborder=\"0\" allowfullscreen=\"allowfullscreen\"><\/iframe><\/p>\n<h3 id=\"accordion-1-t4\" class=\"accordion-title open read\" tabindex=\"0\" role=\"tab\" aria-controls=\"accordion-1-c4\" aria-selected=\"true\" aria-expanded=\"true\"><span style=\"font-size: 12pt; color: #ff6600;\">Sophie Gebeil: \u00ab Le projet Scola M\u00e9dia ou comment former les enseignants face aux nouveaux enjeux de l&rsquo;\u00e9ducation \u00e0 la citoyennet\u00e9 ? \u00a0\u00bb<\/span><\/h3>\n<p>&nbsp;<\/p>\n<p><iframe loading=\"lazy\" src=\"https:\/\/acamedia.ac-nice.fr\/v2\/player\/embed_player.php?vid=1S5AYSD9GK6X&amp;width=540&amp;height=334&amp;autoplay=yes\" width=\"540\" height=\"334\" frameborder=\"0\" allowfullscreen=\"allowfullscreen\"><\/iframe><\/p>\n<p><span style=\"font-size: 12pt; color: #ff6600;\"><strong>Jean-Michel Lebaut: \u00ab Sur les traces num\u00e9riques d\u2019un personnage de roman\u00a0\u00bb <\/strong><\/span><\/p>\n","protected":false},"excerpt":{"rendered":"<p>Ce colloque scientifique se tient depuis dix ans \u00e0 Nice au campus de l&rsquo;Universit\u00e9 Saint-Jean d&rsquo;Ang\u00e9ly. Il invite la communaut\u00e9 \u00e9ducative et tous ceux que l&rsquo;\u00e9ducation int\u00e9resse \u00e0 r\u00e9fl\u00e9chir aux questions travers\u00e9es par le num\u00e9rique.L&rsquo; La CARDIE de Nice est une des forces actives du comit\u00e9 scientifique qui pr\u00e9pare et m\u00e8ne \u00e0 bien chaque ann\u00e9e &hellip; <\/p>\n<p><a class=\"more-link btn\" href=\"https:\/\/www.pedagogie.ac-nice.fr\/cardie\/se-former\/ecritech\/\">Lire la suite<\/a><\/p>\n","protected":false},"author":178,"featured_media":0,"parent":29,"menu_order":7,"comment_status":"closed","ping_status":"closed","template":"","meta":{"ngg_post_thumbnail":0,"footnotes":""},"class_list":["post-108","page","type-page","status-publish","hentry","nodate","item-wrap"],"rttpg_featured_image_url":null,"rttpg_author":{"display_name":"cardie","author_link":"https:\/\/www.pedagogie.ac-nice.fr\/cardie\/author\/cardie\/"},"rttpg_comment":0,"rttpg_category":null,"rttpg_excerpt":"Ce colloque scientifique se tient depuis dix ans \u00e0 Nice au campus de l&rsquo;Universit\u00e9 Saint-Jean d&rsquo;Ang\u00e9ly. Il invite la communaut\u00e9 \u00e9ducative et tous ceux que l&rsquo;\u00e9ducation int\u00e9resse \u00e0 r\u00e9fl\u00e9chir aux questions travers\u00e9es par le num\u00e9rique.L&rsquo; La CARDIE de Nice est une des forces actives du comit\u00e9 scientifique qui pr\u00e9pare et m\u00e8ne \u00e0 bien chaque ann\u00e9e\u2026","post_mailing_queue_ids":[],"_links":{"self":[{"href":"https:\/\/www.pedagogie.ac-nice.fr\/cardie\/wp-json\/wp\/v2\/pages\/108","targetHints":{"allow":["GET"]}}],"collection":[{"href":"https:\/\/www.pedagogie.ac-nice.fr\/cardie\/wp-json\/wp\/v2\/pages"}],"about":[{"href":"https:\/\/www.pedagogie.ac-nice.fr\/cardie\/wp-json\/wp\/v2\/types\/page"}],"author":[{"embeddable":true,"href":"https:\/\/www.pedagogie.ac-nice.fr\/cardie\/wp-json\/wp\/v2\/users\/178"}],"replies":[{"embeddable":true,"href":"https:\/\/www.pedagogie.ac-nice.fr\/cardie\/wp-json\/wp\/v2\/comments?post=108"}],"version-history":[{"count":21,"href":"https:\/\/www.pedagogie.ac-nice.fr\/cardie\/wp-json\/wp\/v2\/pages\/108\/revisions"}],"predecessor-version":[{"id":507,"href":"https:\/\/www.pedagogie.ac-nice.fr\/cardie\/wp-json\/wp\/v2\/pages\/108\/revisions\/507"}],"up":[{"embeddable":true,"href":"https:\/\/www.pedagogie.ac-nice.fr\/cardie\/wp-json\/wp\/v2\/pages\/29"}],"wp:attachment":[{"href":"https:\/\/www.pedagogie.ac-nice.fr\/cardie\/wp-json\/wp\/v2\/media?parent=108"}],"curies":[{"name":"wp","href":"https:\/\/api.w.org\/{rel}","templated":true}]}}