{"id":1078,"date":"2024-06-10T15:52:17","date_gmt":"2024-06-10T13:52:17","guid":{"rendered":"https:\/\/www.pedagogie.ac-nice.fr\/casnav\/?page_id=1078"},"modified":"2025-04-18T15:53:07","modified_gmt":"2025-04-18T13:53:07","slug":"scolarisation-des-eana","status":"publish","type":"page","link":"https:\/\/www.pedagogie.ac-nice.fr\/casnav\/scolarisation-des-eana\/","title":{"rendered":"Scolarisation des EANA"},"content":{"rendered":"<p>[et_pb_section fb_built=\u00a0\u00bb1&Prime; _builder_version=\u00a0\u00bb4.27.4&Prime; _module_preset=\u00a0\u00bbdefault\u00a0\u00bb custom_padding=\u00a0\u00bb9px||0px|||\u00a0\u00bb global_colors_info=\u00a0\u00bb{}\u00a0\u00bb][et_pb_row column_structure=\u00a0\u00bb1_2,1_2&Prime; _builder_version=\u00a0\u00bb4.27.4&Prime; _module_preset=\u00a0\u00bbdefault\u00a0\u00bb global_colors_info=\u00a0\u00bb{}\u00a0\u00bb][et_pb_column type=\u00a0\u00bb1_2&Prime; _builder_version=\u00a0\u00bb4.27.4&Prime; _module_preset=\u00a0\u00bbdefault\u00a0\u00bb global_colors_info=\u00a0\u00bb{}\u00a0\u00bb][et_pb_text _builder_version=\u00a0\u00bb4.27.4&Prime; _module_preset=\u00a0\u00bbdefault\u00a0\u00bb global_colors_info=\u00a0\u00bb{}\u00a0\u00bb]<\/p>\n<p>Est consid\u00e9r\u00e9 comme \u00e9l\u00e8ve allophone nouvellement arriv\u00e9 (EANA), un \u00e9l\u00e8ve dont la langue de scolarisation premi\u00e8re n&rsquo;est pas le fran\u00e7ais et scolaris\u00e9 sur le territoire fran\u00e7ais depuis moins de 12 mois<\/p>\n<p>[\/et_pb_text][et_pb_text _builder_version=\u00a0\u00bb4.27.4&Prime; _module_preset=\u00a0\u00bbdefault\u00a0\u00bb text_orientation=\u00a0\u00bbjustified\u00a0\u00bb global_colors_info=\u00a0\u00bb{}\u00a0\u00bb]<\/p>\n<p>Les \u00e9l\u00e8ves allophones nouvellement arriv\u00e9s (EANA) sont des \u00e9l\u00e8ves de droit commun soumis \u00e0 l&rsquo;obligation scolaire.<\/p>\n<p>La circulaire nationale de 2012 \u00e9tablit un cadre clair pour la scolarisation de ces \u00e9l\u00e8ves, affirmant le principe d&rsquo;inclusion au sein du syst\u00e8me \u00e9ducatif fran\u00e7ais. Elle souligne l&rsquo;importance de l&rsquo;accueil, de l&rsquo;\u00e9valuation des acquis \u00e0 l&rsquo;arriv\u00e9e et de l&rsquo;accompagnement adapt\u00e9 \u00e0 ces \u00e9l\u00e8ves qui pr\u00e9sentent des besoins linguistiques sp\u00e9cifiques. L&rsquo;inclusion en classe ordinaire constitue la modalit\u00e9 principale de scolaration associ\u00e9e \u00e0 un enseignement intensif du Fran\u00e7ais Langue seconde (FLS) au sein des unit\u00e9s p\u00e9dagogiques pour \u00e9l\u00e8ves allophones arrivants (UPE2A).<\/p>\n<p>[\/et_pb_text][\/et_pb_column][et_pb_column type=\u00a0\u00bb1_2&Prime; _builder_version=\u00a0\u00bb4.27.4&Prime; _module_preset=\u00a0\u00bbdefault\u00a0\u00bb global_colors_info=\u00a0\u00bb{}\u00a0\u00bb][et_pb_image src=\u00a0\u00bbhttp:\/\/www.pedagogie.ac-nice.fr\/casnav\/wp-content\/uploads\/sites\/67\/2025\/04\/EANA.png\u00a0\u00bb title_text=\u00a0\u00bbEANA\u00a0\u00bb align=\u00a0\u00bbcenter\u00a0\u00bb _builder_version=\u00a0\u00bb4.27.4&Prime; _module_preset=\u00a0\u00bbdefault\u00a0\u00bb custom_margin=\u00a0\u00bb|-1px||||\u00a0\u00bb custom_padding=\u00a0\u00bb|97px|0px|||\u00a0\u00bb hover_enabled=\u00a0\u00bb0&Prime; global_colors_info=\u00a0\u00bb{}\u00a0\u00bb sticky_enabled=\u00a0\u00bb0&Prime;][\/et_pb_image][et_pb_button button_url=\u00a0\u00bbhttps:\/\/www.education.gouv.fr\/bo\/12\/Hebdo37\/MENE1234231C.htm?cid_bo=61536&Prime; url_new_window=\u00a0\u00bbon\u00a0\u00bb button_text=\u00a0\u00bbLa circulaire nationale  : modalit\u00e9s de scolarisation des EANA\u00a0\u00bb _builder_version=\u00a0\u00bb4.27.4&Prime; _module_preset=\u00a0\u00bbdefault\u00a0\u00bb custom_button=\u00a0\u00bbon\u00a0\u00bb button_text_color=\u00a0\u00bb#1FD7E0&Prime; custom_margin=\u00a0\u00bb-13px||||false|false\u00a0\u00bb locked=\u00a0\u00bboff\u00a0\u00bb global_colors_info=\u00a0\u00bb{}\u00a0\u00bb][\/et_pb_button][\/et_pb_column][\/et_pb_row][\/et_pb_section][et_pb_section fb_built=\u00a0\u00bb1&Prime; _builder_version=\u00a0\u00bb4.27.4&Prime; _module_preset=\u00a0\u00bbdefault\u00a0\u00bb custom_padding=\u00a0\u00bb23px|||||\u00a0\u00bb global_colors_info=\u00a0\u00bb{}\u00a0\u00bb][et_pb_row column_structure=\u00a0\u00bb1_2,1_2&Prime; _builder_version=\u00a0\u00bb4.27.4&Prime; _module_preset=\u00a0\u00bbdefault\u00a0\u00bb custom_padding=\u00a0\u00bb8px|||||\u00a0\u00bb global_colors_info=\u00a0\u00bb{}\u00a0\u00bb][et_pb_column type=\u00a0\u00bb1_2&Prime; _builder_version=\u00a0\u00bb4.27.4&Prime; _module_preset=\u00a0\u00bbdefault\u00a0\u00bb global_colors_info=\u00a0\u00bb{}\u00a0\u00bb][et_pb_text _builder_version=\u00a0\u00bb4.27.4&Prime; _module_preset=\u00a0\u00bbdefault\u00a0\u00bb global_colors_info=\u00a0\u00bb{}\u00a0\u00bb]<\/p>\n<p>La circulaire de rentr\u00e9e pr\u00e9cise les modalit\u00e9s d\u2019accueil et de scolarisation des \u00e9l\u00e8ves allophones (EANA) et enfants de voyageurs (EFIV) mises en oeuvre dans l\u2019acad\u00e9mie de Nice<\/p>\n<p>[\/et_pb_text][\/et_pb_column][et_pb_column type=\u00a0\u00bb1_2&Prime; _builder_version=\u00a0\u00bb4.27.4&Prime; _module_preset=\u00a0\u00bbdefault\u00a0\u00bb global_colors_info=\u00a0\u00bb{}\u00a0\u00bb][et_pb_button button_url=\u00a0\u00bb@ET-DC@eyJkeW5hbWljIjp0cnVlLCJjb250ZW50IjoicG9zdF9saW5rX3VybF9hdHRhY2htZW50Iiwic2V0dGluZ3MiOnsicG9zdF9pZCI6IjE4MDIifX0=@\u00a0\u00bb url_new_window=\u00a0\u00bbon\u00a0\u00bb button_text=\u00a0\u00bbLa circulaire acad\u00e9mique de rentr\u00e9e\u00a0\u00bb _builder_version=\u00a0\u00bb4.27.4&Prime; _dynamic_attributes=\u00a0\u00bbbutton_url\u00a0\u00bb _module_preset=\u00a0\u00bbdefault\u00a0\u00bb custom_button=\u00a0\u00bbon\u00a0\u00bb button_text_color=\u00a0\u00bb#1FD7E0&Prime; custom_margin=\u00a0\u00bb7px||||false|false\u00a0\u00bb locked=\u00a0\u00bboff\u00a0\u00bb global_colors_info=\u00a0\u00bb{}\u00a0\u00bb][\/et_pb_button][\/et_pb_column][\/et_pb_row][\/et_pb_section][et_pb_section fb_built=\u00a0\u00bb1&Prime; _builder_version=\u00a0\u00bb4.27.4&Prime; _module_preset=\u00a0\u00bbdefault\u00a0\u00bb custom_padding=\u00a0\u00bb2px|||||\u00a0\u00bb global_colors_info=\u00a0\u00bb{}\u00a0\u00bb][et_pb_row column_structure=\u00a0\u00bb1_2,1_2&Prime; _builder_version=\u00a0\u00bb4.27.4&Prime; _module_preset=\u00a0\u00bbdefault\u00a0\u00bb global_colors_info=\u00a0\u00bb{}\u00a0\u00bb][et_pb_column type=\u00a0\u00bb1_2&Prime; _builder_version=\u00a0\u00bb4.27.4&Prime; _module_preset=\u00a0\u00bbdefault\u00a0\u00bb global_colors_info=\u00a0\u00bb{}\u00a0\u00bb][et_pb_text _builder_version=\u00a0\u00bb4.27.4&Prime; _module_preset=\u00a0\u00bbdefault\u00a0\u00bb global_colors_info=\u00a0\u00bb{}\u00a0\u00bb]<\/p>\n<p>La liste des dispositifs UPE2A et les pr\u00e9cisions \u00e0 destination des parents d&rsquo;\u00e9l\u00e8ves se trouvent sur la page acad\u00e9mique d\u00e9di\u00e9e.<\/p>\n<p>[\/et_pb_text][\/et_pb_column][et_pb_column type=\u00a0\u00bb1_2&Prime; _builder_version=\u00a0\u00bb4.27.4&Prime; _module_preset=\u00a0\u00bbdefault\u00a0\u00bb global_colors_info=\u00a0\u00bb{}\u00a0\u00bb][et_pb_button button_url=\u00a0\u00bbhttps:\/\/www.ac-nice.fr\/eleves-allophones-enfants-familles-itinerantes\u00a0\u00bb url_new_window=\u00a0\u00bbon\u00a0\u00bb button_text=\u00a0\u00bbacc\u00e9der \u00e0 la page acad\u00e9mique\u00a0\u00bb _builder_version=\u00a0\u00bb4.27.4&Prime; _module_preset=\u00a0\u00bbdefault\u00a0\u00bb custom_button=\u00a0\u00bbon\u00a0\u00bb button_text_color=\u00a0\u00bb#1FD7E0&Prime; custom_margin=\u00a0\u00bb5px||||false|false\u00a0\u00bb custom_padding=\u00a0\u00bb1px|||||\u00a0\u00bb animation_style=\u00a0\u00bbfold\u00a0\u00bb locked=\u00a0\u00bboff\u00a0\u00bb global_colors_info=\u00a0\u00bb{}\u00a0\u00bb][\/et_pb_button][\/et_pb_column][\/et_pb_row][\/et_pb_section]<\/p>\n","protected":false},"excerpt":{"rendered":"<p>Est consid\u00e9r\u00e9 comme \u00e9l\u00e8ve allophone nouvellement arriv\u00e9 (EANA), un \u00e9l\u00e8ve dont la langue de scolarisation premi\u00e8re n&rsquo;est pas le fran\u00e7ais et scolaris\u00e9 sur le territoire fran\u00e7ais depuis moins de 12 moisLes \u00e9l\u00e8ves allophones nouvellement arriv\u00e9s (EANA) sont des \u00e9l\u00e8ves de droit commun soumis \u00e0 l&rsquo;obligation scolaire. La circulaire nationale de 2012 \u00e9tablit un cadre clair [&hellip;]<\/p>\n","protected":false},"author":483,"featured_media":0,"parent":0,"menu_order":0,"comment_status":"closed","ping_status":"closed","template":"","meta":{"_et_pb_use_builder":"on","_et_pb_old_content":"","_et_gb_content_width":"","footnotes":""},"class_list":["post-1078","page","type-page","status-publish","hentry"],"rttpg_featured_image_url":null,"rttpg_author":{"display_name":"Admin_CASNAV","author_link":"https:\/\/www.pedagogie.ac-nice.fr\/casnav\/author\/oceane\/"},"rttpg_comment":0,"rttpg_category":null,"rttpg_excerpt":"Est consid\u00e9r\u00e9 comme \u00e9l\u00e8ve allophone nouvellement arriv\u00e9 (EANA), un \u00e9l\u00e8ve dont la langue de scolarisation premi\u00e8re n'est pas le fran\u00e7ais et scolaris\u00e9 sur le territoire fran\u00e7ais depuis moins de 12 moisLes \u00e9l\u00e8ves allophones nouvellement arriv\u00e9s (EANA) sont des \u00e9l\u00e8ves de droit commun soumis \u00e0 l'obligation scolaire. La circulaire nationale de 2012 \u00e9tablit un cadre clair\u2026","post_mailing_queue_ids":[],"_links":{"self":[{"href":"https:\/\/www.pedagogie.ac-nice.fr\/casnav\/wp-json\/wp\/v2\/pages\/1078","targetHints":{"allow":["GET"]}}],"collection":[{"href":"https:\/\/www.pedagogie.ac-nice.fr\/casnav\/wp-json\/wp\/v2\/pages"}],"about":[{"href":"https:\/\/www.pedagogie.ac-nice.fr\/casnav\/wp-json\/wp\/v2\/types\/page"}],"author":[{"embeddable":true,"href":"https:\/\/www.pedagogie.ac-nice.fr\/casnav\/wp-json\/wp\/v2\/users\/483"}],"replies":[{"embeddable":true,"href":"https:\/\/www.pedagogie.ac-nice.fr\/casnav\/wp-json\/wp\/v2\/comments?post=1078"}],"version-history":[{"count":18,"href":"https:\/\/www.pedagogie.ac-nice.fr\/casnav\/wp-json\/wp\/v2\/pages\/1078\/revisions"}],"predecessor-version":[{"id":1840,"href":"https:\/\/www.pedagogie.ac-nice.fr\/casnav\/wp-json\/wp\/v2\/pages\/1078\/revisions\/1840"}],"wp:attachment":[{"href":"https:\/\/www.pedagogie.ac-nice.fr\/casnav\/wp-json\/wp\/v2\/media?parent=1078"}],"curies":[{"name":"wp","href":"https:\/\/api.w.org\/{rel}","templated":true}]}}

<p>[et_pb_section fb_built= »1&Prime; _builder_version= »4.27.4&Prime; _module_preset= »default » custom_padding= »9px||0px||| » global_colors_info= »{} »][et_pb_row column_structure= »1_2,1_2&Prime; _builder_version= »4.27.4&Prime; _module_preset= »default » global_colors_info= »{} »][et_pb_column type= »1_2&Prime; _builder_version= »4.27.4&Prime; _module_preset= »default » global_colors_info= »{} »][et_pb_text _builder_version= »4.27.4&Prime; _module_preset= »default » global_colors_info= »{} »]</p>
<p>Est considéré comme élève allophone nouvellement arrivé (EANA), un élève dont la langue de scolarisation première n&rsquo;est pas le français et scolarisé sur le territoire français depuis moins de 12 mois</p>
<p>[/et_pb_text][et_pb_text _builder_version= »4.27.4&Prime; _module_preset= »default » text_orientation= »justified » global_colors_info= »{} »]</p>
<p>Les élèves allophones nouvellement arrivés (EANA) sont des élèves de droit commun soumis à l&rsquo;obligation scolaire.</p>
<p>La circulaire nationale de 2012 établit un cadre clair pour la scolarisation de ces élèves, affirmant le principe d&rsquo;inclusion au sein du système éducatif français. Elle souligne l&rsquo;importance de l&rsquo;accueil, de l&rsquo;évaluation des acquis à l&rsquo;arrivée et de l&rsquo;accompagnement adapté à ces élèves qui présentent des besoins linguistiques spécifiques. L&rsquo;inclusion en classe ordinaire constitue la modalité principale de scolaration associée à un enseignement intensif du Français Langue seconde (FLS) au sein des unités pédagogiques pour élèves allophones arrivants (UPE2A).</p>
<p>[/et_pb_text][/et_pb_column][et_pb_column type= »1_2&Prime; _builder_version= »4.27.4&Prime; _module_preset= »default » global_colors_info= »{} »][et_pb_image src= »http://www.pedagogie.ac-nice.fr/casnav/wp-content/uploads/sites/67/2025/04/EANA.png » title_text= »EANA » align= »center » _builder_version= »4.27.4&Prime; _module_preset= »default » custom_margin= »|-1px|||| » custom_padding= »|97px|0px||| » hover_enabled= »0&Prime; global_colors_info= »{} » sticky_enabled= »0&Prime;][/et_pb_image][et_pb_button button_url= »https://www.education.gouv.fr/bo/12/Hebdo37/MENE1234231C.htm?cid_bo=61536&Prime; url_new_window= »on » button_text= »La circulaire nationale  : modalités de scolarisation des EANA » _builder_version= »4.27.4&Prime; _module_preset= »default » custom_button= »on » button_text_color= »#1FD7E0&Prime; custom_margin= »-13px||||false|false » locked= »off » global_colors_info= »{} »][/et_pb_button][/et_pb_column][/et_pb_row][/et_pb_section][et_pb_section fb_built= »1&Prime; _builder_version= »4.27.4&Prime; _module_preset= »default » custom_padding= »23px||||| » global_colors_info= »{} »][et_pb_row column_structure= »1_2,1_2&Prime; _builder_version= »4.27.4&Prime; _module_preset= »default » custom_padding= »8px||||| » global_colors_info= »{} »][et_pb_column type= »1_2&Prime; _builder_version= »4.27.4&Prime; _module_preset= »default » global_colors_info= »{} »][et_pb_text _builder_version= »4.27.4&Prime; _module_preset= »default » global_colors_info= »{} »]</p>
<p>La circulaire de rentrée précise les modalités d’accueil et de scolarisation des élèves allophones (EANA) et enfants de voyageurs (EFIV) mises en oeuvre dans l’académie de Nice</p>
<p>[/et_pb_text][/et_pb_column][et_pb_column type= »1_2&Prime; _builder_version= »4.27.4&Prime; _module_preset= »default » global_colors_info= »{} »][et_pb_button button_url= »@ET-DC@eyJkeW5hbWljIjp0cnVlLCJjb250ZW50IjoicG9zdF9saW5rX3VybF9hdHRhY2htZW50Iiwic2V0dGluZ3MiOnsicG9zdF9pZCI6IjE4MDIifX0=@ » url_new_window= »on » button_text= »La circulaire académique de rentrée » _builder_version= »4.27.4&Prime; _dynamic_attributes= »button_url » _module_preset= »default » custom_button= »on » button_text_color= »#1FD7E0&Prime; custom_margin= »7px||||false|false » locked= »off » global_colors_info= »{} »][/et_pb_button][/et_pb_column][/et_pb_row][/et_pb_section][et_pb_section fb_built= »1&Prime; _builder_version= »4.27.4&Prime; _module_preset= »default » custom_padding= »2px||||| » global_colors_info= »{} »][et_pb_row column_structure= »1_2,1_2&Prime; _builder_version= »4.27.4&Prime; _module_preset= »default » global_colors_info= »{} »][et_pb_column type= »1_2&Prime; _builder_version= »4.27.4&Prime; _module_preset= »default » global_colors_info= »{} »][et_pb_text _builder_version= »4.27.4&Prime; _module_preset= »default » global_colors_info= »{} »]</p>
<p>La liste des dispositifs UPE2A et les précisions à destination des parents d&rsquo;élèves se trouvent sur la page académique dédiée.</p>
<p>[/et_pb_text][/et_pb_column][et_pb_column type= »1_2&Prime; _builder_version= »4.27.4&Prime; _module_preset= »default » global_colors_info= »{} »][et_pb_button button_url= »https://www.ac-nice.fr/eleves-allophones-enfants-familles-itinerantes » url_new_window= »on » button_text= »accéder à la page académique » _builder_version= »4.27.4&Prime; _module_preset= »default » custom_button= »on » button_text_color= »#1FD7E0&Prime; custom_margin= »5px||||false|false » custom_padding= »1px||||| » animation_style= »fold » locked= »off » global_colors_info= »{} »][/et_pb_button][/et_pb_column][/et_pb_row][/et_pb_section]</p>

<p>Est considéré comme élève allophone nouvellement arrivé (EANA), un élève dont la langue de scolarisation première n&rsquo;est pas le français et scolarisé sur le territoire français depuis moins de 12 moisLes élèves allophones nouvellement arrivés (EANA) sont des élèves de droit commun soumis à l&rsquo;obligation scolaire. La circulaire nationale de 2012 établit un cadre clair [&hellip;]</p>

Est considéré comme élève allophone nouvellement arrivé (EANA), un élève dont la langue de scolarisation première n'est pas le français et scolarisé sur le territoire français depuis moins de 12 moisLes élèves allophones nouvellement arrivés (EANA) sont des élèves de droit commun soumis à l'obligation scolaire. La circulaire nationale de 2012 établit un cadre clair…
