{"id":1081,"date":"2024-06-10T15:53:30","date_gmt":"2024-06-10T13:53:30","guid":{"rendered":"https:\/\/www.pedagogie.ac-nice.fr\/casnav\/?page_id=1081"},"modified":"2025-04-18T16:35:03","modified_gmt":"2025-04-18T14:35:03","slug":"scolarisation-des-efiv","status":"publish","type":"page","link":"https:\/\/www.pedagogie.ac-nice.fr\/casnav\/scolarisation-des-efiv\/","title":{"rendered":"Scolarisation des EFIV"},"content":{"rendered":"<p>[et_pb_section fb_built=\u00a0\u00bb1&Prime; _builder_version=\u00a0\u00bb4.27.4&Prime; _module_preset=\u00a0\u00bbdefault\u00a0\u00bb custom_padding=\u00a0\u00bb0px|||||\u00a0\u00bb global_colors_info=\u00a0\u00bb{}\u00a0\u00bb][et_pb_row column_structure=\u00a0\u00bb1_2,1_2&Prime; _builder_version=\u00a0\u00bb4.27.4&Prime; _module_preset=\u00a0\u00bbdefault\u00a0\u00bb global_colors_info=\u00a0\u00bb{}\u00a0\u00bb custom_margin=\u00a0\u00bb|auto|-24px|auto||\u00a0\u00bb][et_pb_column type=\u00a0\u00bb1_2&Prime; _builder_version=\u00a0\u00bb4.27.4&Prime; _module_preset=\u00a0\u00bbdefault\u00a0\u00bb global_colors_info=\u00a0\u00bb{}\u00a0\u00bb][et_pb_text _builder_version=\u00a0\u00bb4.27.4&Prime; _module_preset=\u00a0\u00bbdefault\u00a0\u00bb text_orientation=\u00a0\u00bbjustified\u00a0\u00bb global_colors_info=\u00a0\u00bb{}\u00a0\u00bb]<\/p>\n<p>Les Enfants de Familles Itin\u00e9rantes et de Voyageurs correspondent \u00e0 un large public.\u00a0La circulaire nationale qui d\u00e9finit le cadre de la scolarisation de ces \u00e9l\u00e8ves pr\u00e9cise qu&rsquo;il s&rsquo;agit d&rsquo;enfants \u00ab issus de familles itin\u00e9rantes et de familles s\u00e9dentaris\u00e9es depuis peu, ayant un mode de relation discontinu \u00e0 l&rsquo;\u00e9cole \u00bb.<\/p>\n<p>Sont concern\u00e9s les \u00e9l\u00e8ves vivant dans des familles dont les d\u00e9placements ne favorisent pas, ou n&rsquo;ont pas favoris\u00e9 &#8211; si la famille est s\u00e9dentaris\u00e9e depuis peu &#8211; la continuit\u00e9 scolaire et les apprentissages.<\/p>\n<p>La scolarisation des enfants issus de familles itin\u00e9rantes ou de voyageurs s&rsquo;effectue dans les \u00e9coles et les \u00e9tablissements du secteur du lieu de stationnement. Le CASNAV accompagne la scolarisation des EFIV aupr\u00e8s des familles, des \u00e9quipes p\u00e9dagogiques, des partenaires institutionnels et associatifs.<\/p>\n<p>En fonction de leurs besoins, des dispositifs sp\u00e9cifiques permettent de soutenir leurs apprentissages dans le premier degr\u00e9 et en coll\u00e8ge.<\/p>\n<p>[\/et_pb_text][\/et_pb_column][et_pb_column type=\u00a0\u00bb1_2&Prime; _builder_version=\u00a0\u00bb4.27.4&Prime; _module_preset=\u00a0\u00bbdefault\u00a0\u00bb global_colors_info=\u00a0\u00bb{}\u00a0\u00bb][et_pb_image src=\u00a0\u00bbhttp:\/\/www.pedagogie.ac-nice.fr\/casnav\/wp-content\/uploads\/sites\/67\/2025\/04\/EFIV.png\u00a0\u00bb title_text=\u00a0\u00bbEFIV\u00a0\u00bb _builder_version=\u00a0\u00bb4.27.4&Prime; _module_preset=\u00a0\u00bbdefault\u00a0\u00bb global_colors_info=\u00a0\u00bb{}\u00a0\u00bb][\/et_pb_image][et_pb_button button_url=\u00a0\u00bbhttps:\/\/www.education.gouv.fr\/bo\/12\/Hebdo37\/MENE1234232C.htm?cid_bo=61529&Prime; url_new_window=\u00a0\u00bbon\u00a0\u00bb button_text=\u00a0\u00bbConsulter le texte officiel\u00a0\u00bb _builder_version=\u00a0\u00bb4.27.4&Prime; _module_preset=\u00a0\u00bbdefault\u00a0\u00bb custom_button=\u00a0\u00bbon\u00a0\u00bb button_text_color=\u00a0\u00bb#1FD7E0&Prime; hover_enabled=\u00a0\u00bb0&Prime; global_colors_info=\u00a0\u00bb{}\u00a0\u00bb sticky_enabled=\u00a0\u00bb0&Prime;][\/et_pb_button][\/et_pb_column][\/et_pb_row][\/et_pb_section][et_pb_section fb_built=\u00a0\u00bb1&Prime; theme_builder_area=\u00a0\u00bbpost_content\u00a0\u00bb _builder_version=\u00a0\u00bb4.27.4&Prime; _module_preset=\u00a0\u00bbdefault\u00a0\u00bb custom_padding=\u00a0\u00bb0px|||||\u00a0\u00bb][et_pb_row _builder_version=\u00a0\u00bb4.27.4&Prime; _module_preset=\u00a0\u00bbdefault\u00a0\u00bb column_structure=\u00a0\u00bb1_2,1_2&Prime; theme_builder_area=\u00a0\u00bbpost_content\u00a0\u00bb][et_pb_column _builder_version=\u00a0\u00bb4.27.4&Prime; _module_preset=\u00a0\u00bbdefault\u00a0\u00bb type=\u00a0\u00bb1_2&Prime; theme_builder_area=\u00a0\u00bbpost_content\u00a0\u00bb][et_pb_image src=\u00a0\u00bbhttp:\/\/www.pedagogie.ac-nice.fr\/casnav\/wp-content\/uploads\/sites\/67\/2025\/04\/reperes.png\u00a0\u00bb _builder_version=\u00a0\u00bb4.27.4&Prime; _module_preset=\u00a0\u00bbdefault\u00a0\u00bb theme_builder_area=\u00a0\u00bbpost_content\u00a0\u00bb title_text=\u00a0\u00bbrep\u00e8res\u00a0\u00bb hover_enabled=\u00a0\u00bb0&Prime; sticky_enabled=\u00a0\u00bb0&Prime; url=\u00a0\u00bbhttps:\/\/eduscol.education.fr\/document\/59965\/download?attachment\u00a0\u00bb url_new_window=\u00a0\u00bbon\u00a0\u00bb align=\u00a0\u00bbcenter\u00a0\u00bb][\/et_pb_image][\/et_pb_column][et_pb_column _builder_version=\u00a0\u00bb4.27.4&Prime; _module_preset=\u00a0\u00bbdefault\u00a0\u00bb type=\u00a0\u00bb1_2&Prime; theme_builder_area=\u00a0\u00bbpost_content\u00a0\u00bb][et_pb_text _builder_version=\u00a0\u00bb4.27.4&Prime; _module_preset=\u00a0\u00bbdefault\u00a0\u00bb theme_builder_area=\u00a0\u00bbpost_content\u00a0\u00bb hover_enabled=\u00a0\u00bb0&Prime; sticky_enabled=\u00a0\u00bb0&Prime;]<\/p>\n<p>R\u00e9actualis\u00e9 en juillet 2024, le guide Eduscol \u00ab\u00a0Rep\u00e8res sur la scolarisation des \u00e9l\u00e8ves issus de familles itin\u00e9rantes et de voyageurs (EFIV)\u00a0\u00bb propose des fiches pratiques permettant d\u2019identifier les enjeux li\u00e9s \u00e0 la scolarisation de ce public et de proposer des r\u00e9ponses adapt\u00e9es.<\/p>\n<p>Le Casnav de Nice \u0153uvre pour encourager\u00a0:<\/p>\n<ul>\n<li>Les d\u00e9marches permettant de consolider le lien de confiance entre les familles et l\u2019\u00e9cole<\/li>\n<li>La scolarisation d\u00e8s la petite section de maternelle<\/li>\n<li>L\u2019assiduit\u00e9 scolaire<\/li>\n<li>Le renforcement de la scolarisation au coll\u00e8ge<\/li>\n<li>La formation des \u00e9quipes \u00e9ducatives et p\u00e9dagogiques \u00e0 l\u2019accompagnement des EFIV<\/li>\n<\/ul>\n<p>[\/et_pb_text][\/et_pb_column][\/et_pb_row][\/et_pb_section]<\/p>\n","protected":false},"excerpt":{"rendered":"<p>Les Enfants de Familles Itin\u00e9rantes et de Voyageurs correspondent \u00e0 un large public.\u00a0La circulaire nationale qui d\u00e9finit le cadre de la scolarisation de ces \u00e9l\u00e8ves pr\u00e9cise qu&rsquo;il s&rsquo;agit d&rsquo;enfants \u00ab issus de familles itin\u00e9rantes et de familles s\u00e9dentaris\u00e9es depuis peu, ayant un mode de relation discontinu \u00e0 l&rsquo;\u00e9cole \u00bb. Sont concern\u00e9s les \u00e9l\u00e8ves vivant dans [&hellip;]<\/p>\n","protected":false},"author":483,"featured_media":0,"parent":0,"menu_order":0,"comment_status":"closed","ping_status":"closed","template":"","meta":{"_et_pb_use_builder":"on","_et_pb_old_content":"","_et_gb_content_width":"","footnotes":""},"class_list":["post-1081","page","type-page","status-publish","hentry"],"rttpg_featured_image_url":null,"rttpg_author":{"display_name":"Admin_CASNAV","author_link":"https:\/\/www.pedagogie.ac-nice.fr\/casnav\/author\/oceane\/"},"rttpg_comment":0,"rttpg_category":null,"rttpg_excerpt":"Les Enfants de Familles Itin\u00e9rantes et de Voyageurs correspondent \u00e0 un large public.\u00a0La circulaire nationale qui d\u00e9finit le cadre de la scolarisation de ces \u00e9l\u00e8ves pr\u00e9cise qu'il s'agit d'enfants \u00ab issus de familles itin\u00e9rantes et de familles s\u00e9dentaris\u00e9es depuis peu, ayant un mode de relation discontinu \u00e0 l'\u00e9cole \u00bb. Sont concern\u00e9s les \u00e9l\u00e8ves vivant dans\u2026","post_mailing_queue_ids":[],"_links":{"self":[{"href":"https:\/\/www.pedagogie.ac-nice.fr\/casnav\/wp-json\/wp\/v2\/pages\/1081","targetHints":{"allow":["GET"]}}],"collection":[{"href":"https:\/\/www.pedagogie.ac-nice.fr\/casnav\/wp-json\/wp\/v2\/pages"}],"about":[{"href":"https:\/\/www.pedagogie.ac-nice.fr\/casnav\/wp-json\/wp\/v2\/types\/page"}],"author":[{"embeddable":true,"href":"https:\/\/www.pedagogie.ac-nice.fr\/casnav\/wp-json\/wp\/v2\/users\/483"}],"replies":[{"embeddable":true,"href":"https:\/\/www.pedagogie.ac-nice.fr\/casnav\/wp-json\/wp\/v2\/comments?post=1081"}],"version-history":[{"count":9,"href":"https:\/\/www.pedagogie.ac-nice.fr\/casnav\/wp-json\/wp\/v2\/pages\/1081\/revisions"}],"predecessor-version":[{"id":1854,"href":"https:\/\/www.pedagogie.ac-nice.fr\/casnav\/wp-json\/wp\/v2\/pages\/1081\/revisions\/1854"}],"wp:attachment":[{"href":"https:\/\/www.pedagogie.ac-nice.fr\/casnav\/wp-json\/wp\/v2\/media?parent=1081"}],"curies":[{"name":"wp","href":"https:\/\/api.w.org\/{rel}","templated":true}]}}

<p>[et_pb_section fb_built= »1&Prime; _builder_version= »4.27.4&Prime; _module_preset= »default » custom_padding= »0px||||| » global_colors_info= »{} »][et_pb_row column_structure= »1_2,1_2&Prime; _builder_version= »4.27.4&Prime; _module_preset= »default » global_colors_info= »{} » custom_margin= »|auto|-24px|auto|| »][et_pb_column type= »1_2&Prime; _builder_version= »4.27.4&Prime; _module_preset= »default » global_colors_info= »{} »][et_pb_text _builder_version= »4.27.4&Prime; _module_preset= »default » text_orientation= »justified » global_colors_info= »{} »]</p>
<p>Les Enfants de Familles Itinérantes et de Voyageurs correspondent à un large public. La circulaire nationale qui définit le cadre de la scolarisation de ces élèves précise qu&rsquo;il s&rsquo;agit d&rsquo;enfants « issus de familles itinérantes et de familles sédentarisées depuis peu, ayant un mode de relation discontinu à l&rsquo;école ».</p>
<p>Sont concernés les élèves vivant dans des familles dont les déplacements ne favorisent pas, ou n&rsquo;ont pas favorisé &#8211; si la famille est sédentarisée depuis peu &#8211; la continuité scolaire et les apprentissages.</p>
<p>La scolarisation des enfants issus de familles itinérantes ou de voyageurs s&rsquo;effectue dans les écoles et les établissements du secteur du lieu de stationnement. Le CASNAV accompagne la scolarisation des EFIV auprès des familles, des équipes pédagogiques, des partenaires institutionnels et associatifs.</p>
<p>En fonction de leurs besoins, des dispositifs spécifiques permettent de soutenir leurs apprentissages dans le premier degré et en collège.</p>
<p>[/et_pb_text][/et_pb_column][et_pb_column type= »1_2&Prime; _builder_version= »4.27.4&Prime; _module_preset= »default » global_colors_info= »{} »][et_pb_image src= »http://www.pedagogie.ac-nice.fr/casnav/wp-content/uploads/sites/67/2025/04/EFIV.png » title_text= »EFIV » _builder_version= »4.27.4&Prime; _module_preset= »default » global_colors_info= »{} »][/et_pb_image][et_pb_button button_url= »https://www.education.gouv.fr/bo/12/Hebdo37/MENE1234232C.htm?cid_bo=61529&Prime; url_new_window= »on » button_text= »Consulter le texte officiel » _builder_version= »4.27.4&Prime; _module_preset= »default » custom_button= »on » button_text_color= »#1FD7E0&Prime; hover_enabled= »0&Prime; global_colors_info= »{} » sticky_enabled= »0&Prime;][/et_pb_button][/et_pb_column][/et_pb_row][/et_pb_section][et_pb_section fb_built= »1&Prime; theme_builder_area= »post_content » _builder_version= »4.27.4&Prime; _module_preset= »default » custom_padding= »0px||||| »][et_pb_row _builder_version= »4.27.4&Prime; _module_preset= »default » column_structure= »1_2,1_2&Prime; theme_builder_area= »post_content »][et_pb_column _builder_version= »4.27.4&Prime; _module_preset= »default » type= »1_2&Prime; theme_builder_area= »post_content »][et_pb_image src= »http://www.pedagogie.ac-nice.fr/casnav/wp-content/uploads/sites/67/2025/04/reperes.png » _builder_version= »4.27.4&Prime; _module_preset= »default » theme_builder_area= »post_content » title_text= »repères » hover_enabled= »0&Prime; sticky_enabled= »0&Prime; url= »https://eduscol.education.fr/document/59965/download?attachment » url_new_window= »on » align= »center »][/et_pb_image][/et_pb_column][et_pb_column _builder_version= »4.27.4&Prime; _module_preset= »default » type= »1_2&Prime; theme_builder_area= »post_content »][et_pb_text _builder_version= »4.27.4&Prime; _module_preset= »default » theme_builder_area= »post_content » hover_enabled= »0&Prime; sticky_enabled= »0&Prime;]</p>
<p>Réactualisé en juillet 2024, le guide Eduscol « Repères sur la scolarisation des élèves issus de familles itinérantes et de voyageurs (EFIV) » propose des fiches pratiques permettant d’identifier les enjeux liés à la scolarisation de ce public et de proposer des réponses adaptées.</p>
<p>Le Casnav de Nice œuvre pour encourager :</p>
<ul>
<li>Les démarches permettant de consolider le lien de confiance entre les familles et l’école</li>
<li>La scolarisation dès la petite section de maternelle</li>
<li>L’assiduité scolaire</li>
<li>Le renforcement de la scolarisation au collège</li>
<li>La formation des équipes éducatives et pédagogiques à l’accompagnement des EFIV</li>
</ul>
<p>[/et_pb_text][/et_pb_column][/et_pb_row][/et_pb_section]</p>

<p>Les Enfants de Familles Itinérantes et de Voyageurs correspondent à un large public. La circulaire nationale qui définit le cadre de la scolarisation de ces élèves précise qu&rsquo;il s&rsquo;agit d&rsquo;enfants « issus de familles itinérantes et de familles sédentarisées depuis peu, ayant un mode de relation discontinu à l&rsquo;école ». Sont concernés les élèves vivant dans [&hellip;]</p>

Les Enfants de Familles Itinérantes et de Voyageurs correspondent à un large public. La circulaire nationale qui définit le cadre de la scolarisation de ces élèves précise qu'il s'agit d'enfants « issus de familles itinérantes et de familles sédentarisées depuis peu, ayant un mode de relation discontinu à l'école ». Sont concernés les élèves vivant dans…
