{"id":1093,"date":"2024-06-10T15:57:22","date_gmt":"2024-06-10T13:57:22","guid":{"rendered":"https:\/\/www.pedagogie.ac-nice.fr\/casnav\/?page_id=1093"},"modified":"2025-04-23T22:37:27","modified_gmt":"2025-04-23T20:37:27","slug":"ouvrir-lecole-aux-parents","status":"publish","type":"page","link":"https:\/\/www.pedagogie.ac-nice.fr\/casnav\/ouvrir-lecole-aux-parents\/","title":{"rendered":"Ouvrir l&rsquo;\u00e9cole aux parents"},"content":{"rendered":"<p>[et_pb_section fb_built=\u00a0\u00bb1&Prime; _builder_version=\u00a0\u00bb4.27.4&Prime; _module_preset=\u00a0\u00bbdefault\u00a0\u00bb custom_padding=\u00a0\u00bb0px||0px|||\u00a0\u00bb global_colors_info=\u00a0\u00bb{}\u00a0\u00bb][et_pb_row column_structure=\u00a0\u00bb3_5,2_5&Prime; _builder_version=\u00a0\u00bb4.27.4&Prime; _module_preset=\u00a0\u00bbdefault\u00a0\u00bb min_height=\u00a0\u00bb443.5px\u00a0\u00bb custom_padding=\u00a0\u00bb3px|||||\u00a0\u00bb hover_enabled=\u00a0\u00bb0&Prime; global_colors_info=\u00a0\u00bb{}\u00a0\u00bb sticky_enabled=\u00a0\u00bb0&Prime;][et_pb_column type=\u00a0\u00bb3_5&Prime; _builder_version=\u00a0\u00bb4.27.4&Prime; _module_preset=\u00a0\u00bbdefault\u00a0\u00bb global_colors_info=\u00a0\u00bb{}\u00a0\u00bb][et_pb_text _builder_version=\u00a0\u00bb4.27.4&Prime; _module_preset=\u00a0\u00bbdefault\u00a0\u00bb hover_enabled=\u00a0\u00bb0&Prime; global_colors_info=\u00a0\u00bb{}\u00a0\u00bb text_font_size=\u00a0\u00bb15px\u00a0\u00bb sticky_enabled=\u00a0\u00bb0&Prime;]<\/p>\n<p>Les ateliers \u00ab\u00a0Ouvrir l\u2019\u00e9cole aux parents pour la r\u00e9ussite des enfants\u00a0\u00bb permettent d\u2019outiller les parents allophones ou en cours de ma\u00eetrise de la langue fran\u00e7aise afin de leur faciliter le suivi scolaire de leurs enfants et la communication avec les \u00e9quipes \u00e9ducatives.<\/p>\n<p>3 axes d\u2019apprentissages y sont privil\u00e9gi\u00e9s<\/p>\n<ol>\n<li>\u2013 l\u2019acquisition de la langue fran\u00e7aise (\u00e0 l\u2019oral et \u00e0 l\u2019\u00e9crit)<\/li>\n<li>\u2013 la connaissance du fonctionnement de l\u2019\u00e9cole (attentes scolaires, etc.)<\/li>\n<li>\u2013 la connaissances des valeurs r\u00e9publicaines et usages sociaux<\/li>\n<\/ol>\n<p>Ces ateliers se d\u00e9roulent dans des structures scolaires, souvent sur temps scolaire. Ils sont gratuits pour les parents et anim\u00e9s par des enseignants actifs ou retrait\u00e9s, ainsi que par des intervenants sp\u00e9cialis\u00e9s en FLE issus d\u2019associations.<\/p>\n<p>Le Casnav accompagne les directions d\u2019\u00e9coles et chefs d\u2019\u00e9tablissement pour ouvrir un atelier. Il anime le r\u00e9seau des intervenants et organise des points d\u2019\u00e9tape r\u00e9guliers.<\/p>\n<p>[\/et_pb_text][\/et_pb_column][et_pb_column type=\u00a0\u00bb2_5&Prime; _builder_version=\u00a0\u00bb4.27.4&Prime; _module_preset=\u00a0\u00bbdefault\u00a0\u00bb global_colors_info=\u00a0\u00bb{}\u00a0\u00bb][et_pb_image src=\u00a0\u00bbhttp:\/\/www.pedagogie.ac-nice.fr\/casnav\/wp-content\/uploads\/sites\/67\/2025\/03\/flyers_oepre_b1.png\u00a0\u00bb title_text=\u00a0\u00bbOEPRE\u00a0\u00bb align=\u00a0\u00bbcenter\u00a0\u00bb _builder_version=\u00a0\u00bb4.27.4&Prime; _module_preset=\u00a0\u00bbdefault\u00a0\u00bb width=\u00a0\u00bb63.8%\u00a0\u00bb global_colors_info=\u00a0\u00bb{}\u00a0\u00bb][\/et_pb_image][\/et_pb_column][\/et_pb_row][\/et_pb_section][et_pb_section fb_built=\u00a0\u00bb1&Prime; _builder_version=\u00a0\u00bb4.27.4&Prime; _module_preset=\u00a0\u00bbdefault\u00a0\u00bb min_height=\u00a0\u00bb214.4px\u00a0\u00bb custom_padding=\u00a0\u00bb0px||35px|||\u00a0\u00bb global_colors_info=\u00a0\u00bb{}\u00a0\u00bb][et_pb_row _builder_version=\u00a0\u00bb4.27.4&Prime; _module_preset=\u00a0\u00bbdefault\u00a0\u00bb min_height=\u00a0\u00bb39.3px\u00a0\u00bb global_colors_info=\u00a0\u00bb{}\u00a0\u00bb][et_pb_column type=\u00a0\u00bb4_4&Prime; _builder_version=\u00a0\u00bb4.27.4&Prime; _module_preset=\u00a0\u00bbdefault\u00a0\u00bb global_colors_info=\u00a0\u00bb{}\u00a0\u00bb][et_pb_text _builder_version=\u00a0\u00bb4.27.4&Prime; _module_preset=\u00a0\u00bbdefault\u00a0\u00bb global_colors_info=\u00a0\u00bb{}\u00a0\u00bb]<\/p>\n<p>Dans l\u2019Acad\u00e9mie de Nice, 44 ateliers sont disponibles\u00a0:<\/p>\n<p>[\/et_pb_text][\/et_pb_column][\/et_pb_row][et_pb_row _builder_version=\u00a0\u00bb4.27.4&Prime; _module_preset=\u00a0\u00bbdefault\u00a0\u00bb custom_padding=\u00a0\u00bb0px||0px|||\u00a0\u00bb global_colors_info=\u00a0\u00bb{}\u00a0\u00bb][et_pb_column type=\u00a0\u00bb4_4&Prime; _builder_version=\u00a0\u00bb4.27.4&Prime; _module_preset=\u00a0\u00bbdefault\u00a0\u00bb global_colors_info=\u00a0\u00bb{}\u00a0\u00bb][et_pb_code _builder_version=\u00a0\u00bb4.27.4&Prime; _module_preset=\u00a0\u00bbdefault\u00a0\u00bb global_colors_info=\u00a0\u00bb{}\u00a0\u00bb]<iframe loading=\"lazy\" width=\"100%\" height=\"300px\" frameborder=\"0\" allowfullscreen allow=\"geolocation\" src=\"\/\/umap.openstreetmap.fr\/fr\/map\/oepre-academie-de-nice_1145238?scaleControl=false&#038;miniMap=false&#038;scrollWheelZoom=false&#038;zoomControl=true&#038;editMode=disabled&#038;moreControl=true&#038;searchControl=null&#038;tilelayersControl=null&#038;embedControl=null&#038;datalayersControl=true&#038;onLoadPanel=datalayers&#038;captionBar=false&#038;captionMenus=true\"><\/iframe><pee><a href=\"\/\/umap.openstreetmap.fr\/fr\/map\/oepre-academie-de-nice_1145238?scaleControl=false&#038;miniMap=false&#038;scrollWheelZoom=true&#038;zoomControl=true&#038;editMode=disabled&#038;moreControl=true&#038;searchControl=null&#038;tilelayersControl=null&#038;embedControl=null&#038;datalayersControl=true&#038;onLoadPanel=datalayers&#038;captionBar=false&#038;captionMenus=true\">Voir en plein \u00e9cran<\/a><\/pee>[\/et_pb_code][\/et_pb_column][\/et_pb_row][\/et_pb_section][et_pb_section fb_built=\u00a0\u00bb1&Prime; _builder_version=\u00a0\u00bb4.27.4&Prime; _module_preset=\u00a0\u00bbdefault\u00a0\u00bb custom_padding=\u00a0\u00bb0px|||||\u00a0\u00bb global_colors_info=\u00a0\u00bb{}\u00a0\u00bb][et_pb_row _builder_version=\u00a0\u00bb4.27.4&Prime; _module_preset=\u00a0\u00bbdefault\u00a0\u00bb custom_padding=\u00a0\u00bb3px|||||\u00a0\u00bb global_colors_info=\u00a0\u00bb{}\u00a0\u00bb][et_pb_column type=\u00a0\u00bb4_4&Prime; _builder_version=\u00a0\u00bb4.27.4&Prime; _module_preset=\u00a0\u00bbdefault\u00a0\u00bb global_colors_info=\u00a0\u00bb{}\u00a0\u00bb][et_pb_code _builder_version=\u00a0\u00bb4.27.4&Prime; _module_preset=\u00a0\u00bbdefault\u00a0\u00bb global_colors_info=\u00a0\u00bb{}\u00a0\u00bb]<iframe loading=\"lazy\" src=\"https:\/\/digipad.app\/p\/1021084\/ce041d489851b\" frameborder=\"0\" width=\"100%\" height=\"500\"><\/iframe>[\/et_pb_code][et_pb_button button_text=\u00a0\u00bbOuvrir le digipad dans un nouvel onglet\u00a0\u00bb _builder_version=\u00a0\u00bb4.27.4&Prime; _module_preset=\u00a0\u00bbdefault\u00a0\u00bb button_url=\u00a0\u00bbhttps:\/\/digipad.app\/p\/1021084\/ce041d489851b\u00a0\u00bb url_new_window=\u00a0\u00bbon\u00a0\u00bb hover_enabled=\u00a0\u00bb0&Prime; sticky_enabled=\u00a0\u00bb0&Prime; custom_button=\u00a0\u00bbon\u00a0\u00bb button_text_color=\u00a0\u00bb#1FD7E0&Prime;][\/et_pb_button][\/et_pb_column][\/et_pb_row][\/et_pb_section]<\/p>\n","protected":false},"excerpt":{"rendered":"<p>Les ateliers \u00ab\u00a0Ouvrir l\u2019\u00e9cole aux parents pour la r\u00e9ussite des enfants\u00a0\u00bb permettent d\u2019outiller les parents allophones ou en cours de ma\u00eetrise de la langue fran\u00e7aise afin de leur faciliter le suivi scolaire de leurs enfants et la communication avec les \u00e9quipes \u00e9ducatives. 3 axes d\u2019apprentissages y sont privil\u00e9gi\u00e9s \u2013 l\u2019acquisition de la langue fran\u00e7aise (\u00e0 [&hellip;]<\/p>\n","protected":false},"author":483,"featured_media":0,"parent":0,"menu_order":0,"comment_status":"closed","ping_status":"closed","template":"","meta":{"_et_pb_use_builder":"on","_et_pb_old_content":"","_et_gb_content_width":"","footnotes":""},"class_list":["post-1093","page","type-page","status-publish","hentry"],"rttpg_featured_image_url":null,"rttpg_author":{"display_name":"Admin_CASNAV","author_link":"https:\/\/www.pedagogie.ac-nice.fr\/casnav\/author\/oceane\/"},"rttpg_comment":0,"rttpg_category":null,"rttpg_excerpt":"Les ateliers \u00ab\u00a0Ouvrir l\u2019\u00e9cole aux parents pour la r\u00e9ussite des enfants\u00a0\u00bb permettent d\u2019outiller les parents allophones ou en cours de ma\u00eetrise de la langue fran\u00e7aise afin de leur faciliter le suivi scolaire de leurs enfants et la communication avec les \u00e9quipes \u00e9ducatives. 3 axes d\u2019apprentissages y sont privil\u00e9gi\u00e9s \u2013 l\u2019acquisition de la langue fran\u00e7aise (\u00e0\u2026","post_mailing_queue_ids":[],"_links":{"self":[{"href":"https:\/\/www.pedagogie.ac-nice.fr\/casnav\/wp-json\/wp\/v2\/pages\/1093","targetHints":{"allow":["GET"]}}],"collection":[{"href":"https:\/\/www.pedagogie.ac-nice.fr\/casnav\/wp-json\/wp\/v2\/pages"}],"about":[{"href":"https:\/\/www.pedagogie.ac-nice.fr\/casnav\/wp-json\/wp\/v2\/types\/page"}],"author":[{"embeddable":true,"href":"https:\/\/www.pedagogie.ac-nice.fr\/casnav\/wp-json\/wp\/v2\/users\/483"}],"replies":[{"embeddable":true,"href":"https:\/\/www.pedagogie.ac-nice.fr\/casnav\/wp-json\/wp\/v2\/comments?post=1093"}],"version-history":[{"count":3,"href":"https:\/\/www.pedagogie.ac-nice.fr\/casnav\/wp-json\/wp\/v2\/pages\/1093\/revisions"}],"predecessor-version":[{"id":2107,"href":"https:\/\/www.pedagogie.ac-nice.fr\/casnav\/wp-json\/wp\/v2\/pages\/1093\/revisions\/2107"}],"wp:attachment":[{"href":"https:\/\/www.pedagogie.ac-nice.fr\/casnav\/wp-json\/wp\/v2\/media?parent=1093"}],"curies":[{"name":"wp","href":"https:\/\/api.w.org\/{rel}","templated":true}]}}

Ouvrir l&rsquo;école aux parents

<p>[et_pb_section fb_built= »1&Prime; _builder_version= »4.27.4&Prime; _module_preset= »default » custom_padding= »0px||0px||| » global_colors_info= »{} »][et_pb_row column_structure= »3_5,2_5&Prime; _builder_version= »4.27.4&Prime; _module_preset= »default » min_height= »443.5px » custom_padding= »3px||||| » hover_enabled= »0&Prime; global_colors_info= »{} » sticky_enabled= »0&Prime;][et_pb_column type= »3_5&Prime; _builder_version= »4.27.4&Prime; _module_preset= »default » global_colors_info= »{} »][et_pb_text _builder_version= »4.27.4&Prime; _module_preset= »default » hover_enabled= »0&Prime; global_colors_info= »{} » text_font_size= »15px » sticky_enabled= »0&Prime;]</p>
<p>Les ateliers « Ouvrir l’école aux parents pour la réussite des enfants » permettent d’outiller les parents allophones ou en cours de maîtrise de la langue française afin de leur faciliter le suivi scolaire de leurs enfants et la communication avec les équipes éducatives.</p>
<p>3 axes d’apprentissages y sont privilégiés</p>
<ol>
<li>– l’acquisition de la langue française (à l’oral et à l’écrit)</li>
<li>– la connaissance du fonctionnement de l’école (attentes scolaires, etc.)</li>
<li>– la connaissances des valeurs républicaines et usages sociaux</li>
</ol>
<p>Ces ateliers se déroulent dans des structures scolaires, souvent sur temps scolaire. Ils sont gratuits pour les parents et animés par des enseignants actifs ou retraités, ainsi que par des intervenants spécialisés en FLE issus d’associations.</p>
<p>Le Casnav accompagne les directions d’écoles et chefs d’établissement pour ouvrir un atelier. Il anime le réseau des intervenants et organise des points d’étape réguliers.</p>
<p>[/et_pb_text][/et_pb_column][et_pb_column type= »2_5&Prime; _builder_version= »4.27.4&Prime; _module_preset= »default » global_colors_info= »{} »][et_pb_image src= »http://www.pedagogie.ac-nice.fr/casnav/wp-content/uploads/sites/67/2025/03/flyers_oepre_b1.png » title_text= »OEPRE » align= »center » _builder_version= »4.27.4&Prime; _module_preset= »default » width= »63.8% » global_colors_info= »{} »][/et_pb_image][/et_pb_column][/et_pb_row][/et_pb_section][et_pb_section fb_built= »1&Prime; _builder_version= »4.27.4&Prime; _module_preset= »default » min_height= »214.4px » custom_padding= »0px||35px||| » global_colors_info= »{} »][et_pb_row _builder_version= »4.27.4&Prime; _module_preset= »default » min_height= »39.3px » global_colors_info= »{} »][et_pb_column type= »4_4&Prime; _builder_version= »4.27.4&Prime; _module_preset= »default » global_colors_info= »{} »][et_pb_text _builder_version= »4.27.4&Prime; _module_preset= »default » global_colors_info= »{} »]</p>
<p>Dans l’Académie de Nice, 44 ateliers sont disponibles :</p>
<p>[/et_pb_text][/et_pb_column][/et_pb_row][et_pb_row _builder_version= »4.27.4&Prime; _module_preset= »default » custom_padding= »0px||0px||| » global_colors_info= »{} »][et_pb_column type= »4_4&Prime; _builder_version= »4.27.4&Prime; _module_preset= »default » global_colors_info= »{} »][et_pb_code _builder_version= »4.27.4&Prime; _module_preset= »default » global_colors_info= »{} »]<iframe loading="lazy" width="100%" height="300px" frameborder="0" allowfullscreen allow="geolocation" src="//umap.openstreetmap.fr/fr/map/oepre-academie-de-nice_1145238?scaleControl=false&#038;miniMap=false&#038;scrollWheelZoom=false&#038;zoomControl=true&#038;editMode=disabled&#038;moreControl=true&#038;searchControl=null&#038;tilelayersControl=null&#038;embedControl=null&#038;datalayersControl=true&#038;onLoadPanel=datalayers&#038;captionBar=false&#038;captionMenus=true"></iframe><pee><a href="//umap.openstreetmap.fr/fr/map/oepre-academie-de-nice_1145238?scaleControl=false&#038;miniMap=false&#038;scrollWheelZoom=true&#038;zoomControl=true&#038;editMode=disabled&#038;moreControl=true&#038;searchControl=null&#038;tilelayersControl=null&#038;embedControl=null&#038;datalayersControl=true&#038;onLoadPanel=datalayers&#038;captionBar=false&#038;captionMenus=true">Voir en plein écran</a></pee>[/et_pb_code][/et_pb_column][/et_pb_row][/et_pb_section][et_pb_section fb_built= »1&Prime; _builder_version= »4.27.4&Prime; _module_preset= »default » custom_padding= »0px||||| » global_colors_info= »{} »][et_pb_row _builder_version= »4.27.4&Prime; _module_preset= »default » custom_padding= »3px||||| » global_colors_info= »{} »][et_pb_column type= »4_4&Prime; _builder_version= »4.27.4&Prime; _module_preset= »default » global_colors_info= »{} »][et_pb_code _builder_version= »4.27.4&Prime; _module_preset= »default » global_colors_info= »{} »]<iframe loading="lazy" src="https://digipad.app/p/1021084/ce041d489851b" frameborder="0" width="100%" height="500"></iframe>[/et_pb_code][et_pb_button button_text= »Ouvrir le digipad dans un nouvel onglet » _builder_version= »4.27.4&Prime; _module_preset= »default » button_url= »https://digipad.app/p/1021084/ce041d489851b » url_new_window= »on » hover_enabled= »0&Prime; sticky_enabled= »0&Prime; custom_button= »on » button_text_color= »#1FD7E0&Prime;][/et_pb_button][/et_pb_column][/et_pb_row][/et_pb_section]</p>

<p>Les ateliers « Ouvrir l’école aux parents pour la réussite des enfants » permettent d’outiller les parents allophones ou en cours de maîtrise de la langue française afin de leur faciliter le suivi scolaire de leurs enfants et la communication avec les équipes éducatives. 3 axes d’apprentissages y sont privilégiés – l’acquisition de la langue française (à [&hellip;]</p>

Les ateliers « Ouvrir l’école aux parents pour la réussite des enfants » permettent d’outiller les parents allophones ou en cours de maîtrise de la langue française afin de leur faciliter le suivi scolaire de leurs enfants et la communication avec les équipes éducatives. 3 axes d’apprentissages y sont privilégiés – l’acquisition de la langue française (à…
