{"id":1101,"date":"2024-06-10T15:59:46","date_gmt":"2024-06-10T13:59:46","guid":{"rendered":"https:\/\/www.pedagogie.ac-nice.fr\/casnav\/?page_id=1101"},"modified":"2025-04-19T14:59:43","modified_gmt":"2025-04-19T12:59:43","slug":"en-ups","status":"publish","type":"page","link":"https:\/\/www.pedagogie.ac-nice.fr\/casnav\/en-ups\/","title":{"rendered":"Aupr\u00e8s des EFIV"},"content":{"rendered":"<p>[et_pb_section fb_built=\u00a0\u00bb1&Prime; theme_builder_area=\u00a0\u00bbpost_content\u00a0\u00bb _builder_version=\u00a0\u00bb4.27.4&Prime; _module_preset=\u00a0\u00bbdefault\u00a0\u00bb custom_padding=\u00a0\u00bb0px|||||\u00a0\u00bb][et_pb_row _builder_version=\u00a0\u00bb4.27.4&Prime; _module_preset=\u00a0\u00bbdefault\u00a0\u00bb theme_builder_area=\u00a0\u00bbpost_content\u00a0\u00bb custom_padding=\u00a0\u00bb0px|||||\u00a0\u00bb custom_margin=\u00a0\u00bb-11px|auto||auto||\u00a0\u00bb][et_pb_column _builder_version=\u00a0\u00bb4.27.4&Prime; _module_preset=\u00a0\u00bbdefault\u00a0\u00bb type=\u00a0\u00bb4_4&Prime; theme_builder_area=\u00a0\u00bbpost_content\u00a0\u00bb][et_pb_text _builder_version=\u00a0\u00bb4.27.4&Prime; _module_preset=\u00a0\u00bbdefault\u00a0\u00bb theme_builder_area=\u00a0\u00bbpost_content\u00a0\u00bb hover_enabled=\u00a0\u00bb0&Prime; sticky_enabled=\u00a0\u00bb0&Prime;]<\/p>\n<p>Ressources sp\u00e9cifiques d\u00e9di\u00e9es \u00e0 l&rsquo;accompagnement des \u00e9l\u00e8ves issus de familles itin\u00e9rantes et de voyageurs (EFIV)<\/p>\n<p>[\/et_pb_text][\/et_pb_column][\/et_pb_row][et_pb_row _builder_version=\u00a0\u00bb4.27.4&Prime; _module_preset=\u00a0\u00bbdefault\u00a0\u00bb column_structure=\u00a0\u00bb3_5,2_5&Prime; theme_builder_area=\u00a0\u00bbpost_content\u00a0\u00bb][et_pb_column _builder_version=\u00a0\u00bb4.27.4&Prime; _module_preset=\u00a0\u00bbdefault\u00a0\u00bb type=\u00a0\u00bb3_5&Prime; theme_builder_area=\u00a0\u00bbpost_content\u00a0\u00bb][et_pb_text _builder_version=\u00a0\u00bb4.27.4&Prime; _module_preset=\u00a0\u00bbdefault\u00a0\u00bb theme_builder_area=\u00a0\u00bbpost_content\u00a0\u00bb text_font_size=\u00a0\u00bb16px\u00a0\u00bb hover_enabled=\u00a0\u00bb0&Prime; sticky_enabled=\u00a0\u00bb0&Prime;]<\/p>\n<h6>Rep\u00e8res pour la scolarisation des EFIV<\/h6>\n<p>Un document Eduscol constitu\u00e9 de fiches pratiques <\/p>\n<p>[\/et_pb_text][\/et_pb_column][et_pb_column _builder_version=\u00a0\u00bb4.27.4&Prime; _module_preset=\u00a0\u00bbdefault\u00a0\u00bb type=\u00a0\u00bb2_5&Prime; theme_builder_area=\u00a0\u00bbpost_content\u00a0\u00bb][et_pb_button button_text=\u00a0\u00bbRep\u00e8res pour la scolarisation des EFIV\u00a0\u00bb _builder_version=\u00a0\u00bb4.27.4&Prime; _module_preset=\u00a0\u00bbdefault\u00a0\u00bb theme_builder_area=\u00a0\u00bbpost_content\u00a0\u00bb custom_button=\u00a0\u00bbon\u00a0\u00bb button_text_color=\u00a0\u00bb#1FD7E0&Prime; hover_enabled=\u00a0\u00bb0&Prime; sticky_enabled=\u00a0\u00bb0&Prime; button_url=\u00a0\u00bbhttps:\/\/eduscol.education.fr\/document\/59965\/download?attachment\u00a0\u00bb url_new_window=\u00a0\u00bbon\u00a0\u00bb][\/et_pb_button][\/et_pb_column][\/et_pb_row][et_pb_row _builder_version=\u00a0\u00bb4.27.4&Prime; _module_preset=\u00a0\u00bbdefault\u00a0\u00bb column_structure=\u00a0\u00bb3_5,2_5&Prime; theme_builder_area=\u00a0\u00bbpost_content\u00a0\u00bb locked=\u00a0\u00bboff\u00a0\u00bb][et_pb_column _builder_version=\u00a0\u00bb4.27.4&Prime; _module_preset=\u00a0\u00bbdefault\u00a0\u00bb type=\u00a0\u00bb3_5&Prime; theme_builder_area=\u00a0\u00bbpost_content\u00a0\u00bb][et_pb_text _builder_version=\u00a0\u00bb4.27.4&Prime; _module_preset=\u00a0\u00bbdefault\u00a0\u00bb theme_builder_area=\u00a0\u00bbpost_content\u00a0\u00bb text_font_size=\u00a0\u00bb16px\u00a0\u00bb hover_enabled=\u00a0\u00bb0&Prime; sticky_enabled=\u00a0\u00bb0&Prime;]<\/p>\n<h6>Ressources p\u00e9dagogiques <\/h6>\n<p>Un digipad compilant des ressources p\u00e9dagogiques pour soutenir la scolarisation des EFIV<\/p>\n<p>[\/et_pb_text][\/et_pb_column][et_pb_column _builder_version=\u00a0\u00bb4.27.4&Prime; _module_preset=\u00a0\u00bbdefault\u00a0\u00bb type=\u00a0\u00bb2_5&Prime; theme_builder_area=\u00a0\u00bbpost_content\u00a0\u00bb][et_pb_button button_text=\u00a0\u00bbRessources p\u00e9dagogiques pour EFIV\u00a0\u00bb _builder_version=\u00a0\u00bb4.27.4&Prime; _module_preset=\u00a0\u00bbdefault\u00a0\u00bb theme_builder_area=\u00a0\u00bbpost_content\u00a0\u00bb custom_button=\u00a0\u00bbon\u00a0\u00bb button_text_color=\u00a0\u00bb#1FD7E0&Prime; hover_enabled=\u00a0\u00bb0&Prime; sticky_enabled=\u00a0\u00bb0&Prime; button_url=\u00a0\u00bbhttps:\/\/www.pedagogie.ac-nice.fr\/casnav\/ressources-pour-accompagner-les-efiv\/\u00a0\u00bb url_new_window=\u00a0\u00bbon\u00a0\u00bb][\/et_pb_button][\/et_pb_column][\/et_pb_row][\/et_pb_section]<\/p>\n","protected":false},"excerpt":{"rendered":"<p>Ressources sp\u00e9cifiques d\u00e9di\u00e9es \u00e0 l&rsquo;accompagnement des \u00e9l\u00e8ves issus de familles itin\u00e9rantes et de voyageurs (EFIV)Rep\u00e8res pour la scolarisation des EFIV Un document Eduscol constitu\u00e9 de fiches pratiques Ressources p\u00e9dagogiques Un digipad compilant des ressources p\u00e9dagogiques pour soutenir la scolarisation des EFIV<\/p>\n","protected":false},"author":483,"featured_media":0,"parent":0,"menu_order":0,"comment_status":"closed","ping_status":"closed","template":"","meta":{"_et_pb_use_builder":"on","_et_pb_old_content":"","_et_gb_content_width":"","footnotes":""},"class_list":["post-1101","page","type-page","status-publish","hentry"],"rttpg_featured_image_url":null,"rttpg_author":{"display_name":"Admin_CASNAV","author_link":"https:\/\/www.pedagogie.ac-nice.fr\/casnav\/author\/oceane\/"},"rttpg_comment":0,"rttpg_category":null,"rttpg_excerpt":"Ressources sp\u00e9cifiques d\u00e9di\u00e9es \u00e0 l'accompagnement des \u00e9l\u00e8ves issus de familles itin\u00e9rantes et de voyageurs (EFIV)Rep\u00e8res pour la scolarisation des EFIV Un document Eduscol constitu\u00e9 de fiches pratiques Ressources p\u00e9dagogiques Un digipad compilant des ressources p\u00e9dagogiques pour soutenir la scolarisation des EFIV","post_mailing_queue_ids":[],"_links":{"self":[{"href":"https:\/\/www.pedagogie.ac-nice.fr\/casnav\/wp-json\/wp\/v2\/pages\/1101","targetHints":{"allow":["GET"]}}],"collection":[{"href":"https:\/\/www.pedagogie.ac-nice.fr\/casnav\/wp-json\/wp\/v2\/pages"}],"about":[{"href":"https:\/\/www.pedagogie.ac-nice.fr\/casnav\/wp-json\/wp\/v2\/types\/page"}],"author":[{"embeddable":true,"href":"https:\/\/www.pedagogie.ac-nice.fr\/casnav\/wp-json\/wp\/v2\/users\/483"}],"replies":[{"embeddable":true,"href":"https:\/\/www.pedagogie.ac-nice.fr\/casnav\/wp-json\/wp\/v2\/comments?post=1101"}],"version-history":[{"count":6,"href":"https:\/\/www.pedagogie.ac-nice.fr\/casnav\/wp-json\/wp\/v2\/pages\/1101\/revisions"}],"predecessor-version":[{"id":1986,"href":"https:\/\/www.pedagogie.ac-nice.fr\/casnav\/wp-json\/wp\/v2\/pages\/1101\/revisions\/1986"}],"wp:attachment":[{"href":"https:\/\/www.pedagogie.ac-nice.fr\/casnav\/wp-json\/wp\/v2\/media?parent=1101"}],"curies":[{"name":"wp","href":"https:\/\/api.w.org\/{rel}","templated":true}]}}

Auprès des EFIV

<p>[et_pb_section fb_built= »1&Prime; theme_builder_area= »post_content » _builder_version= »4.27.4&Prime; _module_preset= »default » custom_padding= »0px||||| »][et_pb_row _builder_version= »4.27.4&Prime; _module_preset= »default » theme_builder_area= »post_content » custom_padding= »0px||||| » custom_margin= »-11px|auto||auto|| »][et_pb_column _builder_version= »4.27.4&Prime; _module_preset= »default » type= »4_4&Prime; theme_builder_area= »post_content »][et_pb_text _builder_version= »4.27.4&Prime; _module_preset= »default » theme_builder_area= »post_content » hover_enabled= »0&Prime; sticky_enabled= »0&Prime;]</p>
<p>Ressources spécifiques dédiées à l&rsquo;accompagnement des élèves issus de familles itinérantes et de voyageurs (EFIV)</p>
<p>[/et_pb_text][/et_pb_column][/et_pb_row][et_pb_row _builder_version= »4.27.4&Prime; _module_preset= »default » column_structure= »3_5,2_5&Prime; theme_builder_area= »post_content »][et_pb_column _builder_version= »4.27.4&Prime; _module_preset= »default » type= »3_5&Prime; theme_builder_area= »post_content »][et_pb_text _builder_version= »4.27.4&Prime; _module_preset= »default » theme_builder_area= »post_content » text_font_size= »16px » hover_enabled= »0&Prime; sticky_enabled= »0&Prime;]</p>
<h6>Repères pour la scolarisation des EFIV</h6>
<p>Un document Eduscol constitué de fiches pratiques </p>
<p>[/et_pb_text][/et_pb_column][et_pb_column _builder_version= »4.27.4&Prime; _module_preset= »default » type= »2_5&Prime; theme_builder_area= »post_content »][et_pb_button button_text= »Repères pour la scolarisation des EFIV » _builder_version= »4.27.4&Prime; _module_preset= »default » theme_builder_area= »post_content » custom_button= »on » button_text_color= »#1FD7E0&Prime; hover_enabled= »0&Prime; sticky_enabled= »0&Prime; button_url= »https://eduscol.education.fr/document/59965/download?attachment » url_new_window= »on »][/et_pb_button][/et_pb_column][/et_pb_row][et_pb_row _builder_version= »4.27.4&Prime; _module_preset= »default » column_structure= »3_5,2_5&Prime; theme_builder_area= »post_content » locked= »off »][et_pb_column _builder_version= »4.27.4&Prime; _module_preset= »default » type= »3_5&Prime; theme_builder_area= »post_content »][et_pb_text _builder_version= »4.27.4&Prime; _module_preset= »default » theme_builder_area= »post_content » text_font_size= »16px » hover_enabled= »0&Prime; sticky_enabled= »0&Prime;]</p>
<h6>Ressources pédagogiques </h6>
<p>Un digipad compilant des ressources pédagogiques pour soutenir la scolarisation des EFIV</p>
<p>[/et_pb_text][/et_pb_column][et_pb_column _builder_version= »4.27.4&Prime; _module_preset= »default » type= »2_5&Prime; theme_builder_area= »post_content »][et_pb_button button_text= »Ressources pédagogiques pour EFIV » _builder_version= »4.27.4&Prime; _module_preset= »default » theme_builder_area= »post_content » custom_button= »on » button_text_color= »#1FD7E0&Prime; hover_enabled= »0&Prime; sticky_enabled= »0&Prime; button_url= »https://www.pedagogie.ac-nice.fr/casnav/ressources-pour-accompagner-les-efiv/ » url_new_window= »on »][/et_pb_button][/et_pb_column][/et_pb_row][/et_pb_section]</p>

<p>Ressources spécifiques dédiées à l&rsquo;accompagnement des élèves issus de familles itinérantes et de voyageurs (EFIV)Repères pour la scolarisation des EFIV Un document Eduscol constitué de fiches pratiques Ressources pédagogiques Un digipad compilant des ressources pédagogiques pour soutenir la scolarisation des EFIV</p>

Ressources spécifiques dédiées à l'accompagnement des élèves issus de familles itinérantes et de voyageurs (EFIV)Repères pour la scolarisation des EFIV Un document Eduscol constitué de fiches pratiques Ressources pédagogiques Un digipad compilant des ressources pédagogiques pour soutenir la scolarisation des EFIV
