{"id":1114,"date":"2024-06-10T16:02:31","date_gmt":"2024-06-10T14:02:31","guid":{"rendered":"https:\/\/www.pedagogie.ac-nice.fr\/casnav\/?page_id=1114"},"modified":"2025-07-09T21:56:03","modified_gmt":"2025-07-09T19:56:03","slug":"loffre-de-formation-du-casnav","status":"publish","type":"page","link":"https:\/\/www.pedagogie.ac-nice.fr\/casnav\/loffre-de-formation-du-casnav\/","title":{"rendered":"L&rsquo;offre de formation du CASNAV"},"content":{"rendered":"<p>[et_pb_section fb_built=\u00a0\u00bb1&Prime; _builder_version=\u00a0\u00bb4.27.4&Prime; _module_preset=\u00a0\u00bbdefault\u00a0\u00bb global_colors_info=\u00a0\u00bb{}\u00a0\u00bb][et_pb_row column_structure=\u00a0\u00bb3_5,2_5&Prime; _builder_version=\u00a0\u00bb4.27.4&Prime; _module_preset=\u00a0\u00bbdefault\u00a0\u00bb custom_margin=\u00a0\u00bb-65px|auto||auto||\u00a0\u00bb global_colors_info=\u00a0\u00bb{}\u00a0\u00bb][et_pb_column type=\u00a0\u00bb3_5&Prime; _builder_version=\u00a0\u00bb4.27.4&Prime; _module_preset=\u00a0\u00bbdefault\u00a0\u00bb global_colors_info=\u00a0\u00bb{}\u00a0\u00bb][et_pb_text _builder_version=\u00a0\u00bb4.27.4&Prime; _module_preset=\u00a0\u00bbdefault\u00a0\u00bb global_colors_info=\u00a0\u00bb{}\u00a0\u00bb]<\/p>\n<p style=\"text-align: justify;\">Chaque ann\u00e9e, le Casnav propose des modules de formation dans le cadre de l&rsquo;\u00e9cole acad\u00e9mique de formation continue (EAFC).<\/p>\n<p style=\"text-align: justify;\">Nous proposons :<\/p>\n<ul style=\"text-align: justify;\">\n<li>des modules destin\u00e9s aux professeurs en UPE2A<\/li>\n<li>des modules destin\u00e9s aux enseignants en classe ordinaire au b\u00e9n\u00e9fice de l&rsquo;inclusion des EANA et EFIV<\/li>\n<li>un module de pr\u00e9paration \u00e0 l&rsquo;examen de la Certification compl\u00e9mentaire en Fran\u00e7ais langue seconde (CCFLS)<\/li>\n<li>des conf\u00e9rences anim\u00e9es par des experts ouvertes \u00e0 tous les personnels<\/li>\n<li>un module pour les chefs d&rsquo;\u00e9tablissements<\/li>\n<li>un module pour les psychologues scolaires<\/li>\n<\/ul>\n<p style=\"text-align: justify;\">Les inscriptions pour ces formations se font directement sur le site de l&rsquo;EAFC (voir lien ci-contre). Elles se trouvent le plus souvent dans la cat\u00e9gorie \u00ab\u00a0connaissance des \u00e9l\u00e8ves\u00a0\u00bb<\/p>\n<p style=\"text-align: justify;\">\n<p>[\/et_pb_text][\/et_pb_column][et_pb_column type=\u00a0\u00bb2_5&Prime; _builder_version=\u00a0\u00bb4.27.4&Prime; _module_preset=\u00a0\u00bbdefault\u00a0\u00bb global_colors_info=\u00a0\u00bb{}\u00a0\u00bb][et_pb_image src=\u00a0\u00bbhttp:\/\/www.pedagogie.ac-nice.fr\/casnav\/wp-content\/uploads\/sites\/67\/2025\/04\/2025-04-19-19_48_32-LEcole-Academique-de-la-Formation-Continue-_-Academie-de-Nice-\u2014-Mozilla-Firefox.png\u00a0\u00bb title_text=\u00a0\u00bb2025-04-19 19_48_32-L\u2019Ecole Acad\u00e9mique de la Formation Continue _ Acad\u00e9mie de Nice \u2014 Mozilla Firefox\u00a0\u00bb url=\u00a0\u00bbhttps:\/\/www.ac-nice.fr\/eafc\u00a0\u00bb url_new_window=\u00a0\u00bbon\u00a0\u00bb _builder_version=\u00a0\u00bb4.27.4&Prime; _module_preset=\u00a0\u00bbdefault\u00a0\u00bb global_colors_info=\u00a0\u00bb{}\u00a0\u00bb][\/et_pb_image][et_pb_button url_new_window=\u00a0\u00bbon\u00a0\u00bb button_text=\u00a0\u00bbAcc\u00e9der aux formations 2025-2026&Prime; _builder_version=\u00a0\u00bb4.27.4&Prime; _module_preset=\u00a0\u00bbdefault\u00a0\u00bb custom_button=\u00a0\u00bbon\u00a0\u00bb button_text_color=\u00a0\u00bb#000000&Prime; button_bg_color=\u00a0\u00bb#1FE0BA\u00a0\u00bb button_border_color=\u00a0\u00bb#12876F\u00a0\u00bb button_icon=\u00a0\u00bb&#xe01a;||divi||400&Prime; animation_style=\u00a0\u00bbbounce\u00a0\u00bb hover_enabled=\u00a0\u00bb0&Prime; box_shadow_style=\u00a0\u00bbpreset5&Prime; box_shadow_color=\u00a0\u00bb#0C71C3&Prime; global_colors_info=\u00a0\u00bb{}\u00a0\u00bb button_font=\u00a0\u00bb|&#8211;et_global_body_font_weight|||||||\u00a0\u00bb sticky_enabled=\u00a0\u00bb0&Prime;][\/et_pb_button][\/et_pb_column][\/et_pb_row][et_pb_row _builder_version=\u00a0\u00bb4.27.4&Prime; _module_preset=\u00a0\u00bbdefault\u00a0\u00bb global_colors_info=\u00a0\u00bb{}\u00a0\u00bb][et_pb_column type=\u00a0\u00bb4_4&Prime; _builder_version=\u00a0\u00bb4.27.4&Prime; _module_preset=\u00a0\u00bbdefault\u00a0\u00bb global_colors_info=\u00a0\u00bb{}\u00a0\u00bb][et_pb_text _builder_version=\u00a0\u00bb4.27.4&Prime; _module_preset=\u00a0\u00bbdefault\u00a0\u00bb text_font_size=\u00a0\u00bb16px\u00a0\u00bb global_colors_info=\u00a0\u00bb{}\u00a0\u00bb]<\/p>\n<p>Nous proposons \u00e9galement des <strong>formations en \u00e9tablissement,<\/strong> adapt\u00e9es aux besoins d&rsquo;une \u00e9quipe p\u00e9dagogique et \u00e0 leur contexte d&rsquo;enseignement. Pour solliciter ce type de formation, nous contacter \u00e0 l&rsquo;adresse : ce.casnav@ac-nice.fr<\/p>\n<p>[\/et_pb_text][\/et_pb_column][\/et_pb_row][\/et_pb_section][et_pb_section fb_built=\u00a0\u00bb1&Prime; inner_shadow=\u00a0\u00bbon\u00a0\u00bb _builder_version=\u00a0\u00bb4.27.2&Prime; _module_preset=\u00a0\u00bbdefault\u00a0\u00bb background_color=\u00a0\u00bb#01abb7&Prime; min_height=\u00a0\u00bb1.9px\u00a0\u00bb custom_margin=\u00a0\u00bb||-25px|||\u00a0\u00bb custom_padding=\u00a0\u00bb||0px|||\u00a0\u00bb global_colors_info=\u00a0\u00bb{}\u00a0\u00bb][et_pb_row column_structure=\u00a0\u00bb1_2,1_2&Prime; _builder_version=\u00a0\u00bb4.27.2&Prime; _module_preset=\u00a0\u00bbdefault\u00a0\u00bb min_height=\u00a0\u00bb35.9px\u00a0\u00bb custom_margin=\u00a0\u00bb-75px|auto|-22px|auto||\u00a0\u00bb custom_padding=\u00a0\u00bb46px||0px|||\u00a0\u00bb global_colors_info=\u00a0\u00bb{}\u00a0\u00bb][et_pb_column type=\u00a0\u00bb1_2&Prime; _builder_version=\u00a0\u00bb4.27.2&Prime; _module_preset=\u00a0\u00bbdefault\u00a0\u00bb global_colors_info=\u00a0\u00bb{}\u00a0\u00bb][et_pb_button button_url=\u00a0\u00bbhttps:\/\/www.pedagogie.ac-nice.fr\/casnav\/lequipe\/\u00a0\u00bb button_text=\u00a0\u00bbNous contacter\u00a0\u00bb button_alignment=\u00a0\u00bbcenter\u00a0\u00bb _builder_version=\u00a0\u00bb4.27.2&Prime; _module_preset=\u00a0\u00bbdefault\u00a0\u00bb custom_button=\u00a0\u00bbon\u00a0\u00bb button_text_size=\u00a0\u00bb12px\u00a0\u00bb button_bg_color=\u00a0\u00bb#a0dad7&Prime; button_border_width=\u00a0\u00bb0px\u00a0\u00bb button_border_radius=\u00a0\u00bb10px\u00a0\u00bb global_colors_info=\u00a0\u00bb{}\u00a0\u00bb][\/et_pb_button][et_pb_button button_url=\u00a0\u00bbhttps:\/\/www.pedagogie.ac-nice.fr\/casnav\/mentions-legales\/\u00a0\u00bb button_text=\u00a0\u00bbMentions l\u00e9gales\u00a0\u00bb button_alignment=\u00a0\u00bbcenter\u00a0\u00bb _builder_version=\u00a0\u00bb4.27.2&Prime; _module_preset=\u00a0\u00bbdefault\u00a0\u00bb custom_button=\u00a0\u00bbon\u00a0\u00bb button_text_size=\u00a0\u00bb12px\u00a0\u00bb button_bg_color=\u00a0\u00bb#a0dad7&Prime; button_border_width=\u00a0\u00bb0px\u00a0\u00bb button_border_radius=\u00a0\u00bb10px\u00a0\u00bb positioning=\u00a0\u00bbrelative\u00a0\u00bb vertical_offset=\u00a0\u00bb-25px\u00a0\u00bb global_colors_info=\u00a0\u00bb{}\u00a0\u00bb][\/et_pb_button][et_pb_button button_url=\u00a0\u00bbhttps:\/\/www.pedagogie.ac-nice.fr\/casnav\/accessibilite\/\u00a0\u00bb button_text=\u00a0\u00bbAccessibilit\u00e9 du site : non-conforme\u00a0\u00bb button_alignment=\u00a0\u00bbcenter\u00a0\u00bb _builder_version=\u00a0\u00bb4.27.2&Prime; _module_preset=\u00a0\u00bbdefault\u00a0\u00bb custom_button=\u00a0\u00bbon\u00a0\u00bb button_text_size=\u00a0\u00bb12px\u00a0\u00bb button_bg_color=\u00a0\u00bb#a0dad7&Prime; button_border_width=\u00a0\u00bb0px\u00a0\u00bb button_border_radius=\u00a0\u00bb10px\u00a0\u00bb positioning=\u00a0\u00bbrelative\u00a0\u00bb vertical_offset=\u00a0\u00bb-50px\u00a0\u00bb global_colors_info=\u00a0\u00bb{}\u00a0\u00bb][\/et_pb_button][\/et_pb_column][et_pb_column type=\u00a0\u00bb1_2&Prime; _builder_version=\u00a0\u00bb4.27.2&Prime; _module_preset=\u00a0\u00bbdefault\u00a0\u00bb global_colors_info=\u00a0\u00bb{}\u00a0\u00bb][et_pb_button button_url=\u00a0\u00bbhttps:\/\/www.ac-nice.fr\/eleves-allophones-enfants-familles-itinerantes\u00a0\u00bb url_new_window=\u00a0\u00bbon\u00a0\u00bb button_text=\u00a0\u00bbLe CASNAV sur le site de l&rsquo;acad\u00e9mie de Nice\u00a0\u00bb button_alignment=\u00a0\u00bbcenter\u00a0\u00bb _builder_version=\u00a0\u00bb4.27.2&Prime; _module_preset=\u00a0\u00bbdefault\u00a0\u00bb custom_button=\u00a0\u00bbon\u00a0\u00bb button_text_size=\u00a0\u00bb12px\u00a0\u00bb button_bg_color=\u00a0\u00bb#a0dad7&Prime; button_border_width=\u00a0\u00bb0px\u00a0\u00bb button_border_radius=\u00a0\u00bb10px\u00a0\u00bb positioning=\u00a0\u00bbrelative\u00a0\u00bb locked=\u00a0\u00bboff\u00a0\u00bb global_colors_info=\u00a0\u00bb{}\u00a0\u00bb][\/et_pb_button][et_pb_button button_url=\u00a0\u00bbhttps:\/\/www.ac-nice.fr\/ouvrir-l-ecole-aux-parents-pour-la-reussite-des-enfants-123365&Prime; url_new_window=\u00a0\u00bbon\u00a0\u00bb button_text=\u00a0\u00bbRessources OEPRE du site de l&rsquo;acad\u00e9mie de Nice\u00a0\u00bb button_alignment=\u00a0\u00bbcenter\u00a0\u00bb _builder_version=\u00a0\u00bb4.27.2&Prime; _module_preset=\u00a0\u00bbdefault\u00a0\u00bb custom_button=\u00a0\u00bbon\u00a0\u00bb button_text_size=\u00a0\u00bb12px\u00a0\u00bb button_bg_color=\u00a0\u00bb#a0dad7&Prime; button_border_width=\u00a0\u00bb0px\u00a0\u00bb button_border_radius=\u00a0\u00bb10px\u00a0\u00bb positioning=\u00a0\u00bbrelative\u00a0\u00bb vertical_offset=\u00a0\u00bb-24px\u00a0\u00bb locked=\u00a0\u00bboff\u00a0\u00bb global_colors_info=\u00a0\u00bb{}\u00a0\u00bb][\/et_pb_button][et_pb_button button_url=\u00a0\u00bbhttps:\/\/eduscol.education.fr\/1191\/ressources-pour-l-accueil-et-la-scolarisation-des-eleves-allophones-nouvellement-arrives-eana\u00a0\u00bb url_new_window=\u00a0\u00bbon\u00a0\u00bb button_text=\u00a0\u00bbRessources sur Eduscol\u00a0\u00bb button_alignment=\u00a0\u00bbcenter\u00a0\u00bb _builder_version=\u00a0\u00bb4.27.2&Prime; _module_preset=\u00a0\u00bbdefault\u00a0\u00bb custom_button=\u00a0\u00bbon\u00a0\u00bb button_text_size=\u00a0\u00bb12px\u00a0\u00bb button_bg_color=\u00a0\u00bb#a0dad7&Prime; button_border_width=\u00a0\u00bb0px\u00a0\u00bb button_border_radius=\u00a0\u00bb10px\u00a0\u00bb positioning=\u00a0\u00bbrelative\u00a0\u00bb vertical_offset=\u00a0\u00bb-49px\u00a0\u00bb global_colors_info=\u00a0\u00bb{}\u00a0\u00bb][\/et_pb_button][\/et_pb_column][\/et_pb_row][\/et_pb_section]<\/p>\n","protected":false},"excerpt":{"rendered":"<p>Chaque ann\u00e9e, le Casnav propose des modules de formation dans le cadre de l&rsquo;\u00e9cole acad\u00e9mique de formation continue (EAFC). Nous proposons : des modules destin\u00e9s aux professeurs en UPE2A des modules destin\u00e9s aux enseignants en classe ordinaire au b\u00e9n\u00e9fice de l&rsquo;inclusion des EANA et EFIV un module de pr\u00e9paration \u00e0 l&rsquo;examen de la Certification compl\u00e9mentaire [&hellip;]<\/p>\n","protected":false},"author":483,"featured_media":0,"parent":0,"menu_order":0,"comment_status":"closed","ping_status":"closed","template":"","meta":{"_et_pb_use_builder":"on","_et_pb_old_content":"fdfdfddffd","_et_gb_content_width":"","footnotes":""},"class_list":["post-1114","page","type-page","status-publish","hentry"],"rttpg_featured_image_url":null,"rttpg_author":{"display_name":"Admin_CASNAV","author_link":"https:\/\/www.pedagogie.ac-nice.fr\/casnav\/author\/oceane\/"},"rttpg_comment":0,"rttpg_category":null,"rttpg_excerpt":"Chaque ann\u00e9e, le Casnav propose des modules de formation dans le cadre de l'\u00e9cole acad\u00e9mique de formation continue (EAFC). Nous proposons : des modules destin\u00e9s aux professeurs en UPE2A des modules destin\u00e9s aux enseignants en classe ordinaire au b\u00e9n\u00e9fice de l'inclusion des EANA et EFIV un module de pr\u00e9paration \u00e0 l'examen de la Certification compl\u00e9mentaire\u2026","post_mailing_queue_ids":[],"_links":{"self":[{"href":"https:\/\/www.pedagogie.ac-nice.fr\/casnav\/wp-json\/wp\/v2\/pages\/1114","targetHints":{"allow":["GET"]}}],"collection":[{"href":"https:\/\/www.pedagogie.ac-nice.fr\/casnav\/wp-json\/wp\/v2\/pages"}],"about":[{"href":"https:\/\/www.pedagogie.ac-nice.fr\/casnav\/wp-json\/wp\/v2\/types\/page"}],"author":[{"embeddable":true,"href":"https:\/\/www.pedagogie.ac-nice.fr\/casnav\/wp-json\/wp\/v2\/users\/483"}],"replies":[{"embeddable":true,"href":"https:\/\/www.pedagogie.ac-nice.fr\/casnav\/wp-json\/wp\/v2\/comments?post=1114"}],"version-history":[{"count":10,"href":"https:\/\/www.pedagogie.ac-nice.fr\/casnav\/wp-json\/wp\/v2\/pages\/1114\/revisions"}],"predecessor-version":[{"id":2243,"href":"https:\/\/www.pedagogie.ac-nice.fr\/casnav\/wp-json\/wp\/v2\/pages\/1114\/revisions\/2243"}],"wp:attachment":[{"href":"https:\/\/www.pedagogie.ac-nice.fr\/casnav\/wp-json\/wp\/v2\/media?parent=1114"}],"curies":[{"name":"wp","href":"https:\/\/api.w.org\/{rel}","templated":true}]}}

<p>[et_pb_section fb_built= »1&Prime; _builder_version= »4.27.4&Prime; _module_preset= »default » global_colors_info= »{} »][et_pb_row column_structure= »3_5,2_5&Prime; _builder_version= »4.27.4&Prime; _module_preset= »default » custom_margin= »-65px|auto||auto|| » global_colors_info= »{} »][et_pb_column type= »3_5&Prime; _builder_version= »4.27.4&Prime; _module_preset= »default » global_colors_info= »{} »][et_pb_text _builder_version= »4.27.4&Prime; _module_preset= »default » global_colors_info= »{} »]</p>
<p style="text-align: justify;">Chaque année, le Casnav propose des modules de formation dans le cadre de l&rsquo;école académique de formation continue (EAFC).</p>
<p style="text-align: justify;">Nous proposons :</p>
<ul style="text-align: justify;">
<li>des modules destinés aux professeurs en UPE2A</li>
<li>des modules destinés aux enseignants en classe ordinaire au bénéfice de l&rsquo;inclusion des EANA et EFIV</li>
<li>un module de préparation à l&rsquo;examen de la Certification complémentaire en Français langue seconde (CCFLS)</li>
<li>des conférences animées par des experts ouvertes à tous les personnels</li>
<li>un module pour les chefs d&rsquo;établissements</li>
<li>un module pour les psychologues scolaires</li>
</ul>
<p style="text-align: justify;">Les inscriptions pour ces formations se font directement sur le site de l&rsquo;EAFC (voir lien ci-contre). Elles se trouvent le plus souvent dans la catégorie « connaissance des élèves »</p>
<p style="text-align: justify;">
<p>[/et_pb_text][/et_pb_column][et_pb_column type= »2_5&Prime; _builder_version= »4.27.4&Prime; _module_preset= »default » global_colors_info= »{} »][et_pb_image src= »http://www.pedagogie.ac-nice.fr/casnav/wp-content/uploads/sites/67/2025/04/2025-04-19-19_48_32-LEcole-Academique-de-la-Formation-Continue-_-Academie-de-Nice-—-Mozilla-Firefox.png » title_text= »2025-04-19 19_48_32-L’Ecole Académique de la Formation Continue _ Académie de Nice — Mozilla Firefox » url= »https://www.ac-nice.fr/eafc » url_new_window= »on » _builder_version= »4.27.4&Prime; _module_preset= »default » global_colors_info= »{} »][/et_pb_image][et_pb_button url_new_window= »on » button_text= »Accéder aux formations 2025-2026&Prime; _builder_version= »4.27.4&Prime; _module_preset= »default » custom_button= »on » button_text_color= »#000000&Prime; button_bg_color= »#1FE0BA » button_border_color= »#12876F » button_icon= »&#xe01a;||divi||400&Prime; animation_style= »bounce » hover_enabled= »0&Prime; box_shadow_style= »preset5&Prime; box_shadow_color= »#0C71C3&Prime; global_colors_info= »{} » button_font= »|&#8211;et_global_body_font_weight||||||| » sticky_enabled= »0&Prime;][/et_pb_button][/et_pb_column][/et_pb_row][et_pb_row _builder_version= »4.27.4&Prime; _module_preset= »default » global_colors_info= »{} »][et_pb_column type= »4_4&Prime; _builder_version= »4.27.4&Prime; _module_preset= »default » global_colors_info= »{} »][et_pb_text _builder_version= »4.27.4&Prime; _module_preset= »default » text_font_size= »16px » global_colors_info= »{} »]</p>
<p>Nous proposons également des <strong>formations en établissement,</strong> adaptées aux besoins d&rsquo;une équipe pédagogique et à leur contexte d&rsquo;enseignement. Pour solliciter ce type de formation, nous contacter à l&rsquo;adresse : ce.casnav@ac-nice.fr</p>
<p>[/et_pb_text][/et_pb_column][/et_pb_row][/et_pb_section][et_pb_section fb_built= »1&Prime; inner_shadow= »on » _builder_version= »4.27.2&Prime; _module_preset= »default » background_color= »#01abb7&Prime; min_height= »1.9px » custom_margin= »||-25px||| » custom_padding= »||0px||| » global_colors_info= »{} »][et_pb_row column_structure= »1_2,1_2&Prime; _builder_version= »4.27.2&Prime; _module_preset= »default » min_height= »35.9px » custom_margin= »-75px|auto|-22px|auto|| » custom_padding= »46px||0px||| » global_colors_info= »{} »][et_pb_column type= »1_2&Prime; _builder_version= »4.27.2&Prime; _module_preset= »default » global_colors_info= »{} »][et_pb_button button_url= »https://www.pedagogie.ac-nice.fr/casnav/lequipe/ » button_text= »Nous contacter » button_alignment= »center » _builder_version= »4.27.2&Prime; _module_preset= »default » custom_button= »on » button_text_size= »12px » button_bg_color= »#a0dad7&Prime; button_border_width= »0px » button_border_radius= »10px » global_colors_info= »{} »][/et_pb_button][et_pb_button button_url= »https://www.pedagogie.ac-nice.fr/casnav/mentions-legales/ » button_text= »Mentions légales » button_alignment= »center » _builder_version= »4.27.2&Prime; _module_preset= »default » custom_button= »on » button_text_size= »12px » button_bg_color= »#a0dad7&Prime; button_border_width= »0px » button_border_radius= »10px » positioning= »relative » vertical_offset= »-25px » global_colors_info= »{} »][/et_pb_button][et_pb_button button_url= »https://www.pedagogie.ac-nice.fr/casnav/accessibilite/ » button_text= »Accessibilité du site : non-conforme » button_alignment= »center » _builder_version= »4.27.2&Prime; _module_preset= »default » custom_button= »on » button_text_size= »12px » button_bg_color= »#a0dad7&Prime; button_border_width= »0px » button_border_radius= »10px » positioning= »relative » vertical_offset= »-50px » global_colors_info= »{} »][/et_pb_button][/et_pb_column][et_pb_column type= »1_2&Prime; _builder_version= »4.27.2&Prime; _module_preset= »default » global_colors_info= »{} »][et_pb_button button_url= »https://www.ac-nice.fr/eleves-allophones-enfants-familles-itinerantes » url_new_window= »on » button_text= »Le CASNAV sur le site de l&rsquo;académie de Nice » button_alignment= »center » _builder_version= »4.27.2&Prime; _module_preset= »default » custom_button= »on » button_text_size= »12px » button_bg_color= »#a0dad7&Prime; button_border_width= »0px » button_border_radius= »10px » positioning= »relative » locked= »off » global_colors_info= »{} »][/et_pb_button][et_pb_button button_url= »https://www.ac-nice.fr/ouvrir-l-ecole-aux-parents-pour-la-reussite-des-enfants-123365&Prime; url_new_window= »on » button_text= »Ressources OEPRE du site de l&rsquo;académie de Nice » button_alignment= »center » _builder_version= »4.27.2&Prime; _module_preset= »default » custom_button= »on » button_text_size= »12px » button_bg_color= »#a0dad7&Prime; button_border_width= »0px » button_border_radius= »10px » positioning= »relative » vertical_offset= »-24px » locked= »off » global_colors_info= »{} »][/et_pb_button][et_pb_button button_url= »https://eduscol.education.fr/1191/ressources-pour-l-accueil-et-la-scolarisation-des-eleves-allophones-nouvellement-arrives-eana » url_new_window= »on » button_text= »Ressources sur Eduscol » button_alignment= »center » _builder_version= »4.27.2&Prime; _module_preset= »default » custom_button= »on » button_text_size= »12px » button_bg_color= »#a0dad7&Prime; button_border_width= »0px » button_border_radius= »10px » positioning= »relative » vertical_offset= »-49px » global_colors_info= »{} »][/et_pb_button][/et_pb_column][/et_pb_row][/et_pb_section]</p>

<p>Chaque année, le Casnav propose des modules de formation dans le cadre de l&rsquo;école académique de formation continue (EAFC). Nous proposons : des modules destinés aux professeurs en UPE2A des modules destinés aux enseignants en classe ordinaire au bénéfice de l&rsquo;inclusion des EANA et EFIV un module de préparation à l&rsquo;examen de la Certification complémentaire [&hellip;]</p>

Chaque année, le Casnav propose des modules de formation dans le cadre de l'école académique de formation continue (EAFC). Nous proposons : des modules destinés aux professeurs en UPE2A des modules destinés aux enseignants en classe ordinaire au bénéfice de l'inclusion des EANA et EFIV un module de préparation à l'examen de la Certification complémentaire…
