{"id":1544,"date":"2024-11-22T15:05:27","date_gmt":"2024-11-22T14:05:27","guid":{"rendered":"https:\/\/www.pedagogie.ac-nice.fr\/casnav\/?page_id=1544"},"modified":"2024-11-22T15:27:21","modified_gmt":"2024-11-22T14:27:21","slug":"mentions-legales","status":"publish","type":"page","link":"https:\/\/www.pedagogie.ac-nice.fr\/casnav\/mentions-legales\/","title":{"rendered":"Mentions l\u00e9gales"},"content":{"rendered":"<div class=\"header__title__wrapper\">\n<div class=\"header__background\">\n<div class=\"header__chapo\">\n<p><strong>\u00c9diteur de ce site web, responsable de publication<\/strong><br \/>\nNatacha Chicot, Rectrice de l&rsquo;acad\u00e9mie de Nice<\/p>\n<p><strong>Raison sociale et h\u00e9bergeur :<\/strong><br \/>\nRectorat de l&rsquo;acad\u00e9mie de Nice<br \/>\n53 avenue Cap de Croix<br \/>\n06181 Nice cedex 2<br \/>\nT\u00e9l\u00e9phone 04 93 53 70 70<\/p>\n<p>Le site pedagogie.ac-nice.fr\/casnav propose des informations sur le fonctionnement du CASNAV de l&rsquo;acad\u00e9mie de Nice.<\/p>\n<p>Le rectorat de l\u2019acad\u00e9mie de Nice met \u00e0 disposition des utilisateurs de ce site web des informations et outils disponibles et v\u00e9rifi\u00e9s, mais il ne saurait \u00eatre tenu pour responsable des erreurs ou de l\u2019indisponibilit\u00e9 de certaines informations. Nous remercions les utilisateurs du site de nous faire part d\u2019\u00e9ventuelles omissions, erreurs ou corrections, en <a href=\"https:\/\/www.pedagogie.ac-nice.fr\/casnav\/lequipe\/\" target=\"_blank\" rel=\"noopener\">nous adressant un message<\/a>. Notre objectif est de diffuser des informations exactes et tenues \u00e0 jour. Nous nous efforcerons de corriger les erreurs qui nous seront signal\u00e9es.<\/p>\n<p>Le site pedagogie.ac-nice.fr\/casnav propose des liens vers d&rsquo;autres sites, des sites officiels (gouvernement, institutions, organismes publics, etc.) mais aussi des sites, fran\u00e7ais ou \u00e9trangers, d&rsquo;associations, d&rsquo;organismes professionnels du secteur \u00e9ducatif ou de particuliers (professeurs, conseillers p\u00e9dagogiques&#8230;).<\/p>\n<p>Chaque fois, il est syst\u00e9matiquement pr\u00e9cis\u00e9 vers quel site nous vous proposons d&rsquo;aller. Ces pages, dont les adresses sont r\u00e9guli\u00e8rement v\u00e9rifi\u00e9es, ne font pas partie du site pedagogie.ac-nice.fr\/casnav : elles n&rsquo;engagent pas la responsabilit\u00e9 de la r\u00e9daction du site qui ne peut \u00eatre tenue pour responsable des contenus vers lesquels ces liens pointent.<\/p>\n<\/div>\n<p><strong>Donn\u00e9es personnelles<\/strong><\/p>\n<p>Ce site ne collecte aucune autre donn\u00e9e que des adresses IP destin\u00e9es \u00e0 un usage purement technique, n\u00e9cessaire \u00e0 la production de statistiques de consultation. L&rsquo;acad\u00e9mie de Nice est tr\u00e8s attentive \u00e0 la protection des donn\u00e9es \u00e0 caract\u00e8re personnel et s&rsquo;engage \u00e0 ce que la collecte et le traitement des donn\u00e9es, effectu\u00e9s \u00e0 partir du site pedagogie.ac-nice.fr\/casnav, soient conformes \u00e0 la loi Informatique et Libert\u00e9s et au r\u00e8glement g\u00e9n\u00e9ral sur la protection des donn\u00e9es (RGPD).<\/p>\n<p>Le CASNAV de l&rsquo;acad\u00e9mie de Nice vous offre la possibilit\u00e9 de correspondre avec ses coordinateurs, dans le respect du r\u00e9f\u00e9rentiel Marianne. Cette charte interminist\u00e9rielle vise \u00e0 garantir la qualit\u00e9 de l&rsquo;accueil et promeut des valeurs telles que la courtoisie, l&rsquo;accessibilit\u00e9, la rapidit\u00e9, la clart\u00e9 des r\u00e9ponses mais aussi un esprit d&rsquo;\u00e9coute, de rigueur et de transparence.<\/p>\n<\/div>\n<\/div>\n","protected":false},"excerpt":{"rendered":"<p>\u00c9diteur de ce site web, responsable de publication Natacha Chicot, Rectrice de l&rsquo;acad\u00e9mie de Nice Raison sociale et h\u00e9bergeur : Rectorat de l&rsquo;acad\u00e9mie de Nice 53 avenue Cap de Croix 06181 Nice cedex 2 T\u00e9l\u00e9phone 04 93 53 70 70 Le site pedagogie.ac-nice.fr\/casnav propose des informations sur le fonctionnement du CASNAV de l&rsquo;acad\u00e9mie de Nice. [&hellip;]<\/p>\n","protected":false},"author":483,"featured_media":0,"parent":0,"menu_order":0,"comment_status":"closed","ping_status":"closed","template":"","meta":{"_et_pb_use_builder":"","_et_pb_old_content":"","_et_gb_content_width":"","footnotes":""},"class_list":["post-1544","page","type-page","status-publish","hentry"],"rttpg_featured_image_url":null,"rttpg_author":{"display_name":"Admin_CASNAV","author_link":"https:\/\/www.pedagogie.ac-nice.fr\/casnav\/author\/oceane\/"},"rttpg_comment":0,"rttpg_category":null,"rttpg_excerpt":"\u00c9diteur de ce site web, responsable de publication Natacha Chicot, Rectrice de l&rsquo;acad\u00e9mie de Nice Raison sociale et h\u00e9bergeur : Rectorat de l&rsquo;acad\u00e9mie de Nice 53 avenue Cap de Croix 06181 Nice cedex 2 T\u00e9l\u00e9phone 04 93 53 70 70 Le site pedagogie.ac-nice.fr\/casnav propose des informations sur le fonctionnement du CASNAV de l&rsquo;acad\u00e9mie de Nice.\u2026","post_mailing_queue_ids":[],"_links":{"self":[{"href":"https:\/\/www.pedagogie.ac-nice.fr\/casnav\/wp-json\/wp\/v2\/pages\/1544","targetHints":{"allow":["GET"]}}],"collection":[{"href":"https:\/\/www.pedagogie.ac-nice.fr\/casnav\/wp-json\/wp\/v2\/pages"}],"about":[{"href":"https:\/\/www.pedagogie.ac-nice.fr\/casnav\/wp-json\/wp\/v2\/types\/page"}],"author":[{"embeddable":true,"href":"https:\/\/www.pedagogie.ac-nice.fr\/casnav\/wp-json\/wp\/v2\/users\/483"}],"replies":[{"embeddable":true,"href":"https:\/\/www.pedagogie.ac-nice.fr\/casnav\/wp-json\/wp\/v2\/comments?post=1544"}],"version-history":[{"count":5,"href":"https:\/\/www.pedagogie.ac-nice.fr\/casnav\/wp-json\/wp\/v2\/pages\/1544\/revisions"}],"predecessor-version":[{"id":1552,"href":"https:\/\/www.pedagogie.ac-nice.fr\/casnav\/wp-json\/wp\/v2\/pages\/1544\/revisions\/1552"}],"wp:attachment":[{"href":"https:\/\/www.pedagogie.ac-nice.fr\/casnav\/wp-json\/wp\/v2\/media?parent=1544"}],"curies":[{"name":"wp","href":"https:\/\/api.w.org\/{rel}","templated":true}]}}