{"id":69,"date":"2015-07-29T13:44:44","date_gmt":"2015-07-29T13:44:44","guid":{"rendered":"https:\/\/optimus.qsandbox.com:3443\/app_user\/qsu6361\/site\/ayushstha143-magazinex-demo.sites.qsandbox.com\/?page_id=4"},"modified":"2025-04-20T18:43:35","modified_gmt":"2025-04-20T16:43:35","slug":"home","status":"publish","type":"page","link":"https:\/\/www.pedagogie.ac-nice.fr\/casnav\/","title":{"rendered":"Accueil"},"content":{"rendered":"<p>[et_pb_section fb_built=\u00a0\u00bb1&Prime; _builder_version=\u00a0\u00bb4.16&Prime; _module_preset=\u00a0\u00bbdefault\u00a0\u00bb custom_padding=\u00a0\u00bb1px|||||\u00a0\u00bb global_colors_info=\u00a0\u00bb{}\u00a0\u00bb][et_pb_row column_structure=\u00a0\u00bb1_2,1_2&Prime; _builder_version=\u00a0\u00bb4.16&Prime; _module_preset=\u00a0\u00bbdefault\u00a0\u00bb custom_padding=\u00a0\u00bb4px|||||\u00a0\u00bb global_colors_info=\u00a0\u00bb{}\u00a0\u00bb][et_pb_column type=\u00a0\u00bb1_2&Prime; _builder_version=\u00a0\u00bb4.16&Prime; _module_preset=\u00a0\u00bbdefault\u00a0\u00bb global_colors_info=\u00a0\u00bb{}\u00a0\u00bb][et_pb_text _builder_version=\u00a0\u00bb4.27.4&Prime; _module_preset=\u00a0\u00bbdefault\u00a0\u00bb text_font_size=\u00a0\u00bb16px\u00a0\u00bb global_colors_info=\u00a0\u00bb{}\u00a0\u00bb]<\/p>\n<p style=\"text-align: justify;\">Bienvenue sur le site p\u00e9dagogique du <strong>Centre Acad\u00e9mique pour la Scolarisation des \u00e9l\u00e8ves allophones Nouvellement Arriv\u00e9s et des enfants issus de familles itin\u00e9rantes et de Voyageurs.<\/strong><\/p>\n<p>Ce site est destin\u00e9 aux \u00e9quipes p\u00e9dagogiques de l&rsquo;acad\u00e9mie de Nice. Il propose des ressources et documents utiles pour l&rsquo;accompagnement des EANA (\u00e9l\u00e8ves allophones nouvellement arriv\u00e9s) et EFIV (enfants issus de familles itin\u00e9rantes et de voyageurs)<\/p>\n<p>[\/et_pb_text][et_pb_image src=\u00a0\u00bbhttp:\/\/www.pedagogie.ac-nice.fr\/casnav\/wp-content\/uploads\/sites\/67\/2025\/04\/siglaire-casnav-sans-bord.png\u00a0\u00bb title_text=\u00a0\u00bbsiglaire casnav sans bord\u00a0\u00bb _builder_version=\u00a0\u00bb4.27.4&Prime; _module_preset=\u00a0\u00bbdefault\u00a0\u00bb global_colors_info=\u00a0\u00bb{}\u00a0\u00bb][\/et_pb_image][et_pb_text _builder_version=\u00a0\u00bb4.27.4&Prime; _module_preset=\u00a0\u00bbdefault\u00a0\u00bb global_colors_info=\u00a0\u00bb{}\u00a0\u00bb content__hover_enabled=\u00a0\u00bboff|desktop\u00a0\u00bb content__hover=\u00a0\u00bb<\/p>\n<p style=%22text-align: center;%22><strong>La derni\u00e8re gazette du CASNAV<\/strong><\/p>\n<p style=%22text-align: center;%22><a href=%22http:\/\/www.pedagogie.ac-nice.fr\/casnav\/wp-content\/uploads\/sites\/67\/2024\/11\/La-Gazette-du-CASNAV-N\u00b01.pdf%22 data-et-target-link=%22_blank%22 rel=%22noopener%22 title=%22La gazette du CASNAV n\u00b01%22><img src=%22http:\/\/www.pedagogie.ac-nice.fr\/casnav\/wp-content\/uploads\/sites\/67\/2024\/11\/Cliquez-ici-1024x232.png%22 alt=%22%22 class=%22wp-image-1441 alignnone size-large%22 width=%221024%22 height=%22232%22 \/><\/a><\/p>\n<p>\u00a0\u00bb filter_hue_rotate__hover_enabled=\u00a0\u00bbon|hover\u00a0\u00bb filter_hue_rotate__hover=\u00a0\u00bb207deg\u00a0\u00bb]<\/p>\n<p style=\"text-align: center;\"><strong>La gazette du CASNAV<\/strong><\/p>\n<p>[\/et_pb_text][et_pb_image src=\u00a0\u00bbhttp:\/\/www.pedagogie.ac-nice.fr\/casnav\/wp-content\/uploads\/sites\/67\/2024\/11\/Gros-plan-gazette-2.png\u00a0\u00bb title_text=\u00a0\u00bbLa gazette du CASNAV n\u00b02&Prime; url=\u00a0\u00bbhttp:\/\/www.pedagogie.ac-nice.fr\/casnav\/wp-content\/uploads\/sites\/67\/2024\/11\/Gazette-du-CASNAV-numero-2.pdf\u00a0\u00bb url_new_window=\u00a0\u00bbon\u00a0\u00bb _builder_version=\u00a0\u00bb4.27.4&Prime; _module_preset=\u00a0\u00bbdefault\u00a0\u00bb box_shadow_style=\u00a0\u00bbpreset1&Prime; locked=\u00a0\u00bboff\u00a0\u00bb global_colors_info=\u00a0\u00bb{}\u00a0\u00bb transform_styles__hover_enabled=\u00a0\u00bbon|hover\u00a0\u00bb transform_scale__hover_enabled=\u00a0\u00bbon|hover\u00a0\u00bb transform_translate__hover_enabled=\u00a0\u00bbon|desktop\u00a0\u00bb transform_rotate__hover_enabled=\u00a0\u00bbon|desktop\u00a0\u00bb transform_skew__hover_enabled=\u00a0\u00bbon|desktop\u00a0\u00bb transform_origin__hover_enabled=\u00a0\u00bbon|desktop\u00a0\u00bb transform_scale__hover=\u00a0\u00bb110%|110%\u00a0\u00bb][\/et_pb_image][et_pb_image src=\u00a0\u00bbhttp:\/\/www.pedagogie.ac-nice.fr\/casnav\/wp-content\/uploads\/sites\/67\/2024\/11\/Gros-plan-gazette-1.png\u00a0\u00bb title_text=\u00a0\u00bbLa Gazette du CASNAV n\u00b01&Prime; url=\u00a0\u00bbhttp:\/\/www.pedagogie.ac-nice.fr\/casnav\/wp-content\/uploads\/sites\/67\/2024\/11\/La-Gazette-du-CASNAV-N\u00b01.pdf\u00a0\u00bb url_new_window=\u00a0\u00bbon\u00a0\u00bb _builder_version=\u00a0\u00bb4.27.4&Prime; _module_preset=\u00a0\u00bbdefault\u00a0\u00bb box_shadow_style=\u00a0\u00bbpreset1&Prime; locked=\u00a0\u00bboff\u00a0\u00bb global_colors_info=\u00a0\u00bb{}\u00a0\u00bb transform_styles__hover_enabled=\u00a0\u00bbon|hover\u00a0\u00bb transform_scale__hover_enabled=\u00a0\u00bbon|hover\u00a0\u00bb transform_translate__hover_enabled=\u00a0\u00bbon|desktop\u00a0\u00bb transform_rotate__hover_enabled=\u00a0\u00bbon|desktop\u00a0\u00bb transform_skew__hover_enabled=\u00a0\u00bbon|desktop\u00a0\u00bb transform_origin__hover_enabled=\u00a0\u00bbon|desktop\u00a0\u00bb transform_scale__hover=\u00a0\u00bb110%|110%\u00a0\u00bb][\/et_pb_image][\/et_pb_column][et_pb_column type=\u00a0\u00bb1_2&Prime; _builder_version=\u00a0\u00bb4.16&Prime; _module_preset=\u00a0\u00bbdefault\u00a0\u00bb global_colors_info=\u00a0\u00bb{}\u00a0\u00bb][et_pb_image src=\u00a0\u00bbhttp:\/\/www.pedagogie.ac-nice.fr\/casnav\/wp-content\/uploads\/sites\/67\/2025\/04\/image-plan-site.png\u00a0\u00bb title_text=\u00a0\u00bbimage plan site\u00a0\u00bb _builder_version=\u00a0\u00bb4.27.4&Prime; _module_preset=\u00a0\u00bbdefault\u00a0\u00bb min_height=\u00a0\u00bb746.9px\u00a0\u00bb custom_margin=\u00a0\u00bb-20px|||||\u00a0\u00bb global_colors_info=\u00a0\u00bb{}\u00a0\u00bb][\/et_pb_image][et_pb_text _builder_version=\u00a0\u00bb4.27.2&Prime; _module_preset=\u00a0\u00bbdefault\u00a0\u00bb custom_margin=\u00a0\u00bb-5px|||||\u00a0\u00bb custom_padding=\u00a0\u00bb||2px|||\u00a0\u00bb locked=\u00a0\u00bboff\u00a0\u00bb global_colors_info=\u00a0\u00bb{}\u00a0\u00bb]<\/p>\n<p style=\"text-align: center;\"><strong>Derniers articles publi\u00e9s :<br \/><\/strong><\/p>\n<p>[\/et_pb_text][et_pb_post_slider posts_number=\u00a0\u00bb5&Prime; include_categories=\u00a0\u00bball\u00a0\u00bb _builder_version=\u00a0\u00bb4.27.4&Prime; _module_preset=\u00a0\u00bbdefault\u00a0\u00bb custom_margin=\u00a0\u00bb-25px|||||\u00a0\u00bb locked=\u00a0\u00bboff\u00a0\u00bb global_colors_info=\u00a0\u00bb{}\u00a0\u00bb][\/et_pb_post_slider][\/et_pb_column][\/et_pb_row][\/et_pb_section]<\/p>\n","protected":false},"excerpt":{"rendered":"<p>Bienvenue sur le site p\u00e9dagogique du Centre Acad\u00e9mique pour la Scolarisation des \u00e9l\u00e8ves allophones Nouvellement Arriv\u00e9s et des enfants issus de familles itin\u00e9rantes et de Voyageurs. Ce site est destin\u00e9 aux \u00e9quipes p\u00e9dagogiques de l&rsquo;acad\u00e9mie de Nice. Il propose des ressources et documents utiles pour l&rsquo;accompagnement des EANA (\u00e9l\u00e8ves allophones nouvellement arriv\u00e9s) et EFIV (enfants [&hellip;]<\/p>\n","protected":false},"author":1,"featured_media":0,"parent":0,"menu_order":0,"comment_status":"closed","ping_status":"closed","template":"","meta":{"_et_pb_use_builder":"on","_et_pb_old_content":"<!-- wp:magazine-blocks\/section {\"clientId\":\"bfef5714\",\"columns\":1,\"width\":{\"desktop\":{\"value\":1140,\"unit\":\"px\"}},\"background\":{\"background\":1,\"type\":\"color\",\"color\":\"#e3d5ff\"},\"blockMargin\":{\"dimension\":1,\"desktop\":{\"lock\":false,\"top\":-15,\"right\":0,\"bottom\":0,\"left\":0,\"unit\":\"px\"}},\"blockPadding\":{\"dimension\":1,\"desktop\":{\"left\":0,\"right\":0,\"unit\":\"px\",\"lock\":true,\"top\":0,\"bottom\":0},\"tablet\":{\"top\":15,\"unit\":\"px\",\"lock\":false,\"right\":0,\"bottom\":15,\"left\":0},\"mobile\":{\"top\":25,\"unit\":\"px\",\"lock\":false,\"right\":0,\"bottom\":25,\"left\":0}},\"align\":\"full\"} -->\r\n<div class=\"alignfull mzb-section mzb-section-bfef5714 alignfull\">\r\n<div class=\"mzb-container\">\r\n<div class=\"mzb-section-inner\"><!-- wp:magazine-blocks\/column {\"clientId\":\"31b27b5d\",\"colWidth\":{\"desktop\":100,\"tablet\":100,\"mobile\":100},\"blockPadding\":{\"dimension\":1,\"desktop\":{\"lock\":false,\"unit\":\"px\",\"top\":20,\"right\":0,\"bottom\":20,\"left\":0},\"mobile\":{\"right\":20,\"unit\":\"px\",\"lock\":false,\"left\":20},\"tablet\":{\"right\":15,\"unit\":\"px\",\"lock\":false,\"left\":15}}} -->\r\n<div class=\"mzb-column mzb-column-31b27b5d\">\r\n<div class=\"mzb-column-inner\"><!-- wp:magazine-blocks\/banner-posts {\"clientId\":\"6d222d36\",\"category\":\"6\"} \/--><\/div>\r\n<\/div>\r\n<!-- \/wp:magazine-blocks\/column --><\/div>\r\n<\/div>\r\n<\/div>\r\n<!-- \/wp:magazine-blocks\/section --><!-- wp:magazine-blocks\/section {\"clientId\":\"890cb78e\",\"columns\":3,\"width\":{\"desktop\":{\"value\":1140,\"unit\":\"px\"}},\"blockMargin\":{\"dimension\":1,\"desktop\":{\"lock\":false,\"unit\":\"px\",\"top\":0}},\"blockPadding\":{\"dimension\":1,\"desktop\":{\"left\":0,\"right\":0,\"unit\":\"px\",\"lock\":false}}} -->\r\n<div class=\"mzb-section mzb-section-890cb78e\">\r\n<div class=\"mzb-container\">\r\n<div class=\"mzb-section-inner\"><!-- wp:magazine-blocks\/column {\"clientId\":\"32293276\",\"colWidth\":{\"desktop\":25,\"tablet\":100,\"mobile\":100},\"blockMargin\":{\"dimension\":1,\"desktop\":{\"lock\":false,\"unit\":\"px\",\"top\":60}}} -->\r\n<div class=\"mzb-column mzb-column-32293276\">\r\n<div class=\"mzb-column-inner\"><!-- wp:magazine-blocks\/post-list {\"clientId\":\"e777c379\",\"category\":\"17\",\"postCount\":5,\"imageToggle\":true,\"postTitleColor\":\"#000000\",\"blockMargin\":{\"dimension\":1,\"desktop\":{\"lock\":true,\"top\":0,\"right\":0,\"bottom\":0,\"left\":0,\"unit\":\"px\"}}} \/--><!-- wp:magazine-blocks\/post-list {\"clientId\":\"ce666ae6\",\"category\":\"2\",\"postTitleColor\":\"#000000\",\"blockMargin\":{\"dimension\":1,\"desktop\":{\"lock\":false,\"top\":50,\"bottom\":50,\"unit\":\"px\"}}} \/--><!-- wp:magazine-blocks\/advertisement {\"clientId\":\"2175ffcc\",\"imageSize\":\"250x250\",\"alignment\":{\"desktop\":\"center\",\"tablet\":\"center\",\"mobile\":\"center\"},\"advertisementImage\":{\"url\":\"http:\/\/www.pedagogie.ac-nice.fr\/casnav\/wp-content\/uploads\/sites\/67\/2024\/01\/cm-ads-250.png\",\"id\":774,\"height\":250,\"width\":251,\"alt\":\"\"}} -->\r\n<div class=\"mzb-advertisement mzb-advertisement-2175ffcc\">\r\n<div class=\"mzb-advertisement-content\">\r\n<div class=\"mzb-advertisement-250x250\"><img class=\"wp-image-774\" src=\"http:\/\/www.pedagogie.ac-nice.fr\/casnav\/wp-content\/uploads\/sites\/67\/2024\/01\/cm-ads-250.png\" alt=\"\" width=\"251\" height=\"250\" \/><\/div>\r\n<\/div>\r\n<\/div>\r\n<!-- \/wp:magazine-blocks\/advertisement --><!-- wp:magazine-blocks\/post-list {\"clientId\":\"e553b203\",\"category\":\"13\",\"postCount\":6,\"postTitleColor\":\"#000000\",\"blockMargin\":{\"dimension\":1,\"desktop\":{\"lock\":false,\"top\":50,\"right\":0,\"bottom\":50,\"left\":0,\"unit\":\"px\"}}} \/--><!-- wp:magazine-blocks\/advertisement {\"clientId\":\"8c84fe5e\",\"imageSize\":\"250x250\",\"alignment\":{\"desktop\":\"center\",\"mobile\":\"center\",\"tablet\":\"center\"},\"advertisementImage\":{\"url\":\"http:\/\/www.pedagogie.ac-nice.fr\/casnav\/wp-content\/uploads\/sites\/67\/2024\/01\/cm-ads-250.png\",\"id\":774,\"height\":250,\"width\":251,\"alt\":\"\"}} -->\r\n<div class=\"mzb-advertisement mzb-advertisement-8c84fe5e\">\r\n<div class=\"mzb-advertisement-content\">\r\n<div class=\"mzb-advertisement-250x250\"><img class=\"wp-image-774\" src=\"http:\/\/www.pedagogie.ac-nice.fr\/casnav\/wp-content\/uploads\/sites\/67\/2024\/01\/cm-ads-250.png\" alt=\"\" width=\"251\" height=\"250\" \/><\/div>\r\n<\/div>\r\n<\/div>\r\n<!-- \/wp:magazine-blocks\/advertisement --><\/div>\r\n<\/div>\r\n<!-- \/wp:magazine-blocks\/column --><!-- wp:magazine-blocks\/column {\"clientId\":\"f4e3caa5\",\"blockMargin\":{\"dimension\":1,\"desktop\":{\"lock\":false,\"unit\":\"px\",\"top\":60}}} -->\r\n<div class=\"mzb-column mzb-column-f4e3caa5\">\r\n<div class=\"mzb-column-inner\"><!-- wp:magazine-blocks\/featured-posts {\"clientId\":\"3e8fe036\",\"category\":\"3\",\"postTitleColor\":\"#000000\"} \/--><!-- wp:magazine-blocks\/featured-posts {\"clientId\":\"1af324fe\",\"category\":\"14\",\"postCount\":2,\"column\":2,\"postTitleColor\":\"#000000\",\"blockMargin\":{\"dimension\":1,\"desktop\":{\"lock\":false,\"unit\":\"px\",\"top\":50}}} \/--><!-- wp:magazine-blocks\/post-video {\"clientId\":\"137284bb\",\"blockPadding\":{\"dimension\":1,\"desktop\":{\"lock\":false,\"unit\":\"px\",\"top\":40}}} \/--><!-- wp:magazine-blocks\/advertisement {\"clientId\":\"a0922879\",\"imageSize\":\"468x60\",\"alignment\":{\"desktop\":\"center\",\"tablet\":\"center\",\"mobile\":\"center\"},\"advertisementImage\":{\"url\":\"http:\/\/www.pedagogie.ac-nice.fr\/casnav\/wp-content\/uploads\/sites\/67\/2024\/01\/cm-ad-468x60-Banner.png\",\"id\":791,\"height\":61,\"width\":469,\"alt\":\"\"},\"radius\":{\"dimension\":1,\"desktop\":{\"lock\":true,\"top\":5,\"right\":5,\"bottom\":5,\"left\":5,\"unit\":\"px\"},\"mobile\":{\"top\":5,\"unit\":\"px\",\"lock\":true,\"right\":5,\"bottom\":5,\"left\":5},\"tablet\":{\"top\":5,\"unit\":\"px\",\"lock\":true,\"right\":5,\"bottom\":5,\"left\":5}},\"blockMargin\":{\"dimension\":1,\"desktop\":{\"lock\":false,\"unit\":\"px\",\"top\":50}}} -->\r\n<div class=\"mzb-advertisement mzb-advertisement-a0922879\">\r\n<div class=\"mzb-advertisement-content\">\r\n<div class=\"mzb-advertisement-468x60\"><img class=\"wp-image-791\" src=\"http:\/\/www.pedagogie.ac-nice.fr\/casnav\/wp-content\/uploads\/sites\/67\/2024\/01\/cm-ad-468x60-Banner.png\" alt=\"\" width=\"469\" height=\"61\" \/><\/div>\r\n<\/div>\r\n<\/div>\r\n<!-- \/wp:magazine-blocks\/advertisement --><!-- wp:magazine-blocks\/featured-categories {\"clientId\":\"cb0c2b43\",\"category\":\"4\",\"category2\":\"7\",\"postCount\":3,\"postTitleColor\":\"#000000\",\"blockMargin\":{\"dimension\":1,\"desktop\":{\"lock\":false,\"unit\":\"px\",\"top\":50}}} \/--><\/div>\r\n<\/div>\r\n<!-- \/wp:magazine-blocks\/column --><!-- wp:magazine-blocks\/column {\"clientId\":\"4e68f438\",\"colWidth\":{\"desktop\":25,\"tablet\":100,\"mobile\":100},\"blockMargin\":{\"dimension\":1,\"desktop\":{\"lock\":false,\"unit\":\"px\",\"top\":60}}} -->\r\n<div class=\"mzb-column mzb-column-4e68f438\">\r\n<div class=\"mzb-column-inner\"><!-- wp:magazine-blocks\/tab-post {\"clientId\":\"0ba452d9\",\"postCount\":5,\"postTitleColor\":\"#000000\",\"blockMargin\":{\"dimension\":1,\"desktop\":{\"lock\":false,\"unit\":\"px\",\"bottom\":50}}} \/--><!-- wp:magazine-blocks\/advertisement {\"clientId\":\"be4f65df\",\"imageSize\":\"160x600\",\"alignment\":{\"desktop\":\"center\",\"tablet\":\"center\",\"mobile\":\"center\"},\"advertisementImage\":{\"url\":\"http:\/\/www.pedagogie.ac-nice.fr\/casnav\/wp-content\/uploads\/sites\/67\/2024\/01\/cm-ads-160X600.png\",\"id\":793,\"height\":600,\"width\":160,\"alt\":\"\"}} -->\r\n<div class=\"mzb-advertisement mzb-advertisement-be4f65df\">\r\n<div class=\"mzb-advertisement-content\">\r\n<div class=\"mzb-advertisement-160x600\"><img class=\"wp-image-793\" src=\"http:\/\/www.pedagogie.ac-nice.fr\/casnav\/wp-content\/uploads\/sites\/67\/2024\/01\/cm-ads-160X600.png\" alt=\"\" width=\"160\" height=\"600\" \/><\/div>\r\n<\/div>\r\n<\/div>\r\n<!-- \/wp:magazine-blocks\/advertisement --><!-- wp:magazine-blocks\/category-list {\"clientId\":\"b36cf85e\",\"categoryCount\":5,\"blockMargin\":{\"dimension\":1,\"desktop\":{\"lock\":false,\"unit\":\"px\",\"top\":50}}} \/--><!-- wp:magazine-blocks\/post-list {\"clientId\":\"3c8a0d25\",\"category\":\"16\",\"postCount\":3,\"postTitleColor\":\"#000000\",\"blockMargin\":{\"dimension\":1,\"desktop\":{\"lock\":false,\"unit\":\"px\",\"top\":50}}} \/--><\/div>\r\n<\/div>\r\n<!-- \/wp:magazine-blocks\/column --><\/div>\r\n<\/div>\r\n<\/div>\r\n<!-- \/wp:magazine-blocks\/section --><!-- wp:magazine-blocks\/grid-module {\"clientId\":\"0ad1fc43\",\"category\":\"9\",\"label\":\"In Picture\",\"blockMargin\":{\"dimension\":1,\"desktop\":{\"lock\":false,\"unit\":\"px\",\"top\":80}}} \/--><!-- wp:magazine-blocks\/section {\"clientId\":\"3ef2262c\",\"columns\":1,\"background\":{\"background\":1,\"type\":\"color\",\"color\":\"#e3d5ff\"},\"blockPadding\":{\"dimension\":1,\"desktop\":{\"left\":15,\"right\":15,\"unit\":\"px\",\"top\":40,\"lock\":false,\"bottom\":40}},\"align\":\"full\"} -->\r\n<div class=\"alignfull mzb-section mzb-section-3ef2262c alignfull\">\r\n<div class=\"mzb-container\">\r\n<div class=\"mzb-section-inner\"><!-- wp:magazine-blocks\/column {\"clientId\":\"a804f3dd\",\"colWidth\":{\"desktop\":100,\"tablet\":100,\"mobile\":100}} -->\r\n<div class=\"mzb-column mzb-column-a804f3dd\">\r\n<div class=\"mzb-column-inner\"><!-- wp:magazine-blocks\/advertisement {\"clientId\":\"18ea64d8\",\"imageSize\":\"970x90\",\"alignment\":{\"desktop\":\"center\",\"tablet\":\"center\",\"mobile\":\"center\"},\"advertisementImage\":{\"url\":\"http:\/\/www.pedagogie.ac-nice.fr\/casnav\/wp-content\/uploads\/sites\/67\/2024\/01\/cm-ads-970x90-1.png\",\"id\":821,\"height\":91,\"width\":971,\"alt\":\"\"}} -->\r\n<div class=\"mzb-advertisement mzb-advertisement-18ea64d8\">\r\n<div class=\"mzb-advertisement-content\">\r\n<div class=\"mzb-advertisement-970x90\"><img class=\"wp-image-821\" src=\"http:\/\/www.pedagogie.ac-nice.fr\/casnav\/wp-content\/uploads\/sites\/67\/2024\/01\/cm-ads-970x90-1.png\" alt=\"\" width=\"971\" height=\"91\" \/><\/div>\r\n<\/div>\r\n<\/div>\r\n<!-- \/wp:magazine-blocks\/advertisement --><\/div>\r\n<\/div>\r\n<!-- \/wp:magazine-blocks\/column --><\/div>\r\n<\/div>\r\n<\/div>\r\n<!-- \/wp:magazine-blocks\/section -->","_et_gb_content_width":"","footnotes":""},"class_list":["post-69","page","type-page","status-publish","hentry"],"rttpg_featured_image_url":null,"rttpg_author":{"display_name":"norco","author_link":"https:\/\/www.pedagogie.ac-nice.fr\/casnav\/author\/norco\/"},"rttpg_comment":0,"rttpg_category":null,"rttpg_excerpt":"Bienvenue sur le site p\u00e9dagogique du Centre Acad\u00e9mique pour la Scolarisation des \u00e9l\u00e8ves allophones Nouvellement Arriv\u00e9s et des enfants issus de familles itin\u00e9rantes et de Voyageurs. Ce site est destin\u00e9 aux \u00e9quipes p\u00e9dagogiques de l'acad\u00e9mie de Nice. Il propose des ressources et documents utiles pour l'accompagnement des EANA (\u00e9l\u00e8ves allophones nouvellement arriv\u00e9s) et EFIV (enfants\u2026","post_mailing_queue_ids":[],"_links":{"self":[{"href":"https:\/\/www.pedagogie.ac-nice.fr\/casnav\/wp-json\/wp\/v2\/pages\/69","targetHints":{"allow":["GET"]}}],"collection":[{"href":"https:\/\/www.pedagogie.ac-nice.fr\/casnav\/wp-json\/wp\/v2\/pages"}],"about":[{"href":"https:\/\/www.pedagogie.ac-nice.fr\/casnav\/wp-json\/wp\/v2\/types\/page"}],"author":[{"embeddable":true,"href":"https:\/\/www.pedagogie.ac-nice.fr\/casnav\/wp-json\/wp\/v2\/users\/1"}],"replies":[{"embeddable":true,"href":"https:\/\/www.pedagogie.ac-nice.fr\/casnav\/wp-json\/wp\/v2\/comments?post=69"}],"version-history":[{"count":27,"href":"https:\/\/www.pedagogie.ac-nice.fr\/casnav\/wp-json\/wp\/v2\/pages\/69\/revisions"}],"predecessor-version":[{"id":2035,"href":"https:\/\/www.pedagogie.ac-nice.fr\/casnav\/wp-json\/wp\/v2\/pages\/69\/revisions\/2035"}],"wp:attachment":[{"href":"https:\/\/www.pedagogie.ac-nice.fr\/casnav\/wp-json\/wp\/v2\/media?parent=69"}],"curies":[{"name":"wp","href":"https:\/\/api.w.org\/{rel}","templated":true}]}}