{"id":1087,"date":"2023-10-20T13:41:28","date_gmt":"2023-10-20T11:41:28","guid":{"rendered":"https:\/\/www.pedagogie.ac-nice.fr\/cast\/?page_id=1087"},"modified":"2023-10-20T13:44:14","modified_gmt":"2023-10-20T11:44:14","slug":"annee-de-la-physique-2023-2024","status":"publish","type":"page","link":"https:\/\/www.pedagogie.ac-nice.fr\/cast\/annee-de-la-physique-2023-2024\/","title":{"rendered":"Ann\u00e9e de la physique 2023-2024"},"content":{"rendered":"<p><img loading=\"lazy\" decoding=\"async\" class=\"alignnone size-full wp-image-1088\" src=\"https:\/\/www.pedagogie.ac-nice.fr\/cast\/wp-content\/uploads\/sites\/46\/2023\/10\/annee-physique.jpeg\" alt=\"\" width=\"283\" height=\"160\">Le CNRS, la Soci\u00e9t\u00e9 Fran\u00e7aise de Physique, le minist\u00e8re de l\u2019\u00c9ducation Nationale et de la Jeunesse, le CEA et France Universit\u00e9s ont lanc\u00e9 l\u2019Ann\u00e9e de la Physique qui se d\u00e9roulera de septembre 2023 \u00e0 juillet 2024 <a href=\"https:\/\/anneedelaphysique.cnrs.fr\/\">https:<\/a><a href=\"https:\/\/anneedelaphysique.cnrs.fr\/\">\/\/anneedelaphysique.cnrs.fr\/<\/a><\/p>\n<p>Il s\u2019agit d\u2019une mobilisation exceptionnelle du monde scolaire, de l&rsquo;\u00e9cole primaire aux classes pr\u00e9paratoires, autour de la physique. Formation des professeurs aux derni\u00e8res avanc\u00e9es, visites de chercheurs et chercheuses dans les classes, visites de classes dans les laboratoires, concours vari\u00e9s seront au programme.<\/p>\n<p>Toutes les informations sont disponibles sur&nbsp;cette page&nbsp;:<\/p>\n<table width=\"665\">\n<tbody>\n<tr>\n<td><a href=\"https:\/\/www.cote-azur.cnrs.fr\/fr\/annee-de-la-physique-2023-2024\">https:\/\/www.cote-azur.cnrs.fr\/fr\/annee-de-la-physique-2023-2024<\/a><\/td>\n<\/tr>\n<\/tbody>\n<\/table>\n<table width=\"665\">\n<tbody>\n<tr>\n<td>Les professeurs qui d\u00e9sirent participer avec leurs \u00e9l\u00e8ves \u00e0 une des actions propos\u00e9es peuvent contacter les IA-IPR de physique chimie<\/td>\n<\/tr>\n<\/tbody>\n<\/table>\n<p>&nbsp;<\/p>\n","protected":false},"excerpt":{"rendered":"<p>Le CNRS, la Soci\u00e9t\u00e9 Fran\u00e7aise de Physique, le minist\u00e8re de l\u2019\u00c9ducation Nationale et de la Jeunesse, le CEA et France Universit\u00e9s ont lanc\u00e9 l\u2019Ann\u00e9e de la Physique qui se d\u00e9roulera de septembre 2023 \u00e0 juillet 2024 https:\/\/anneedelaphysique.cnrs.fr\/ Il s\u2019agit d\u2019une mobilisation exceptionnelle du monde scolaire, de l&rsquo;\u00e9cole primaire aux classes pr\u00e9paratoires, autour de la physique. [&hellip;]<\/p>\n","protected":false},"author":139,"featured_media":0,"parent":0,"menu_order":0,"comment_status":"closed","ping_status":"closed","template":"","meta":{"_et_pb_use_builder":"","_et_pb_old_content":"","_et_gb_content_width":"","ngg_post_thumbnail":0,"footnotes":""},"class_list":["post-1087","page","type-page","status-publish","hentry"],"rttpg_featured_image_url":null,"rttpg_author":{"display_name":"Yves Castel","author_link":"https:\/\/www.pedagogie.ac-nice.fr\/cast\/author\/castel\/"},"rttpg_comment":0,"rttpg_category":null,"rttpg_excerpt":"Le CNRS, la Soci\u00e9t\u00e9 Fran\u00e7aise de Physique, le minist\u00e8re de l\u2019\u00c9ducation Nationale et de la Jeunesse, le CEA et France Universit\u00e9s ont lanc\u00e9 l\u2019Ann\u00e9e de la Physique qui se d\u00e9roulera de septembre 2023 \u00e0 juillet 2024 https:\/\/anneedelaphysique.cnrs.fr\/ Il s\u2019agit d\u2019une mobilisation exceptionnelle du monde scolaire, de l&rsquo;\u00e9cole primaire aux classes pr\u00e9paratoires, autour de la physique.\u2026","post_mailing_queue_ids":[],"_links":{"self":[{"href":"https:\/\/www.pedagogie.ac-nice.fr\/cast\/wp-json\/wp\/v2\/pages\/1087","targetHints":{"allow":["GET"]}}],"collection":[{"href":"https:\/\/www.pedagogie.ac-nice.fr\/cast\/wp-json\/wp\/v2\/pages"}],"about":[{"href":"https:\/\/www.pedagogie.ac-nice.fr\/cast\/wp-json\/wp\/v2\/types\/page"}],"author":[{"embeddable":true,"href":"https:\/\/www.pedagogie.ac-nice.fr\/cast\/wp-json\/wp\/v2\/users\/139"}],"replies":[{"embeddable":true,"href":"https:\/\/www.pedagogie.ac-nice.fr\/cast\/wp-json\/wp\/v2\/comments?post=1087"}],"version-history":[{"count":2,"href":"https:\/\/www.pedagogie.ac-nice.fr\/cast\/wp-json\/wp\/v2\/pages\/1087\/revisions"}],"predecessor-version":[{"id":1091,"href":"https:\/\/www.pedagogie.ac-nice.fr\/cast\/wp-json\/wp\/v2\/pages\/1087\/revisions\/1091"}],"wp:attachment":[{"href":"https:\/\/www.pedagogie.ac-nice.fr\/cast\/wp-json\/wp\/v2\/media?parent=1087"}],"curies":[{"name":"wp","href":"https:\/\/api.w.org\/{rel}","templated":true}]}}