{"id":1504,"date":"2024-09-15T22:23:42","date_gmt":"2024-09-15T20:23:42","guid":{"rendered":"https:\/\/www.pedagogie.ac-nice.fr\/cast\/?page_id=1504"},"modified":"2025-09-13T23:08:08","modified_gmt":"2025-09-13T21:08:08","slug":"2024-2025-annee-des-geosciences","status":"publish","type":"page","link":"https:\/\/www.pedagogie.ac-nice.fr\/cast\/2024-2025-annee-des-geosciences\/","title":{"rendered":"2025 &#8211; 2026 | Ann\u00e9e de l&rsquo;ing\u00e9nierie"},"content":{"rendered":"<table style=\"border-collapse: collapse; width: 100%;\">\n<tbody>\n<tr>\n<td style=\"width: 34.1321%;\"><img loading=\"lazy\" decoding=\"async\" class=\"alignnone size-medium wp-image-1595\" src=\"https:\/\/www.pedagogie.ac-nice.fr\/cast\/wp-content\/uploads\/sites\/46\/2025\/09\/Capture-decran-2025-09-13-a-22.52.26-274x300.png\" alt=\"\" width=\"274\" height=\"300\" srcset=\"https:\/\/www.pedagogie.ac-nice.fr\/cast\/wp-content\/uploads\/sites\/46\/2025\/09\/Capture-decran-2025-09-13-a-22.52.26-274x300.png 274w, https:\/\/www.pedagogie.ac-nice.fr\/cast\/wp-content\/uploads\/sites\/46\/2025\/09\/Capture-decran-2025-09-13-a-22.52.26-934x1024.png 934w, https:\/\/www.pedagogie.ac-nice.fr\/cast\/wp-content\/uploads\/sites\/46\/2025\/09\/Capture-decran-2025-09-13-a-22.52.26-768x842.png 768w, https:\/\/www.pedagogie.ac-nice.fr\/cast\/wp-content\/uploads\/sites\/46\/2025\/09\/Capture-decran-2025-09-13-a-22.52.26-1080x1184.png 1080w, https:\/\/www.pedagogie.ac-nice.fr\/cast\/wp-content\/uploads\/sites\/46\/2025\/09\/Capture-decran-2025-09-13-a-22.52.26.png 1250w\" sizes=\"(max-width: 274px) 100vw, 274px\" \/><\/td>\n<td style=\"width: 65.8679%; vertical-align: top;\">\n<div class=\"elementor-element elementor-element-74c9ab0a elementor-widget elementor-widget-heading\" data-id=\"74c9ab0a\" data-element_type=\"widget\" data-widget_type=\"heading.default\">\n<div class=\"elementor-widget-container\">\n<h1 class=\"elementor-heading-title elementor-size-default\"><span style=\"color: #2271b1;\">Ann\u00e9e de l&rsquo;ing\u00e9nierie 2025 2026<\/span><\/h1>\n<\/div>\n<\/div>\n<div class=\"elementor-element elementor-element-1bba8fe0 elementor-widget elementor-widget-heading\" data-id=\"1bba8fe0\" data-element_type=\"widget\" data-widget_type=\"heading.default\">\n<div class=\"elementor-widget-container\">\n<h2 class=\"elementor-heading-title elementor-size-default\">Parce que les grands d\u00e9fis de demain se rel\u00e8vent d\u00e8s aujourd\u2019hui, d\u00e9couvrez comment l\u2019ing\u00e9nierie peut y contribuer.<\/h2>\n<\/div>\n<\/div>\n<div class=\"elementor-element elementor-element-618d28e6 elementor-widget elementor-widget-text-editor\" data-id=\"618d28e6\" data-element_type=\"widget\" data-widget_type=\"text-editor.default\">\n<div class=\"elementor-widget-container\">\n<p>L\u2019Ann\u00e9e de l\u2019ing\u00e9nierie 2025-2026 a pour vocation de rapprocher l\u2019\u00e9cole, la recherche, les entreprises et le grand public pour valoriser les m\u00e9tiers ainsi que les savoirs scientifiques et technologiques qui dessinent l\u2019avenir.<\/p>\n<table style=\"border-collapse: collapse; width: 49.4318%; height: 24px;\">\n<tbody>\n<tr>\n<td style=\"width: 100%; background-color: #2271b1;\"><strong><span style=\"color: #ffffff;\"><a class=\"elementor-button elementor-button-link elementor-size-sm elementor-animation-float\" style=\"font-family: inherit; font-size: inherit; color: #ffffff;\" href=\"https:\/\/anneeingenierie.fr\/objectifs-annee-ingenierie\/\" target=\"_blank\" rel=\"noopener\"><span class=\"elementor-button-content-wrapper\"><span class=\"elementor-button-text\">Quels sont les objectifs de l&rsquo;Ann\u00e9e<\/span><\/span><\/a><\/span><\/strong><\/td>\n<\/tr>\n<\/tbody>\n<\/table>\n<p>&nbsp;<\/p><\/div>\n<\/div>\n<\/td>\n<\/tr>\n<\/tbody>\n<\/table>\n<p>&nbsp;<\/p>\n","protected":false},"excerpt":{"rendered":"<p>Ann\u00e9e de l&rsquo;ing\u00e9nierie 2025 2026 Parce que les grands d\u00e9fis de demain se rel\u00e8vent d\u00e8s aujourd\u2019hui, d\u00e9couvrez comment l\u2019ing\u00e9nierie peut y contribuer. L\u2019Ann\u00e9e de l\u2019ing\u00e9nierie 2025-2026 a pour vocation de rapprocher l\u2019\u00e9cole, la recherche, les entreprises et le grand public pour valoriser les m\u00e9tiers ainsi que les savoirs scientifiques et technologiques qui dessinent l\u2019avenir. Quels [&hellip;]<\/p>\n","protected":false},"author":139,"featured_media":0,"parent":0,"menu_order":0,"comment_status":"closed","ping_status":"closed","template":"","meta":{"_et_pb_use_builder":"","_et_pb_old_content":"","_et_gb_content_width":"","ngg_post_thumbnail":0,"footnotes":""},"class_list":["post-1504","page","type-page","status-publish","hentry"],"rttpg_featured_image_url":null,"rttpg_author":{"display_name":"Yves Castel","author_link":"https:\/\/www.pedagogie.ac-nice.fr\/cast\/author\/castel\/"},"rttpg_comment":0,"rttpg_category":null,"rttpg_excerpt":"Ann\u00e9e de l&rsquo;ing\u00e9nierie 2025 2026 Parce que les grands d\u00e9fis de demain se rel\u00e8vent d\u00e8s aujourd\u2019hui, d\u00e9couvrez comment l\u2019ing\u00e9nierie peut y contribuer. L\u2019Ann\u00e9e de l\u2019ing\u00e9nierie 2025-2026 a pour vocation de rapprocher l\u2019\u00e9cole, la recherche, les entreprises et le grand public pour valoriser les m\u00e9tiers ainsi que les savoirs scientifiques et technologiques qui dessinent l\u2019avenir. Quels\u2026","post_mailing_queue_ids":[],"_links":{"self":[{"href":"https:\/\/www.pedagogie.ac-nice.fr\/cast\/wp-json\/wp\/v2\/pages\/1504","targetHints":{"allow":["GET"]}}],"collection":[{"href":"https:\/\/www.pedagogie.ac-nice.fr\/cast\/wp-json\/wp\/v2\/pages"}],"about":[{"href":"https:\/\/www.pedagogie.ac-nice.fr\/cast\/wp-json\/wp\/v2\/types\/page"}],"author":[{"embeddable":true,"href":"https:\/\/www.pedagogie.ac-nice.fr\/cast\/wp-json\/wp\/v2\/users\/139"}],"replies":[{"embeddable":true,"href":"https:\/\/www.pedagogie.ac-nice.fr\/cast\/wp-json\/wp\/v2\/comments?post=1504"}],"version-history":[{"count":5,"href":"https:\/\/www.pedagogie.ac-nice.fr\/cast\/wp-json\/wp\/v2\/pages\/1504\/revisions"}],"predecessor-version":[{"id":1597,"href":"https:\/\/www.pedagogie.ac-nice.fr\/cast\/wp-json\/wp\/v2\/pages\/1504\/revisions\/1597"}],"wp:attachment":[{"href":"https:\/\/www.pedagogie.ac-nice.fr\/cast\/wp-json\/wp\/v2\/media?parent=1504"}],"curies":[{"name":"wp","href":"https:\/\/api.w.org\/{rel}","templated":true}]}}

2025 &#8211; 2026 | Année de l&rsquo;ingénierie

<table style="border-collapse: collapse; width: 100%;">
<tbody>
<tr>
<td style="width: 34.1321%;"><img loading="lazy" decoding="async" class="alignnone size-medium wp-image-1595" src="https://www.pedagogie.ac-nice.fr/cast/wp-content/uploads/sites/46/2025/09/Capture-decran-2025-09-13-a-22.52.26-274x300.png" alt="" width="274" height="300" srcset="https://www.pedagogie.ac-nice.fr/cast/wp-content/uploads/sites/46/2025/09/Capture-decran-2025-09-13-a-22.52.26-274x300.png 274w, https://www.pedagogie.ac-nice.fr/cast/wp-content/uploads/sites/46/2025/09/Capture-decran-2025-09-13-a-22.52.26-934x1024.png 934w, https://www.pedagogie.ac-nice.fr/cast/wp-content/uploads/sites/46/2025/09/Capture-decran-2025-09-13-a-22.52.26-768x842.png 768w, https://www.pedagogie.ac-nice.fr/cast/wp-content/uploads/sites/46/2025/09/Capture-decran-2025-09-13-a-22.52.26-1080x1184.png 1080w, https://www.pedagogie.ac-nice.fr/cast/wp-content/uploads/sites/46/2025/09/Capture-decran-2025-09-13-a-22.52.26.png 1250w" sizes="(max-width: 274px) 100vw, 274px" /></td>
<td style="width: 65.8679%; vertical-align: top;">
<div class="elementor-element elementor-element-74c9ab0a elementor-widget elementor-widget-heading" data-id="74c9ab0a" data-element_type="widget" data-widget_type="heading.default">
<div class="elementor-widget-container">
<h1 class="elementor-heading-title elementor-size-default"><span style="color: #2271b1;">Année de l&rsquo;ingénierie 2025 2026</span></h1>
</div>
</div>
<div class="elementor-element elementor-element-1bba8fe0 elementor-widget elementor-widget-heading" data-id="1bba8fe0" data-element_type="widget" data-widget_type="heading.default">
<div class="elementor-widget-container">
<h2 class="elementor-heading-title elementor-size-default">Parce que les grands défis de demain se relèvent dès aujourd’hui, découvrez comment l’ingénierie peut y contribuer.</h2>
</div>
</div>
<div class="elementor-element elementor-element-618d28e6 elementor-widget elementor-widget-text-editor" data-id="618d28e6" data-element_type="widget" data-widget_type="text-editor.default">
<div class="elementor-widget-container">
<p>L’Année de l’ingénierie 2025-2026 a pour vocation de rapprocher l’école, la recherche, les entreprises et le grand public pour valoriser les métiers ainsi que les savoirs scientifiques et technologiques qui dessinent l’avenir.</p>
<table style="border-collapse: collapse; width: 49.4318%; height: 24px;">
<tbody>
<tr>
<td style="width: 100%; background-color: #2271b1;"><strong><span style="color: #ffffff;"><a class="elementor-button elementor-button-link elementor-size-sm elementor-animation-float" style="font-family: inherit; font-size: inherit; color: #ffffff;" href="https://anneeingenierie.fr/objectifs-annee-ingenierie/" target="_blank" rel="noopener"><span class="elementor-button-content-wrapper"><span class="elementor-button-text">Quels sont les objectifs de l&rsquo;Année</span></span></a></span></strong></td>
</tr>
</tbody>
</table>
<p>&nbsp;</p></div>
</div>
</td>
</tr>
</tbody>
</table>
<p>&nbsp;</p>

<p>Année de l&rsquo;ingénierie 2025 2026 Parce que les grands défis de demain se relèvent dès aujourd’hui, découvrez comment l’ingénierie peut y contribuer. L’Année de l’ingénierie 2025-2026 a pour vocation de rapprocher l’école, la recherche, les entreprises et le grand public pour valoriser les métiers ainsi que les savoirs scientifiques et technologiques qui dessinent l’avenir. Quels [&hellip;]</p>

Année de l&rsquo;ingénierie 2025 2026 Parce que les grands défis de demain se relèvent dès aujourd’hui, découvrez comment l’ingénierie peut y contribuer. L’Année de l’ingénierie 2025-2026 a pour vocation de rapprocher l’école, la recherche, les entreprises et le grand public pour valoriser les métiers ainsi que les savoirs scientifiques et technologiques qui dessinent l’avenir. Quels…
