{"id":338,"date":"2020-11-12T16:52:11","date_gmt":"2020-11-12T15:52:11","guid":{"rendered":"https:\/\/www.pedagogie.ac-nice.fr\/cast1\/?page_id=338"},"modified":"2020-11-12T17:02:50","modified_gmt":"2020-11-12T16:02:50","slug":"math-en-jeans","status":"publish","type":"page","link":"https:\/\/www.pedagogie.ac-nice.fr\/cast\/math-en-jeans\/","title":{"rendered":"Math en Jeans"},"content":{"rendered":"<p><img loading=\"lazy\" decoding=\"async\" class=\"alignleft wp-image-339 size-medium\" src=\"https:\/\/www.pedagogie.ac-nice.fr\/cast1\/wp-content\/uploads\/sites\/46\/2020\/11\/logo_math_en_jeans-300x96.png\" alt=\"\" width=\"300\" height=\"96\" srcset=\"https:\/\/www.pedagogie.ac-nice.fr\/cast\/wp-content\/uploads\/sites\/46\/2020\/11\/logo_math_en_jeans-300x96.png 300w, https:\/\/www.pedagogie.ac-nice.fr\/cast\/wp-content\/uploads\/sites\/46\/2020\/11\/logo_math_en_jeans.png 524w\" sizes=\"(max-width: 300px) 100vw, 300px\" \/><\/p>\n<p>Association loi 1901, agr\u00e9\u00e9e par l&rsquo;\u00c9ducation Nationale, laur\u00e9ate 2015 de l&rsquo;initiative pr\u00e9sidentielle \u00ab\u00a0La France s&rsquo;engage\u00a0\u00bb, MATh.en.JEANS a pour but de d\u00e9velopper \u00ab\u00a0des actions de jumelage entre un math\u00e9maticien et des \u00e9tablissements scolaires, afin de mettre les jeunes en situation de recherche, permettre aux \u00e9l\u00e8ves comme \u00e0 leurs parents de se faire une autre image des math\u00e9matiques que celle d&rsquo;une discipline scolaire s\u00e9lective ou de champ scientifique strict et achev\u00e9\u00a0\u00bb<\/p>\n<p class=\"rtejustify\">L&rsquo;acronyme de l&rsquo;association signifie \u00ab\u00a0<strong>M<\/strong>\u00e9thode d&rsquo;<strong>A<\/strong>pprentissage des <strong>Th<\/strong>\u00e9ories math\u00e9matiques <strong>en J<\/strong>umelant des <strong>\u00c9<\/strong>tablissements pour une <strong>A<\/strong>pproche <strong>N<\/strong>ouvelle du <strong>S<\/strong>avoir\u00a0\u00bb.<\/p>\n<p>Pour en savoir plus : <a href=\"https:\/\/www.mathenjeans.fr\/\" target=\"_blank\" rel=\"noopener noreferrer\">www.mathenjeans.fr\/<\/a><\/p>\n","protected":false},"excerpt":{"rendered":"<p>Association loi 1901, agr\u00e9\u00e9e par l&rsquo;\u00c9ducation Nationale, laur\u00e9ate 2015 de l&rsquo;initiative pr\u00e9sidentielle \u00ab\u00a0La France s&rsquo;engage\u00a0\u00bb, MATh.en.JEANS a pour but de d\u00e9velopper \u00ab\u00a0des actions de jumelage entre un math\u00e9maticien et des \u00e9tablissements scolaires, afin de mettre les jeunes en situation de recherche, permettre aux \u00e9l\u00e8ves comme \u00e0 leurs parents de se faire une autre image des [&hellip;]<\/p>\n","protected":false},"author":261,"featured_media":0,"parent":0,"menu_order":0,"comment_status":"closed","ping_status":"closed","template":"","meta":{"_et_pb_use_builder":"","_et_pb_old_content":"","_et_gb_content_width":"","ngg_post_thumbnail":0,"footnotes":""},"class_list":["post-338","page","type-page","status-publish","hentry"],"rttpg_featured_image_url":null,"rttpg_author":{"display_name":"L'\u00e9quipe CAST","author_link":"https:\/\/www.pedagogie.ac-nice.fr\/cast\/author\/cast1\/"},"rttpg_comment":0,"rttpg_category":null,"rttpg_excerpt":"Association loi 1901, agr\u00e9\u00e9e par l&rsquo;\u00c9ducation Nationale, laur\u00e9ate 2015 de l&rsquo;initiative pr\u00e9sidentielle \u00ab\u00a0La France s&rsquo;engage\u00a0\u00bb, MATh.en.JEANS a pour but de d\u00e9velopper \u00ab\u00a0des actions de jumelage entre un math\u00e9maticien et des \u00e9tablissements scolaires, afin de mettre les jeunes en situation de recherche, permettre aux \u00e9l\u00e8ves comme \u00e0 leurs parents de se faire une autre image des\u2026","post_mailing_queue_ids":[],"_links":{"self":[{"href":"https:\/\/www.pedagogie.ac-nice.fr\/cast\/wp-json\/wp\/v2\/pages\/338","targetHints":{"allow":["GET"]}}],"collection":[{"href":"https:\/\/www.pedagogie.ac-nice.fr\/cast\/wp-json\/wp\/v2\/pages"}],"about":[{"href":"https:\/\/www.pedagogie.ac-nice.fr\/cast\/wp-json\/wp\/v2\/types\/page"}],"author":[{"embeddable":true,"href":"https:\/\/www.pedagogie.ac-nice.fr\/cast\/wp-json\/wp\/v2\/users\/261"}],"replies":[{"embeddable":true,"href":"https:\/\/www.pedagogie.ac-nice.fr\/cast\/wp-json\/wp\/v2\/comments?post=338"}],"version-history":[{"count":6,"href":"https:\/\/www.pedagogie.ac-nice.fr\/cast\/wp-json\/wp\/v2\/pages\/338\/revisions"}],"predecessor-version":[{"id":351,"href":"https:\/\/www.pedagogie.ac-nice.fr\/cast\/wp-json\/wp\/v2\/pages\/338\/revisions\/351"}],"wp:attachment":[{"href":"https:\/\/www.pedagogie.ac-nice.fr\/cast\/wp-json\/wp\/v2\/media?parent=338"}],"curies":[{"name":"wp","href":"https:\/\/api.w.org\/{rel}","templated":true}]}}