{"id":359,"date":"2020-11-12T17:25:11","date_gmt":"2020-11-12T16:25:11","guid":{"rendered":"https:\/\/www.pedagogie.ac-nice.fr\/cast1\/?page_id=359"},"modified":"2020-11-12T17:35:37","modified_gmt":"2020-11-12T16:35:37","slug":"la-fete-de-la-science","status":"publish","type":"page","link":"https:\/\/www.pedagogie.ac-nice.fr\/cast\/la-fete-de-la-science\/","title":{"rendered":"La F\u00eate de la Science"},"content":{"rendered":"<p><img loading=\"lazy\" decoding=\"async\" class=\"alignleft wp-image-357 size-medium\" src=\"https:\/\/www.pedagogie.ac-nice.fr\/cast1\/wp-content\/uploads\/sites\/46\/2020\/11\/logo_fete_de_la_science-300x158.jpg\" alt=\"\" width=\"300\" height=\"158\" srcset=\"https:\/\/www.pedagogie.ac-nice.fr\/cast\/wp-content\/uploads\/sites\/46\/2020\/11\/logo_fete_de_la_science-300x158.jpg 300w, https:\/\/www.pedagogie.ac-nice.fr\/cast\/wp-content\/uploads\/sites\/46\/2020\/11\/logo_fete_de_la_science-1024x538.jpg 1024w, https:\/\/www.pedagogie.ac-nice.fr\/cast\/wp-content\/uploads\/sites\/46\/2020\/11\/logo_fete_de_la_science-768x403.jpg 768w, https:\/\/www.pedagogie.ac-nice.fr\/cast\/wp-content\/uploads\/sites\/46\/2020\/11\/logo_fete_de_la_science-390x205.jpg 390w, https:\/\/www.pedagogie.ac-nice.fr\/cast\/wp-content\/uploads\/sites\/46\/2020\/11\/logo_fete_de_la_science.jpg 1200w\" sizes=\"(max-width: 300px) 100vw, 300px\" \/>Cr\u00e9\u00e9e en 1991, la F\u00eate de la Science est organis\u00e9e chaque ann\u00e9e par le minist\u00e8re charg\u00e9 de l&rsquo;Enseignement sup\u00e9rieur, de la Recherche et de l&rsquo;Innovation pour permettre \u00e0 chacun de d\u00e9couvrir le monde des sciences et de rencontrer les femmes et les hommes qui font la science d&rsquo;aujourd&rsquo;hui.<\/p>\n<p>La f\u00eate de la Science a eu lieu du 2 au 12 octobre 2020.<\/p>\n<p>Pour en savoir plus : <a href=\"https:\/\/www.fetedelascience.fr\/\" target=\"_blank\" rel=\"noopener noreferrer\">www.fetedelascience.fr\/<\/a><\/p>\n","protected":false},"excerpt":{"rendered":"<p>Cr\u00e9\u00e9e en 1991, la F\u00eate de la Science est organis\u00e9e chaque ann\u00e9e par le minist\u00e8re charg\u00e9 de l&rsquo;Enseignement sup\u00e9rieur, de la Recherche et de l&rsquo;Innovation pour permettre \u00e0 chacun de d\u00e9couvrir le monde des sciences et de rencontrer les femmes et les hommes qui font la science d&rsquo;aujourd&rsquo;hui. La f\u00eate de la Science a eu [&hellip;]<\/p>\n","protected":false},"author":261,"featured_media":0,"parent":0,"menu_order":0,"comment_status":"closed","ping_status":"closed","template":"","meta":{"_et_pb_use_builder":"","_et_pb_old_content":"","_et_gb_content_width":"","ngg_post_thumbnail":0,"footnotes":""},"class_list":["post-359","page","type-page","status-publish","hentry"],"rttpg_featured_image_url":null,"rttpg_author":{"display_name":"L'\u00e9quipe CAST","author_link":"https:\/\/www.pedagogie.ac-nice.fr\/cast\/author\/cast1\/"},"rttpg_comment":0,"rttpg_category":null,"rttpg_excerpt":"Cr\u00e9\u00e9e en 1991, la F\u00eate de la Science est organis\u00e9e chaque ann\u00e9e par le minist\u00e8re charg\u00e9 de l&rsquo;Enseignement sup\u00e9rieur, de la Recherche et de l&rsquo;Innovation pour permettre \u00e0 chacun de d\u00e9couvrir le monde des sciences et de rencontrer les femmes et les hommes qui font la science d&rsquo;aujourd&rsquo;hui. La f\u00eate de la Science a eu\u2026","post_mailing_queue_ids":[],"_links":{"self":[{"href":"https:\/\/www.pedagogie.ac-nice.fr\/cast\/wp-json\/wp\/v2\/pages\/359","targetHints":{"allow":["GET"]}}],"collection":[{"href":"https:\/\/www.pedagogie.ac-nice.fr\/cast\/wp-json\/wp\/v2\/pages"}],"about":[{"href":"https:\/\/www.pedagogie.ac-nice.fr\/cast\/wp-json\/wp\/v2\/types\/page"}],"author":[{"embeddable":true,"href":"https:\/\/www.pedagogie.ac-nice.fr\/cast\/wp-json\/wp\/v2\/users\/261"}],"replies":[{"embeddable":true,"href":"https:\/\/www.pedagogie.ac-nice.fr\/cast\/wp-json\/wp\/v2\/comments?post=359"}],"version-history":[{"count":1,"href":"https:\/\/www.pedagogie.ac-nice.fr\/cast\/wp-json\/wp\/v2\/pages\/359\/revisions"}],"predecessor-version":[{"id":360,"href":"https:\/\/www.pedagogie.ac-nice.fr\/cast\/wp-json\/wp\/v2\/pages\/359\/revisions\/360"}],"wp:attachment":[{"href":"https:\/\/www.pedagogie.ac-nice.fr\/cast\/wp-json\/wp\/v2\/media?parent=359"}],"curies":[{"name":"wp","href":"https:\/\/api.w.org\/{rel}","templated":true}]}}

La Fête de la Science

<p><img loading="lazy" decoding="async" class="alignleft wp-image-357 size-medium" src="https://www.pedagogie.ac-nice.fr/cast1/wp-content/uploads/sites/46/2020/11/logo_fete_de_la_science-300x158.jpg" alt="" width="300" height="158" srcset="https://www.pedagogie.ac-nice.fr/cast/wp-content/uploads/sites/46/2020/11/logo_fete_de_la_science-300x158.jpg 300w, https://www.pedagogie.ac-nice.fr/cast/wp-content/uploads/sites/46/2020/11/logo_fete_de_la_science-1024x538.jpg 1024w, https://www.pedagogie.ac-nice.fr/cast/wp-content/uploads/sites/46/2020/11/logo_fete_de_la_science-768x403.jpg 768w, https://www.pedagogie.ac-nice.fr/cast/wp-content/uploads/sites/46/2020/11/logo_fete_de_la_science-390x205.jpg 390w, https://www.pedagogie.ac-nice.fr/cast/wp-content/uploads/sites/46/2020/11/logo_fete_de_la_science.jpg 1200w" sizes="(max-width: 300px) 100vw, 300px" />Créée en 1991, la Fête de la Science est organisée chaque année par le ministère chargé de l&rsquo;Enseignement supérieur, de la Recherche et de l&rsquo;Innovation pour permettre à chacun de découvrir le monde des sciences et de rencontrer les femmes et les hommes qui font la science d&rsquo;aujourd&rsquo;hui.</p>
<p>La fête de la Science a eu lieu du 2 au 12 octobre 2020.</p>
<p>Pour en savoir plus : <a href="https://www.fetedelascience.fr/" target="_blank" rel="noopener noreferrer">www.fetedelascience.fr/</a></p>

<p>Créée en 1991, la Fête de la Science est organisée chaque année par le ministère chargé de l&rsquo;Enseignement supérieur, de la Recherche et de l&rsquo;Innovation pour permettre à chacun de découvrir le monde des sciences et de rencontrer les femmes et les hommes qui font la science d&rsquo;aujourd&rsquo;hui. La fête de la Science a eu [&hellip;]</p>

L'équipe CAST

Créée en 1991, la Fête de la Science est organisée chaque année par le ministère chargé de l&rsquo;Enseignement supérieur, de la Recherche et de l&rsquo;Innovation pour permettre à chacun de découvrir le monde des sciences et de rencontrer les femmes et les hommes qui font la science d&rsquo;aujourd&rsquo;hui. La fête de la Science a eu…
