{"id":385,"date":"2020-11-12T18:13:22","date_gmt":"2020-11-12T17:13:22","guid":{"rendered":"https:\/\/www.pedagogie.ac-nice.fr\/cast1\/?page_id=385"},"modified":"2024-09-17T14:39:12","modified_gmt":"2024-09-17T12:39:12","slug":"le-concours-cgenial","status":"publish","type":"page","link":"https:\/\/www.pedagogie.ac-nice.fr\/cast\/le-concours-cgenial\/","title":{"rendered":"Le concours CG\u00e9nial"},"content":{"rendered":"<p>[et_pb_section fb_built=\u00a0\u00bb1&Prime; _builder_version=\u00a0\u00bb3.22&Prime; global_colors_info=\u00a0\u00bb{}\u00a0\u00bb][et_pb_row _builder_version=\u00a0\u00bb3.25&Prime; background_size=\u00a0\u00bbinitial\u00a0\u00bb background_position=\u00a0\u00bbtop_left\u00a0\u00bb background_repeat=\u00a0\u00bbrepeat\u00a0\u00bb global_colors_info=\u00a0\u00bb{}\u00a0\u00bb][et_pb_column type=\u00a0\u00bb4_4&Prime; _builder_version=\u00a0\u00bb3.25&Prime; custom_padding=\u00a0\u00bb|||\u00a0\u00bb global_colors_info=\u00a0\u00bb{}\u00a0\u00bb custom_padding__hover=\u00a0\u00bb|||\u00a0\u00bb][et_pb_blog fullwidth=\u00a0\u00bboff\u00a0\u00bb include_categories=\u00a0\u00bb20&Prime; show_more=\u00a0\u00bbon\u00a0\u00bb show_author=\u00a0\u00bboff\u00a0\u00bb show_date=\u00a0\u00bboff\u00a0\u00bb show_categories=\u00a0\u00bboff\u00a0\u00bb show_pagination=\u00a0\u00bboff\u00a0\u00bb _builder_version=\u00a0\u00bb4.10.7&Prime; _module_preset=\u00a0\u00bbdefault\u00a0\u00bb hover_enabled=\u00a0\u00bb0&Prime; global_colors_info=\u00a0\u00bb{}\u00a0\u00bb sticky_enabled=\u00a0\u00bb0&Prime;][\/et_pb_blog][\/et_pb_column][\/et_pb_row][\/et_pb_section]<\/p>\n","protected":false},"excerpt":{"rendered":"","protected":false},"author":261,"featured_media":0,"parent":0,"menu_order":0,"comment_status":"closed","ping_status":"closed","template":"","meta":{"_et_pb_use_builder":"on","_et_pb_old_content":"<p><img class=\"alignleft wp-image-225 size-medium\" src=\"https:\/\/www.pedagogie.ac-nice.fr\/cast1\/wp-content\/uploads\/sites\/46\/2020\/10\/cgenial_logo_quadri_fdblanc_RVB-300x128.png\" alt=\"\" width=\"300\" height=\"128\">Cr\u00e9\u00e9 par la Fondation CG\u00e9nial, en partenariat avec le dispositif minist\u00e9riel \"Sciences \u00e0 l'\u00c9cole\", ce concours a pour objectif de promouvoir l'enseignement des sciences et des techniques dans les coll\u00e8ges et lyc\u00e9es, par la s\u00e9lection de projets d'\u00e9quipes r\u00e9unissant des \u00e9l\u00e8ves et leurs enseignants :<br><a href=\"http:\/\/www.sciencesalecole.org\/concours%20c%20genial%20presentation\/\" target=\"_blank\" rel=\"noopener noreferrer\">www.sciencesalecole.org\/concours c genial presentation\/<\/a><\/p><p>Ce concours permet aux coll\u00e9giens et lyc\u00e9ens de pr\u00e9senter un projet innovant, empreint d'une r\u00e9elle d\u00e9marche d'investigation, dans les domaines scientifiques et techniques : physique, chimie, math\u00e9matiques, technologie, sciences de la vie et de la terre...<br>De nombreuses activit\u00e9s d\u00e9velopp\u00e9es lors d'ateliers scientifiques, clubs ou autres correspondent \u00e0 ces crit\u00e8res. Les projets r\u00e9alis\u00e9s en partenariat avec le monde de la science et la sph\u00e8re industrielle, font l'objet d'une attention particuli\u00e8re.<\/p><p>Les inscriptions pour l\u2019\u00e9dition 2021 du concours CG\u00e9nial sont ouvertes. Des subventions peuvent \u00eatre attribu\u00e9es aux \u00e9quipes uniquement lors du premier tour des inscriptions soit cette ann\u00e9e avant le 15 novembre 2020.<\/p><p>Pour de plus amples informations : <a href=\"https:\/\/www.cgenial.org\/82-nos-actions\/145-concours-cgenial\" target=\"_blank\" rel=\"noopener noreferrer\">www.cgenial.org\/82-nos-actions\/145-concours-cgenial<\/a><br>Contact : Isabelle Ch\u00e8n\u00e9 (isabelle.chene@ac-nice.fr ), Professeure r\u00e9f\u00e9rente acad\u00e9mique.<\/p>","_et_gb_content_width":"","ngg_post_thumbnail":0,"footnotes":""},"class_list":["post-385","page","type-page","status-publish","hentry"],"rttpg_featured_image_url":null,"rttpg_author":{"display_name":"L'\u00e9quipe CAST","author_link":"https:\/\/www.pedagogie.ac-nice.fr\/cast\/author\/cast1\/"},"rttpg_comment":0,"rttpg_category":null,"rttpg_excerpt":null,"post_mailing_queue_ids":[],"_links":{"self":[{"href":"https:\/\/www.pedagogie.ac-nice.fr\/cast\/wp-json\/wp\/v2\/pages\/385","targetHints":{"allow":["GET"]}}],"collection":[{"href":"https:\/\/www.pedagogie.ac-nice.fr\/cast\/wp-json\/wp\/v2\/pages"}],"about":[{"href":"https:\/\/www.pedagogie.ac-nice.fr\/cast\/wp-json\/wp\/v2\/types\/page"}],"author":[{"embeddable":true,"href":"https:\/\/www.pedagogie.ac-nice.fr\/cast\/wp-json\/wp\/v2\/users\/261"}],"replies":[{"embeddable":true,"href":"https:\/\/www.pedagogie.ac-nice.fr\/cast\/wp-json\/wp\/v2\/comments?post=385"}],"version-history":[{"count":6,"href":"https:\/\/www.pedagogie.ac-nice.fr\/cast\/wp-json\/wp\/v2\/pages\/385\/revisions"}],"predecessor-version":[{"id":1532,"href":"https:\/\/www.pedagogie.ac-nice.fr\/cast\/wp-json\/wp\/v2\/pages\/385\/revisions\/1532"}],"wp:attachment":[{"href":"https:\/\/www.pedagogie.ac-nice.fr\/cast\/wp-json\/wp\/v2\/media?parent=385"}],"curies":[{"name":"wp","href":"https:\/\/api.w.org\/{rel}","templated":true}]}}

Le concours CGénial

<p><img class="alignleft wp-image-225 size-medium" src="https://www.pedagogie.ac-nice.fr/cast1/wp-content/uploads/sites/46/2020/10/cgenial_logo_quadri_fdblanc_RVB-300x128.png" alt="" width="300" height="128">Créé par la Fondation CGénial, en partenariat avec le dispositif ministériel "Sciences à l'École", ce concours a pour objectif de promouvoir l'enseignement des sciences et des techniques dans les collèges et lycées, par la sélection de projets d'équipes réunissant des élèves et leurs enseignants :<br><a href="http://www.sciencesalecole.org/concours%20c%20genial%20presentation/" target="_blank" rel="noopener noreferrer">www.sciencesalecole.org/concours c genial presentation/</a></p><p>Ce concours permet aux collégiens et lycéens de présenter un projet innovant, empreint d'une réelle démarche d'investigation, dans les domaines scientifiques et techniques : physique, chimie, mathématiques, technologie, sciences de la vie et de la terre...<br>De nombreuses activités développées lors d'ateliers scientifiques, clubs ou autres correspondent à ces critères. Les projets réalisés en partenariat avec le monde de la science et la sphère industrielle, font l'objet d'une attention particulière.</p><p>Les inscriptions pour l’édition 2021 du concours CGénial sont ouvertes. Des subventions peuvent être attribuées aux équipes uniquement lors du premier tour des inscriptions soit cette année avant le 15 novembre 2020.</p><p>Pour de plus amples informations : <a href="https://www.cgenial.org/82-nos-actions/145-concours-cgenial" target="_blank" rel="noopener noreferrer">www.cgenial.org/82-nos-actions/145-concours-cgenial</a><br>Contact : Isabelle Chèné (isabelle.chene@ac-nice.fr ), Professeure référente académique.</p>

L'équipe CAST
