{"id":429,"date":"2020-11-12T19:14:06","date_gmt":"2020-11-12T18:14:06","guid":{"rendered":"https:\/\/www.pedagogie.ac-nice.fr\/cast1\/?page_id=429"},"modified":"2020-11-12T19:16:22","modified_gmt":"2020-11-12T18:16:22","slug":"lumexplore-junior","status":"publish","type":"page","link":"https:\/\/www.pedagogie.ac-nice.fr\/cast\/lumexplore-junior\/","title":{"rendered":"Lumexplore Junior"},"content":{"rendered":"<p><img loading=\"lazy\" decoding=\"async\" class=\"alignleft wp-image-433 size-medium\" src=\"https:\/\/www.pedagogie.ac-nice.fr\/cast1\/wp-content\/uploads\/sites\/46\/2020\/11\/logo_lumexplore_junior-300x164.jpg\" alt=\"\" width=\"300\" height=\"164\" srcset=\"https:\/\/www.pedagogie.ac-nice.fr\/cast\/wp-content\/uploads\/sites\/46\/2020\/11\/logo_lumexplore_junior-300x164.jpg 300w, https:\/\/www.pedagogie.ac-nice.fr\/cast\/wp-content\/uploads\/sites\/46\/2020\/11\/logo_lumexplore_junior.jpg 550w\" sizes=\"(max-width: 300px) 100vw, 300px\" \/>L&rsquo;initiative \u00ab\u00a0Lumexplore Junior\u00a0\u00bb se veut p\u00e9dagogique et incitatrice. Elle a pour but de cr\u00e9er des vocations chez les plus jeunes, que ce soit dans les domaines scientifiques, technologiques ou dans celui du reportage, de l&rsquo;\u00e9criture ou de la r\u00e9alisation de films d&rsquo;explorations.<\/p>\n<p>Les \u00e9l\u00e8ves, curieux et empreints d&rsquo;une d\u00e9marche d&rsquo;investigation, doivent r\u00e9aliser un court-m\u00e9trage en se mettant dans les conditions d&rsquo;un chercheur scientifique sur le terrain, par exemple soit en :<br \/>\n&#8211; retra\u00e7ant l&rsquo;exp\u00e9dition de scientifiques connus ou m\u00e9connus, en donnant une vision actuelle li\u00e9e \u00e0 leurs d\u00e9couvertes ;<br \/>\n&#8211; d\u00e9couvrant une esp\u00e8ce v\u00e9g\u00e9tale, animale, sur terre ou sous l&rsquo;eau&#8230; ;<br \/>\n&#8211; remontant une rivi\u00e8re, en escaladant une colline, en prenant de la hauteur, en se frayant un chemin dans des endroits improbables ;<br \/>\n&#8211; \u00e9valuant l\u2019impact du changement climatique \u00e0 travers un angle particulier propre \u00e0 leur r\u00e9gion ;<br \/>\n&#8211; etc&#8230;<\/p>\n<p>Pour en savoir plus : <a href=\"https:\/\/wwz.ifremer.fr\/L-ocean-pour-tous\/Partenariats\/Projets-educatifs\/Lumexplore-Junior\" target=\"_blank\" rel=\"noopener noreferrer\">wwz.ifremer.fr\/L-ocean-pour-tous\/Partenariats\/Projets-educatifs\/Lumexplore-Junior<\/a><\/p>\n","protected":false},"excerpt":{"rendered":"<p>L&rsquo;initiative \u00ab\u00a0Lumexplore Junior\u00a0\u00bb se veut p\u00e9dagogique et incitatrice. Elle a pour but de cr\u00e9er des vocations chez les plus jeunes, que ce soit dans les domaines scientifiques, technologiques ou dans celui du reportage, de l&rsquo;\u00e9criture ou de la r\u00e9alisation de films d&rsquo;explorations. Les \u00e9l\u00e8ves, curieux et empreints d&rsquo;une d\u00e9marche d&rsquo;investigation, doivent r\u00e9aliser un court-m\u00e9trage en [&hellip;]<\/p>\n","protected":false},"author":261,"featured_media":0,"parent":0,"menu_order":0,"comment_status":"closed","ping_status":"closed","template":"","meta":{"_et_pb_use_builder":"","_et_pb_old_content":"","_et_gb_content_width":"","ngg_post_thumbnail":0,"footnotes":""},"class_list":["post-429","page","type-page","status-publish","hentry"],"rttpg_featured_image_url":null,"rttpg_author":{"display_name":"L'\u00e9quipe CAST","author_link":"https:\/\/www.pedagogie.ac-nice.fr\/cast\/author\/cast1\/"},"rttpg_comment":0,"rttpg_category":null,"rttpg_excerpt":"L&rsquo;initiative \u00ab\u00a0Lumexplore Junior\u00a0\u00bb se veut p\u00e9dagogique et incitatrice. Elle a pour but de cr\u00e9er des vocations chez les plus jeunes, que ce soit dans les domaines scientifiques, technologiques ou dans celui du reportage, de l&rsquo;\u00e9criture ou de la r\u00e9alisation de films d&rsquo;explorations. Les \u00e9l\u00e8ves, curieux et empreints d&rsquo;une d\u00e9marche d&rsquo;investigation, doivent r\u00e9aliser un court-m\u00e9trage en\u2026","post_mailing_queue_ids":[],"_links":{"self":[{"href":"https:\/\/www.pedagogie.ac-nice.fr\/cast\/wp-json\/wp\/v2\/pages\/429","targetHints":{"allow":["GET"]}}],"collection":[{"href":"https:\/\/www.pedagogie.ac-nice.fr\/cast\/wp-json\/wp\/v2\/pages"}],"about":[{"href":"https:\/\/www.pedagogie.ac-nice.fr\/cast\/wp-json\/wp\/v2\/types\/page"}],"author":[{"embeddable":true,"href":"https:\/\/www.pedagogie.ac-nice.fr\/cast\/wp-json\/wp\/v2\/users\/261"}],"replies":[{"embeddable":true,"href":"https:\/\/www.pedagogie.ac-nice.fr\/cast\/wp-json\/wp\/v2\/comments?post=429"}],"version-history":[{"count":2,"href":"https:\/\/www.pedagogie.ac-nice.fr\/cast\/wp-json\/wp\/v2\/pages\/429\/revisions"}],"predecessor-version":[{"id":435,"href":"https:\/\/www.pedagogie.ac-nice.fr\/cast\/wp-json\/wp\/v2\/pages\/429\/revisions\/435"}],"wp:attachment":[{"href":"https:\/\/www.pedagogie.ac-nice.fr\/cast\/wp-json\/wp\/v2\/media?parent=429"}],"curies":[{"name":"wp","href":"https:\/\/api.w.org\/{rel}","templated":true}]}}

<p><img loading="lazy" decoding="async" class="alignleft wp-image-433 size-medium" src="https://www.pedagogie.ac-nice.fr/cast1/wp-content/uploads/sites/46/2020/11/logo_lumexplore_junior-300x164.jpg" alt="" width="300" height="164" srcset="https://www.pedagogie.ac-nice.fr/cast/wp-content/uploads/sites/46/2020/11/logo_lumexplore_junior-300x164.jpg 300w, https://www.pedagogie.ac-nice.fr/cast/wp-content/uploads/sites/46/2020/11/logo_lumexplore_junior.jpg 550w" sizes="(max-width: 300px) 100vw, 300px" />L&rsquo;initiative « Lumexplore Junior » se veut pédagogique et incitatrice. Elle a pour but de créer des vocations chez les plus jeunes, que ce soit dans les domaines scientifiques, technologiques ou dans celui du reportage, de l&rsquo;écriture ou de la réalisation de films d&rsquo;explorations.</p>
<p>Les élèves, curieux et empreints d&rsquo;une démarche d&rsquo;investigation, doivent réaliser un court-métrage en se mettant dans les conditions d&rsquo;un chercheur scientifique sur le terrain, par exemple soit en :<br />
&#8211; retraçant l&rsquo;expédition de scientifiques connus ou méconnus, en donnant une vision actuelle liée à leurs découvertes ;<br />
&#8211; découvrant une espèce végétale, animale, sur terre ou sous l&rsquo;eau&#8230; ;<br />
&#8211; remontant une rivière, en escaladant une colline, en prenant de la hauteur, en se frayant un chemin dans des endroits improbables ;<br />
&#8211; évaluant l’impact du changement climatique à travers un angle particulier propre à leur région ;<br />
&#8211; etc&#8230;</p>
<p>Pour en savoir plus : <a href="https://wwz.ifremer.fr/L-ocean-pour-tous/Partenariats/Projets-educatifs/Lumexplore-Junior" target="_blank" rel="noopener noreferrer">wwz.ifremer.fr/L-ocean-pour-tous/Partenariats/Projets-educatifs/Lumexplore-Junior</a></p>

<p>L&rsquo;initiative « Lumexplore Junior » se veut pédagogique et incitatrice. Elle a pour but de créer des vocations chez les plus jeunes, que ce soit dans les domaines scientifiques, technologiques ou dans celui du reportage, de l&rsquo;écriture ou de la réalisation de films d&rsquo;explorations. Les élèves, curieux et empreints d&rsquo;une démarche d&rsquo;investigation, doivent réaliser un court-métrage en [&hellip;]</p>

L'équipe CAST

L&rsquo;initiative « Lumexplore Junior » se veut pédagogique et incitatrice. Elle a pour but de créer des vocations chez les plus jeunes, que ce soit dans les domaines scientifiques, technologiques ou dans celui du reportage, de l&rsquo;écriture ou de la réalisation de films d&rsquo;explorations. Les élèves, curieux et empreints d&rsquo;une démarche d&rsquo;investigation, doivent réaliser un court-métrage en…
