{"id":518,"date":"2020-11-14T11:42:33","date_gmt":"2020-11-14T10:42:33","guid":{"rendered":"https:\/\/www.pedagogie.ac-nice.fr\/cast1\/?page_id=518"},"modified":"2020-11-14T11:42:51","modified_gmt":"2020-11-14T10:42:51","slug":"ifremer","status":"publish","type":"page","link":"https:\/\/www.pedagogie.ac-nice.fr\/cast\/ifremer\/","title":{"rendered":"Ifremer"},"content":{"rendered":"<p><img loading=\"lazy\" decoding=\"async\" class=\"alignleft wp-image-493 size-medium\" src=\"https:\/\/www.pedagogie.ac-nice.fr\/cast1\/wp-content\/uploads\/sites\/46\/2020\/11\/logo_ifremer-300x108.png\" alt=\"\" width=\"300\" height=\"108\" srcset=\"https:\/\/www.pedagogie.ac-nice.fr\/cast\/wp-content\/uploads\/sites\/46\/2020\/11\/logo_ifremer-300x108.png 300w, https:\/\/www.pedagogie.ac-nice.fr\/cast\/wp-content\/uploads\/sites\/46\/2020\/11\/logo_ifremer-1024x368.png 1024w, https:\/\/www.pedagogie.ac-nice.fr\/cast\/wp-content\/uploads\/sites\/46\/2020\/11\/logo_ifremer-768x276.png 768w, https:\/\/www.pedagogie.ac-nice.fr\/cast\/wp-content\/uploads\/sites\/46\/2020\/11\/logo_ifremer.png 1205w\" sizes=\"(max-width: 300px) 100vw, 300px\" \/>Reconnu dans le monde entier comme l&rsquo;un des tout premiers instituts en sciences et technologies marines, l&rsquo;Ifremer s\u2019inscrit dans une double perspective de d\u00e9veloppement durable et de science ouverte. Il m\u00e8ne des recherches, produit des expertises et cr\u00e9e des innovations pour prot\u00e9ger et restaurer l&rsquo;oc\u00e9an, exploiter ses ressources de mani\u00e8re responsable, partager les donn\u00e9es marines et proposer de nouveaux services \u00e0 toutes les parties prenantes.<\/p>\n<p>Quelques dispositifs auxquels l&rsquo;Ifremer a d\u00e9j\u00e0 particip\u00e9 dans l\u2019acad\u00e9mie :<br \/>\n&#8211; Mission Oc\u00e9an<br \/>\n&#8211; Concours CG\u00e9nial<br \/>\n&#8211; Lumexplore Junior<br \/>\n&#8211; F\u00eate de la Science<\/p>\n<p>Pour en savoir plus : <a href=\"https:\/\/wwz.ifremer.fr\/L-ocean-pour-tous\" target=\"_blank\" rel=\"noopener noreferrer\">wwz.ifremer.fr\/L-ocean-pour-tous<\/a><\/p>\n","protected":false},"excerpt":{"rendered":"<p>Reconnu dans le monde entier comme l&rsquo;un des tout premiers instituts en sciences et technologies marines, l&rsquo;Ifremer s\u2019inscrit dans une double perspective de d\u00e9veloppement durable et de science ouverte. Il m\u00e8ne des recherches, produit des expertises et cr\u00e9e des innovations pour prot\u00e9ger et restaurer l&rsquo;oc\u00e9an, exploiter ses ressources de mani\u00e8re responsable, partager les donn\u00e9es marines [&hellip;]<\/p>\n","protected":false},"author":261,"featured_media":0,"parent":0,"menu_order":0,"comment_status":"closed","ping_status":"closed","template":"","meta":{"_et_pb_use_builder":"","_et_pb_old_content":"","_et_gb_content_width":"","ngg_post_thumbnail":0,"footnotes":""},"class_list":["post-518","page","type-page","status-publish","hentry"],"rttpg_featured_image_url":null,"rttpg_author":{"display_name":"L'\u00e9quipe CAST","author_link":"https:\/\/www.pedagogie.ac-nice.fr\/cast\/author\/cast1\/"},"rttpg_comment":0,"rttpg_category":null,"rttpg_excerpt":"Reconnu dans le monde entier comme l&rsquo;un des tout premiers instituts en sciences et technologies marines, l&rsquo;Ifremer s\u2019inscrit dans une double perspective de d\u00e9veloppement durable et de science ouverte. Il m\u00e8ne des recherches, produit des expertises et cr\u00e9e des innovations pour prot\u00e9ger et restaurer l&rsquo;oc\u00e9an, exploiter ses ressources de mani\u00e8re responsable, partager les donn\u00e9es marines\u2026","post_mailing_queue_ids":[],"_links":{"self":[{"href":"https:\/\/www.pedagogie.ac-nice.fr\/cast\/wp-json\/wp\/v2\/pages\/518","targetHints":{"allow":["GET"]}}],"collection":[{"href":"https:\/\/www.pedagogie.ac-nice.fr\/cast\/wp-json\/wp\/v2\/pages"}],"about":[{"href":"https:\/\/www.pedagogie.ac-nice.fr\/cast\/wp-json\/wp\/v2\/types\/page"}],"author":[{"embeddable":true,"href":"https:\/\/www.pedagogie.ac-nice.fr\/cast\/wp-json\/wp\/v2\/users\/261"}],"replies":[{"embeddable":true,"href":"https:\/\/www.pedagogie.ac-nice.fr\/cast\/wp-json\/wp\/v2\/comments?post=518"}],"version-history":[{"count":1,"href":"https:\/\/www.pedagogie.ac-nice.fr\/cast\/wp-json\/wp\/v2\/pages\/518\/revisions"}],"predecessor-version":[{"id":519,"href":"https:\/\/www.pedagogie.ac-nice.fr\/cast\/wp-json\/wp\/v2\/pages\/518\/revisions\/519"}],"wp:attachment":[{"href":"https:\/\/www.pedagogie.ac-nice.fr\/cast\/wp-json\/wp\/v2\/media?parent=518"}],"curies":[{"name":"wp","href":"https:\/\/api.w.org\/{rel}","templated":true}]}}