{"id":522,"date":"2020-11-14T11:50:06","date_gmt":"2020-11-14T10:50:06","guid":{"rendered":"https:\/\/www.pedagogie.ac-nice.fr\/cast1\/?page_id=522"},"modified":"2020-11-14T11:50:06","modified_gmt":"2020-11-14T10:50:06","slug":"institut-de-la-mer-de-villefranche","status":"publish","type":"page","link":"https:\/\/www.pedagogie.ac-nice.fr\/cast\/institut-de-la-mer-de-villefranche\/","title":{"rendered":"Institut de la mer de Villefranche"},"content":{"rendered":"<p><img loading=\"lazy\" decoding=\"async\" class=\"alignleft size-full wp-image-521\" src=\"https:\/\/www.pedagogie.ac-nice.fr\/cast1\/wp-content\/uploads\/sites\/46\/2020\/11\/logo_institut_mer_villefranche.png\" alt=\"\" width=\"161\" height=\"80\" \/>Avec pour objectifs de rapprocher le monde acad\u00e9mique et le public, l&rsquo;Institut de la mer de Villefranche (IMEV) a pour mission de faire d\u00e9couvrir un patrimoine riche mais toujours majoritairement inconnu, de permettre \u00e0 tous d\u2019acc\u00e9der aux recherches actuelles et d&rsquo;\u00e9veiller la curiosit\u00e9 des jeunes, l&rsquo;\u00e9quipe d\u00e9veloppe diverses activit\u00e9s \u00e9ducatives et culturelles.<br \/>\nDe multiples actions de partage de nos motivations et connaissances sont aujourd\u2019hui men\u00e9es pour aborder et comprendre les enjeux environnementaux et soci\u00e9taux et donner \u00e0 la fois inspiration et perspectives pour demain.<\/p>\n<p>Quelques dispositifs auxquels l&rsquo;IMEV a d\u00e9j\u00e0 particip\u00e9 dans l\u2019acad\u00e9mie :<br \/>\n&#8211; F\u00eate de la Science<\/p>\n<p>Pour en savoir plus : <a href=\"https:\/\/culture-ocean.com\/index.html\" target=\"_blank\" rel=\"noopener noreferrer\">culture-ocean.com\/index.html<\/a><\/p>\n","protected":false},"excerpt":{"rendered":"<p>Avec pour objectifs de rapprocher le monde acad\u00e9mique et le public, l&rsquo;Institut de la mer de Villefranche (IMEV) a pour mission de faire d\u00e9couvrir un patrimoine riche mais toujours majoritairement inconnu, de permettre \u00e0 tous d\u2019acc\u00e9der aux recherches actuelles et d&rsquo;\u00e9veiller la curiosit\u00e9 des jeunes, l&rsquo;\u00e9quipe d\u00e9veloppe diverses activit\u00e9s \u00e9ducatives et culturelles. De multiples actions [&hellip;]<\/p>\n","protected":false},"author":261,"featured_media":0,"parent":0,"menu_order":0,"comment_status":"closed","ping_status":"closed","template":"","meta":{"_et_pb_use_builder":"","_et_pb_old_content":"","_et_gb_content_width":"","ngg_post_thumbnail":0,"footnotes":""},"class_list":["post-522","page","type-page","status-publish","hentry"],"rttpg_featured_image_url":null,"rttpg_author":{"display_name":"L'\u00e9quipe CAST","author_link":"https:\/\/www.pedagogie.ac-nice.fr\/cast\/author\/cast1\/"},"rttpg_comment":0,"rttpg_category":null,"rttpg_excerpt":"Avec pour objectifs de rapprocher le monde acad\u00e9mique et le public, l&rsquo;Institut de la mer de Villefranche (IMEV) a pour mission de faire d\u00e9couvrir un patrimoine riche mais toujours majoritairement inconnu, de permettre \u00e0 tous d\u2019acc\u00e9der aux recherches actuelles et d&rsquo;\u00e9veiller la curiosit\u00e9 des jeunes, l&rsquo;\u00e9quipe d\u00e9veloppe diverses activit\u00e9s \u00e9ducatives et culturelles. De multiples actions\u2026","post_mailing_queue_ids":[],"_links":{"self":[{"href":"https:\/\/www.pedagogie.ac-nice.fr\/cast\/wp-json\/wp\/v2\/pages\/522","targetHints":{"allow":["GET"]}}],"collection":[{"href":"https:\/\/www.pedagogie.ac-nice.fr\/cast\/wp-json\/wp\/v2\/pages"}],"about":[{"href":"https:\/\/www.pedagogie.ac-nice.fr\/cast\/wp-json\/wp\/v2\/types\/page"}],"author":[{"embeddable":true,"href":"https:\/\/www.pedagogie.ac-nice.fr\/cast\/wp-json\/wp\/v2\/users\/261"}],"replies":[{"embeddable":true,"href":"https:\/\/www.pedagogie.ac-nice.fr\/cast\/wp-json\/wp\/v2\/comments?post=522"}],"version-history":[{"count":1,"href":"https:\/\/www.pedagogie.ac-nice.fr\/cast\/wp-json\/wp\/v2\/pages\/522\/revisions"}],"predecessor-version":[{"id":523,"href":"https:\/\/www.pedagogie.ac-nice.fr\/cast\/wp-json\/wp\/v2\/pages\/522\/revisions\/523"}],"wp:attachment":[{"href":"https:\/\/www.pedagogie.ac-nice.fr\/cast\/wp-json\/wp\/v2\/media?parent=522"}],"curies":[{"name":"wp","href":"https:\/\/api.w.org\/{rel}","templated":true}]}}

<p><img loading="lazy" decoding="async" class="alignleft size-full wp-image-521" src="https://www.pedagogie.ac-nice.fr/cast1/wp-content/uploads/sites/46/2020/11/logo_institut_mer_villefranche.png" alt="" width="161" height="80" />Avec pour objectifs de rapprocher le monde académique et le public, l&rsquo;Institut de la mer de Villefranche (IMEV) a pour mission de faire découvrir un patrimoine riche mais toujours majoritairement inconnu, de permettre à tous d’accéder aux recherches actuelles et d&rsquo;éveiller la curiosité des jeunes, l&rsquo;équipe développe diverses activités éducatives et culturelles.<br />
De multiples actions de partage de nos motivations et connaissances sont aujourd’hui menées pour aborder et comprendre les enjeux environnementaux et sociétaux et donner à la fois inspiration et perspectives pour demain.</p>
<p>Quelques dispositifs auxquels l&rsquo;IMEV a déjà participé dans l’académie :<br />
&#8211; Fête de la Science</p>
<p>Pour en savoir plus : <a href="https://culture-ocean.com/index.html" target="_blank" rel="noopener noreferrer">culture-ocean.com/index.html</a></p>

<p>Avec pour objectifs de rapprocher le monde académique et le public, l&rsquo;Institut de la mer de Villefranche (IMEV) a pour mission de faire découvrir un patrimoine riche mais toujours majoritairement inconnu, de permettre à tous d’accéder aux recherches actuelles et d&rsquo;éveiller la curiosité des jeunes, l&rsquo;équipe développe diverses activités éducatives et culturelles. De multiples actions [&hellip;]</p>

L'équipe CAST

Avec pour objectifs de rapprocher le monde académique et le public, l&rsquo;Institut de la mer de Villefranche (IMEV) a pour mission de faire découvrir un patrimoine riche mais toujours majoritairement inconnu, de permettre à tous d’accéder aux recherches actuelles et d&rsquo;éveiller la curiosité des jeunes, l&rsquo;équipe développe diverses activités éducatives et culturelles. De multiples actions…
