{"id":525,"date":"2020-11-14T11:54:43","date_gmt":"2020-11-14T10:54:43","guid":{"rendered":"https:\/\/www.pedagogie.ac-nice.fr\/cast1\/?page_id=525"},"modified":"2020-11-14T11:54:43","modified_gmt":"2020-11-14T10:54:43","slug":"institut-oceanographique-de-monaco","status":"publish","type":"page","link":"https:\/\/www.pedagogie.ac-nice.fr\/cast\/institut-oceanographique-de-monaco\/","title":{"rendered":"Institut oc\u00e9anographique de Monaco"},"content":{"rendered":"<p><img loading=\"lazy\" decoding=\"async\" class=\"alignleft size-medium wp-image-496\" src=\"https:\/\/www.pedagogie.ac-nice.fr\/cast1\/wp-content\/uploads\/sites\/46\/2020\/11\/logo-musee-oceanographique-300x39.gif\" alt=\"\" width=\"300\" height=\"39\" srcset=\"https:\/\/www.pedagogie.ac-nice.fr\/cast\/wp-content\/uploads\/sites\/46\/2020\/11\/logo-musee-oceanographique-300x39.gif 300w, https:\/\/www.pedagogie.ac-nice.fr\/cast\/wp-content\/uploads\/sites\/46\/2020\/11\/logo-musee-oceanographique-768x100.gif 768w\" sizes=\"(max-width: 300px) 100vw, 300px\" \/>Nos moyens d&rsquo;action pour faire conna\u00eetre, aimer et prot\u00e9ger les oc\u00e9ans :<br \/>\n&#8211; Sensibiliser : \u00c9veiller les consciences aujourd&rsquo;hui pour \u00e9clairer les actions de demain ;<br \/>\n&#8211; Transmettre : Favoriser le partage des savoirs pour cultiver l&rsquo;implication de tous ;<br \/>\n&#8211; Mobiliser : Donner \u00e0 chacun l&rsquo;envie et les moyens de s&rsquo;engager en faveur de l&rsquo;oc\u00e9an.<\/p>\n<p>Quelques dispositifs auxquels l&rsquo;Institut oc\u00e9anographique de Monaco a d\u00e9j\u00e0 particip\u00e9 dans l&rsquo;acad\u00e9mie :<br \/>\n&#8211; Concours CG\u00e9nial<\/p>\n<p>Pour en savoir plus : <a href=\"https:\/\/www.oceano.org\/\" target=\"_blank\" rel=\"noopener noreferrer\">www.oceano.org\/<\/a><\/p>\n","protected":false},"excerpt":{"rendered":"<p>Nos moyens d&rsquo;action pour faire conna\u00eetre, aimer et prot\u00e9ger les oc\u00e9ans : &#8211; Sensibiliser : \u00c9veiller les consciences aujourd&rsquo;hui pour \u00e9clairer les actions de demain ; &#8211; Transmettre : Favoriser le partage des savoirs pour cultiver l&rsquo;implication de tous ; &#8211; Mobiliser : Donner \u00e0 chacun l&rsquo;envie et les moyens de s&rsquo;engager en faveur de [&hellip;]<\/p>\n","protected":false},"author":261,"featured_media":0,"parent":0,"menu_order":0,"comment_status":"closed","ping_status":"closed","template":"","meta":{"_et_pb_use_builder":"","_et_pb_old_content":"","_et_gb_content_width":"","ngg_post_thumbnail":0,"footnotes":""},"class_list":["post-525","page","type-page","status-publish","hentry"],"rttpg_featured_image_url":null,"rttpg_author":{"display_name":"L'\u00e9quipe CAST","author_link":"https:\/\/www.pedagogie.ac-nice.fr\/cast\/author\/cast1\/"},"rttpg_comment":0,"rttpg_category":null,"rttpg_excerpt":"Nos moyens d&rsquo;action pour faire conna\u00eetre, aimer et prot\u00e9ger les oc\u00e9ans : &#8211; Sensibiliser : \u00c9veiller les consciences aujourd&rsquo;hui pour \u00e9clairer les actions de demain ; &#8211; Transmettre : Favoriser le partage des savoirs pour cultiver l&rsquo;implication de tous ; &#8211; Mobiliser : Donner \u00e0 chacun l&rsquo;envie et les moyens de s&rsquo;engager en faveur de\u2026","post_mailing_queue_ids":[],"_links":{"self":[{"href":"https:\/\/www.pedagogie.ac-nice.fr\/cast\/wp-json\/wp\/v2\/pages\/525","targetHints":{"allow":["GET"]}}],"collection":[{"href":"https:\/\/www.pedagogie.ac-nice.fr\/cast\/wp-json\/wp\/v2\/pages"}],"about":[{"href":"https:\/\/www.pedagogie.ac-nice.fr\/cast\/wp-json\/wp\/v2\/types\/page"}],"author":[{"embeddable":true,"href":"https:\/\/www.pedagogie.ac-nice.fr\/cast\/wp-json\/wp\/v2\/users\/261"}],"replies":[{"embeddable":true,"href":"https:\/\/www.pedagogie.ac-nice.fr\/cast\/wp-json\/wp\/v2\/comments?post=525"}],"version-history":[{"count":1,"href":"https:\/\/www.pedagogie.ac-nice.fr\/cast\/wp-json\/wp\/v2\/pages\/525\/revisions"}],"predecessor-version":[{"id":526,"href":"https:\/\/www.pedagogie.ac-nice.fr\/cast\/wp-json\/wp\/v2\/pages\/525\/revisions\/526"}],"wp:attachment":[{"href":"https:\/\/www.pedagogie.ac-nice.fr\/cast\/wp-json\/wp\/v2\/media?parent=525"}],"curies":[{"name":"wp","href":"https:\/\/api.w.org\/{rel}","templated":true}]}}