{"id":916,"date":"2021-12-18T17:00:22","date_gmt":"2021-12-18T16:00:22","guid":{"rendered":"https:\/\/www.pedagogie.ac-nice.fr\/cast\/?page_id=916"},"modified":"2021-12-18T17:00:22","modified_gmt":"2021-12-18T16:00:22","slug":"les-canaux-ioniques-de-la-molecule-au-medicament-02-02-22","status":"publish","type":"page","link":"https:\/\/www.pedagogie.ac-nice.fr\/cast\/les-canaux-ioniques-de-la-molecule-au-medicament-02-02-22\/","title":{"rendered":"Les canaux ioniques : de la mol\u00e9cule au m\u00e9dicament &#8211; 02\/02\/22"},"content":{"rendered":"<p>Date : <strong>2 f\u00e9vrier 2022<\/strong><br \/>\nHoraire : <strong>10h00 \u00e0 11h00<\/strong><br \/>\nLieu : Lyc\u00e9e International de Valbonne, 190 Rue Fr\u00e9d\u00e9ric Mistral, 06560 Valbonne<br \/>\nConf\u00e9rence par <strong>Delphine Bichet<\/strong>, charg\u00e9e de recherche CNRS \u00e0 l&rsquo;IPMC (CNRS-Universit\u00e9 C\u00f4te d&rsquo;Azur)<\/p>\n<p>R\u00e9sum\u00e9<br \/>\nLes canaux ioniques assurent le passage des ions au travers des membranes cellulaires. Ces mouvements de charges \u00e9lectriques g\u00e9n\u00e8rent des courants \u00e9lectriques impliqu\u00e9s dans un grand nombre de processus. En raison de leur importance biologique, les canaux ioniques constituent une cible majeure des m\u00e9dicaments. Cette conf\u00e9rence \u00ab Les canaux ioniques : de la mol\u00e9cule au m\u00e9dicament \u00bb traitera des questions suivantes : Qu\u2019est-ce qu\u2019un canal ionique ? Quel est son r\u00f4le ? Comment \u00e9tudie-t-on les canaux ? Quels m\u00e9dicaments ciblent les canaux ioniques et pour quelles maladies ?<\/p>\n<p>Pour ceux qui souhaitent suivre cette conf\u00e9rence \u00e0 distance, rendez-vous sur la <a href=\"https:\/\/www.youtube.com\/watch?v=58sK6Z6f9n4\" target=\"_blank\" rel=\"noopener\">cha\u00eene You Tube du CNRS<\/a>.<\/p>\n<p>&nbsp;<\/p>\n","protected":false},"excerpt":{"rendered":"<p>Date : 2 f\u00e9vrier 2022 Horaire : 10h00 \u00e0 11h00 Lieu : Lyc\u00e9e International de Valbonne, 190 Rue Fr\u00e9d\u00e9ric Mistral, 06560 Valbonne Conf\u00e9rence par Delphine Bichet, charg\u00e9e de recherche CNRS \u00e0 l&rsquo;IPMC (CNRS-Universit\u00e9 C\u00f4te d&rsquo;Azur) R\u00e9sum\u00e9 Les canaux ioniques assurent le passage des ions au travers des membranes cellulaires. Ces mouvements de charges \u00e9lectriques g\u00e9n\u00e8rent [&hellip;]<\/p>\n","protected":false},"author":261,"featured_media":0,"parent":0,"menu_order":0,"comment_status":"closed","ping_status":"closed","template":"","meta":{"_et_pb_use_builder":"","_et_pb_old_content":"","_et_gb_content_width":"","ngg_post_thumbnail":0,"footnotes":""},"class_list":["post-916","page","type-page","status-publish","hentry"],"rttpg_featured_image_url":null,"rttpg_author":{"display_name":"L'\u00e9quipe CAST","author_link":"https:\/\/www.pedagogie.ac-nice.fr\/cast\/author\/cast1\/"},"rttpg_comment":0,"rttpg_category":null,"rttpg_excerpt":"Date : 2 f\u00e9vrier 2022 Horaire : 10h00 \u00e0 11h00 Lieu : Lyc\u00e9e International de Valbonne, 190 Rue Fr\u00e9d\u00e9ric Mistral, 06560 Valbonne Conf\u00e9rence par Delphine Bichet, charg\u00e9e de recherche CNRS \u00e0 l&rsquo;IPMC (CNRS-Universit\u00e9 C\u00f4te d&rsquo;Azur) R\u00e9sum\u00e9 Les canaux ioniques assurent le passage des ions au travers des membranes cellulaires. Ces mouvements de charges \u00e9lectriques g\u00e9n\u00e8rent\u2026","post_mailing_queue_ids":[],"_links":{"self":[{"href":"https:\/\/www.pedagogie.ac-nice.fr\/cast\/wp-json\/wp\/v2\/pages\/916","targetHints":{"allow":["GET"]}}],"collection":[{"href":"https:\/\/www.pedagogie.ac-nice.fr\/cast\/wp-json\/wp\/v2\/pages"}],"about":[{"href":"https:\/\/www.pedagogie.ac-nice.fr\/cast\/wp-json\/wp\/v2\/types\/page"}],"author":[{"embeddable":true,"href":"https:\/\/www.pedagogie.ac-nice.fr\/cast\/wp-json\/wp\/v2\/users\/261"}],"replies":[{"embeddable":true,"href":"https:\/\/www.pedagogie.ac-nice.fr\/cast\/wp-json\/wp\/v2\/comments?post=916"}],"version-history":[{"count":1,"href":"https:\/\/www.pedagogie.ac-nice.fr\/cast\/wp-json\/wp\/v2\/pages\/916\/revisions"}],"predecessor-version":[{"id":917,"href":"https:\/\/www.pedagogie.ac-nice.fr\/cast\/wp-json\/wp\/v2\/pages\/916\/revisions\/917"}],"wp:attachment":[{"href":"https:\/\/www.pedagogie.ac-nice.fr\/cast\/wp-json\/wp\/v2\/media?parent=916"}],"curies":[{"name":"wp","href":"https:\/\/api.w.org\/{rel}","templated":true}]}}