{"id":5570,"date":"2017-05-19T10:51:54","date_gmt":"2017-05-19T08:51:54","guid":{"rendered":"https:\/\/www.pedagogie.ac-nice.fr\/cdesc83\/?page_id=5570"},"modified":"2017-05-20T01:41:16","modified_gmt":"2017-05-19T23:41:16","slug":"etablissements-du-bassin-de-hyeres","status":"publish","type":"page","link":"https:\/\/www.pedagogie.ac-nice.fr\/cdesc83\/etablissements-du-bassin-de-hyeres\/","title":{"rendered":"\u00c9tablissements du bassin de Hy\u00e8res"},"content":{"rendered":"<p><a href=\"https:\/\/www.pedagogie.ac-nice.fr\/cdesc83\/college-frederic-mistral-bormes-les-mimosas\/\">Coll\u00e8ge Fr\u00e9d\u00e9ric Mistral &#8211; Bormes-Les-Mimosas<\/a><\/p>\n<p><a href=\"https:\/\/www.pedagogie.ac-nice.fr\/cdesc83\/college-frederic-joliot-curie-carqueiranne\/\">Coll\u00e8ge Fr\u00e9d\u00e9ric Joliot-Curie &#8211; Carqueiranne<\/a><\/p>\n<p><a href=\"https:\/\/www.pedagogie.ac-nice.fr\/cdesc83\/college-la-ferrage-cuers\/\">Coll\u00e8ge La Ferrage &#8211; Cuers<\/a><\/p>\n<p><a href=\"https:\/\/www.pedagogie.ac-nice.fr\/cdesc83\/college-jules-ferry-hyeres\/\">Coll\u00e8ge Jules Ferry &#8211; Hy\u00e8res<\/a><\/p>\n<p><a href=\"https:\/\/www.pedagogie.ac-nice.fr\/cdesc83\/college-marcel-riviere-hyeres\/\">Coll\u00e8ge Marcel Rivi\u00e8re &#8211; Hy\u00e8res<\/a><\/p>\n<p><a href=\"https:\/\/www.pedagogie.ac-nice.fr\/cdesc83\/college-gustave-roux-hyeres\/\">Coll\u00e8ge Gustave Roux \u2013 Hy\u00e8res<\/a><\/p>\n<p><a href=\"https:\/\/www.pedagogie.ac-nice.fr\/cdesc83\/college-le-fenouillet-la-crau\/\">Coll\u00e8ge Le Fenouillet &#8211; La Crau<\/a><\/p>\n<p><a href=\"https:\/\/www.pedagogie.ac-nice.fr\/cdesc83\/college-francois-de-leusse-la-londe\/\">Coll\u00e8ge Fran\u00e7ois de Leusse &#8211; La Londe<\/a><\/p>\n<p>&nbsp;<\/p>\n<p><a href=\"https:\/\/www.pedagogie.ac-nice.fr\/cdesc83\/lycee-general-et-technologique-jean-aicard-hyeres\/\">Lyc\u00e9e G\u00e9n\u00e9ral et Technologique Jean Aicard &#8211; Hy\u00e8res<\/a><\/p>\n<p><a href=\"https:\/\/www.pedagogie.ac-nice.fr\/cdesc83\/lycee-polyvalent-costebelle-hyeres\/\">Lyc\u00e9e Polyvalent Costebelle &#8211; Hy\u00e8res<\/a><\/p>\n<p><a href=\"https:\/\/www.pedagogie.ac-nice.fr\/cdesc83\/lycee-professionnel-du-golf-hotel-hyeres\/\">Lyc\u00e9e Professionnel du Golf-H\u00f4tel &#8211; Hy\u00e8res<\/a><\/p>\n","protected":false},"excerpt":{"rendered":"<p>Coll\u00e8ge Fr\u00e9d\u00e9ric Mistral &#8211; Bormes-Les-Mimosas Coll\u00e8ge Fr\u00e9d\u00e9ric Joliot-Curie &#8211; Carqueiranne Coll\u00e8ge La Ferrage &#8211; Cuers Coll\u00e8ge Jules Ferry &#8211; Hy\u00e8res Coll\u00e8ge Marcel Rivi\u00e8re &#8211; Hy\u00e8res Coll\u00e8ge Gustave Roux \u2013 Hy\u00e8res Coll\u00e8ge Le Fenouillet &#8211; La Crau Coll\u00e8ge Fran\u00e7ois de Leusse &#8211; La Londe &nbsp; Lyc\u00e9e G\u00e9n\u00e9ral et Technologique Jean Aicard &#8211; Hy\u00e8res Lyc\u00e9e Polyvalent Costebelle [&hellip;]<\/p>\n","protected":false},"author":5,"featured_media":0,"parent":0,"menu_order":0,"comment_status":"closed","ping_status":"closed","template":"","meta":{"_et_pb_use_builder":"","_et_pb_old_content":"","_et_gb_content_width":"","ngg_post_thumbnail":0,"footnotes":""},"class_list":["post-5570","page","type-page","status-publish","hentry"],"rttpg_featured_image_url":null,"rttpg_author":{"display_name":"Admin Plateforme","author_link":"https:\/\/www.pedagogie.ac-nice.fr\/cdesc83\/author\/cdesc83\/"},"rttpg_comment":0,"rttpg_category":null,"rttpg_excerpt":"Coll\u00e8ge Fr\u00e9d\u00e9ric Mistral &#8211; Bormes-Les-Mimosas Coll\u00e8ge Fr\u00e9d\u00e9ric Joliot-Curie &#8211; Carqueiranne Coll\u00e8ge La Ferrage &#8211; Cuers Coll\u00e8ge Jules Ferry &#8211; Hy\u00e8res Coll\u00e8ge Marcel Rivi\u00e8re &#8211; Hy\u00e8res Coll\u00e8ge Gustave Roux \u2013 Hy\u00e8res Coll\u00e8ge Le Fenouillet &#8211; La Crau Coll\u00e8ge Fran\u00e7ois de Leusse &#8211; La Londe &nbsp; Lyc\u00e9e G\u00e9n\u00e9ral et Technologique Jean Aicard &#8211; Hy\u00e8res Lyc\u00e9e Polyvalent Costebelle\u2026","post_mailing_queue_ids":[],"_links":{"self":[{"href":"https:\/\/www.pedagogie.ac-nice.fr\/cdesc83\/wp-json\/wp\/v2\/pages\/5570","targetHints":{"allow":["GET"]}}],"collection":[{"href":"https:\/\/www.pedagogie.ac-nice.fr\/cdesc83\/wp-json\/wp\/v2\/pages"}],"about":[{"href":"https:\/\/www.pedagogie.ac-nice.fr\/cdesc83\/wp-json\/wp\/v2\/types\/page"}],"author":[{"embeddable":true,"href":"https:\/\/www.pedagogie.ac-nice.fr\/cdesc83\/wp-json\/wp\/v2\/users\/5"}],"replies":[{"embeddable":true,"href":"https:\/\/www.pedagogie.ac-nice.fr\/cdesc83\/wp-json\/wp\/v2\/comments?post=5570"}],"version-history":[{"count":18,"href":"https:\/\/www.pedagogie.ac-nice.fr\/cdesc83\/wp-json\/wp\/v2\/pages\/5570\/revisions"}],"predecessor-version":[{"id":5749,"href":"https:\/\/www.pedagogie.ac-nice.fr\/cdesc83\/wp-json\/wp\/v2\/pages\/5570\/revisions\/5749"}],"wp:attachment":[{"href":"https:\/\/www.pedagogie.ac-nice.fr\/cdesc83\/wp-json\/wp\/v2\/media?parent=5570"}],"curies":[{"name":"wp","href":"https:\/\/api.w.org\/{rel}","templated":true}]}}