{"id":85,"date":"2016-10-06T11:02:02","date_gmt":"2016-10-06T09:02:02","guid":{"rendered":"https:\/\/www.pedagogie.ac-nice.fr\/cdesc83\/?page_id=85"},"modified":"2017-05-24T09:43:22","modified_gmt":"2017-05-24T07:43:22","slug":"plateforme","status":"publish","type":"page","link":"https:\/\/www.pedagogie.ac-nice.fr\/cdesc83\/plateforme\/","title":{"rendered":"Plateforme"},"content":{"rendered":"<p style=\"text-align: left\"><strong>Types d&rsquo;Acc\u00e8s :<\/strong><\/p>\n<ul>\n<li style=\"text-align: left\"><a href=\"https:\/\/www.pedagogie.ac-nice.fr\/cdesc83\/associations\/\">Associations<\/a><\/li>\n<li style=\"text-align: left\"><a href=\"https:\/\/www.pedagogie.ac-nice.fr\/cdesc83\/acces-bassin-deducation-de-formation\/\">R\u00e9f\u00e9rents des Bassins d\u2019\u00c9ducation et de Formation<\/a><\/li>\n<li style=\"text-align: left\"><a href=\"https:\/\/www.pedagogie.ac-nice.fr\/cdesc83\/?page_id=5562&amp;preview=true\">R\u00e9f\u00e9rents \u00c9tablissements scolaires<\/a><\/li>\n<li style=\"text-align: left\"><a href=\"https:\/\/www.pedagogie.ac-nice.fr\/cdesc83\/acces-departement\/\">D\u00e9partement<\/a><\/li>\n<li style=\"text-align: left\"><a href=\"https:\/\/www.pedagogie.ac-nice.fr\/cdesc83\/acces-service-de-letat\/\">Services de l\u2019\u00c9tat et EPCA<\/a><\/li>\n<\/ul>\n<p style=\"text-align: left\"><strong>Consulter :<\/strong><\/p>\n<ul>\n<li style=\"text-align: left\"><a style=\"text-align: center\" href=\"https:\/\/www.pedagogie.ac-nice.fr\/cdesc83\/tableau-de-bord\/\">Tableau de bord<\/a><\/li>\n<li style=\"text-align: left\"><a href=\"https:\/\/www.pedagogie.ac-nice.fr\/cdesc83\/tableau-des-referents\/\">Tableau des r\u00e9f\u00e9rents<\/a><\/li>\n<li style=\"text-align: left\"><a href=\"https:\/\/www.pedagogie.ac-nice.fr\/cdesc83\/offres-partenaires\/\">Offres des Partenaires<\/a><\/li>\n<li style=\"text-align: left\"><a href=\"https:\/\/www.pedagogie.ac-nice.fr\/cdesc83\/les-demandes-des-bassins\/\">Demandes des Bassins<\/a><\/li>\n<li style=\"text-align: left\"><a href=\"https:\/\/www.pedagogie.ac-nice.fr\/cdesc83\/les-demandes-des-etablissements\/\">Demandes des \u00e9tablissements<\/a><\/li>\n<\/ul>\n","protected":false},"excerpt":{"rendered":"<p>Types d&rsquo;Acc\u00e8s : Associations R\u00e9f\u00e9rents des Bassins d\u2019\u00c9ducation et de Formation R\u00e9f\u00e9rents \u00c9tablissements scolaires D\u00e9partement Services de l\u2019\u00c9tat et EPCA Consulter : Tableau de bord Tableau des r\u00e9f\u00e9rents Offres des Partenaires Demandes des Bassins Demandes des \u00e9tablissements<\/p>\n","protected":false},"author":1,"featured_media":0,"parent":0,"menu_order":0,"comment_status":"closed","ping_status":"closed","template":"","meta":{"_et_pb_use_builder":"","_et_pb_old_content":"","_et_gb_content_width":"","ngg_post_thumbnail":0,"footnotes":""},"class_list":["post-85","page","type-page","status-publish","hentry"],"rttpg_featured_image_url":null,"rttpg_author":{"display_name":"norco","author_link":"https:\/\/www.pedagogie.ac-nice.fr\/cdesc83\/author\/norco\/"},"rttpg_comment":0,"rttpg_category":null,"rttpg_excerpt":"Types d&rsquo;Acc\u00e8s : Associations R\u00e9f\u00e9rents des Bassins d\u2019\u00c9ducation et de Formation R\u00e9f\u00e9rents \u00c9tablissements scolaires D\u00e9partement Services de l\u2019\u00c9tat et EPCA Consulter : Tableau de bord Tableau des r\u00e9f\u00e9rents Offres des Partenaires Demandes des Bassins Demandes des \u00e9tablissements","post_mailing_queue_ids":[],"_links":{"self":[{"href":"https:\/\/www.pedagogie.ac-nice.fr\/cdesc83\/wp-json\/wp\/v2\/pages\/85","targetHints":{"allow":["GET"]}}],"collection":[{"href":"https:\/\/www.pedagogie.ac-nice.fr\/cdesc83\/wp-json\/wp\/v2\/pages"}],"about":[{"href":"https:\/\/www.pedagogie.ac-nice.fr\/cdesc83\/wp-json\/wp\/v2\/types\/page"}],"author":[{"embeddable":true,"href":"https:\/\/www.pedagogie.ac-nice.fr\/cdesc83\/wp-json\/wp\/v2\/users\/1"}],"replies":[{"embeddable":true,"href":"https:\/\/www.pedagogie.ac-nice.fr\/cdesc83\/wp-json\/wp\/v2\/comments?post=85"}],"version-history":[{"count":52,"href":"https:\/\/www.pedagogie.ac-nice.fr\/cdesc83\/wp-json\/wp\/v2\/pages\/85\/revisions"}],"predecessor-version":[{"id":6300,"href":"https:\/\/www.pedagogie.ac-nice.fr\/cdesc83\/wp-json\/wp\/v2\/pages\/85\/revisions\/6300"}],"wp:attachment":[{"href":"https:\/\/www.pedagogie.ac-nice.fr\/cdesc83\/wp-json\/wp\/v2\/media?parent=85"}],"curies":[{"name":"wp","href":"https:\/\/api.w.org\/{rel}","templated":true}]}}