{"id":3472,"date":"2016-12-06T13:10:32","date_gmt":"2016-12-06T12:10:32","guid":{"rendered":"https:\/\/www.pedagogie.ac-nice.fr\/cdesc83\/annuaire-professionnel\/3472\/?post_type=wpbdp_listing&#038;p=3472"},"modified":"2018-04-05T16:45:50","modified_gmt":"2018-04-05T14:45:50","slug":"union-regionale-des-association-de-parents-denfants-deficients-auditifs-urapeda","status":"publish","type":"wpbdp_listing","link":"https:\/\/www.pedagogie.ac-nice.fr\/cdesc83\/annuaire-ordre1\/3472\/union-regionale-des-association-de-parents-denfants-deficients-auditifs-urapeda\/","title":{"rendered":"Union R\u00e9gionale des Association de Parents d&rsquo;Enfants D\u00e9ficients Auditifs"},"content":{"rendered":"<p><em>\u0152uvre pour l&rsquo;autonomie et la citoyennet\u00e9 des personnes sourdes ou malentendantes, pour favoriser l&rsquo;insertion dans les milieux scolaire, social, professionnel, culturel et de la sant\u00e9.<\/em><\/p>\n","protected":false},"excerpt":{"rendered":"<p>\u0152uvre pour l&rsquo;autonomie et la citoyennet\u00e9 des personnes sourdes ou malentendantes, pour favoriser l&rsquo;insertion dans les milieux scolaire, social, professionnel, culturel et de la sant\u00e9.<\/p>\n","protected":false},"author":1,"featured_media":0,"comment_status":"closed","ping_status":"closed","template":"","meta":{"_et_pb_use_builder":"","_et_pb_old_content":"","_et_gb_content_width":"","ngg_post_thumbnail":0},"wpbdp_category":[23],"wpbdp_tag":[],"class_list":["post-3472","wpbdp_listing","type-wpbdp_listing","status-publish","hentry","wpbdp_category-u"],"post_mailing_queue_ids":[],"_links":{"self":[{"href":"https:\/\/www.pedagogie.ac-nice.fr\/cdesc83\/wp-json\/wp\/v2\/wpbdp_listing\/3472","targetHints":{"allow":["GET"]}}],"collection":[{"href":"https:\/\/www.pedagogie.ac-nice.fr\/cdesc83\/wp-json\/wp\/v2\/wpbdp_listing"}],"about":[{"href":"https:\/\/www.pedagogie.ac-nice.fr\/cdesc83\/wp-json\/wp\/v2\/types\/wpbdp_listing"}],"author":[{"embeddable":true,"href":"https:\/\/www.pedagogie.ac-nice.fr\/cdesc83\/wp-json\/wp\/v2\/users\/1"}],"replies":[{"embeddable":true,"href":"https:\/\/www.pedagogie.ac-nice.fr\/cdesc83\/wp-json\/wp\/v2\/comments?post=3472"}],"wp:attachment":[{"href":"https:\/\/www.pedagogie.ac-nice.fr\/cdesc83\/wp-json\/wp\/v2\/media?parent=3472"}],"wp:term":[{"taxonomy":"wpbdp_category","embeddable":true,"href":"https:\/\/www.pedagogie.ac-nice.fr\/cdesc83\/wp-json\/wp\/v2\/wpbdp_category?post=3472"},{"taxonomy":"wpbdp_tag","embeddable":true,"href":"https:\/\/www.pedagogie.ac-nice.fr\/cdesc83\/wp-json\/wp\/v2\/wpbdp_tag?post=3472"}],"curies":[{"name":"wp","href":"https:\/\/api.w.org\/{rel}","templated":true}]}}

Union Régionale des Association de Parents d&rsquo;Enfants Déficients Auditifs

<p><em>Œuvre pour l&rsquo;autonomie et la citoyenneté des personnes sourdes ou malentendantes, pour favoriser l&rsquo;insertion dans les milieux scolaire, social, professionnel, culturel et de la santé.</em></p>

<p>Œuvre pour l&rsquo;autonomie et la citoyenneté des personnes sourdes ou malentendantes, pour favoriser l&rsquo;insertion dans les milieux scolaire, social, professionnel, culturel et de la santé.</p>
