{"id":3476,"date":"2016-12-06T13:10:32","date_gmt":"2016-12-06T12:10:32","guid":{"rendered":"https:\/\/www.pedagogie.ac-nice.fr\/cdesc83\/annuaire-professionnel\/3476\/?post_type=wpbdp_listing&#038;p=3476"},"modified":"2018-04-05T16:45:42","modified_gmt":"2018-04-05T14:45:42","slug":"union-departementale-des-associations-familiales-du-var-udaf83","status":"publish","type":"wpbdp_listing","link":"https:\/\/www.pedagogie.ac-nice.fr\/cdesc83\/annuaire-ordre1\/3476\/union-departementale-des-associations-familiales-du-var-udaf83\/","title":{"rendered":"Union D\u00e9partementale des Associations Familiales du Var"},"content":{"rendered":"<p>Donner son avis aux pouvoirs publics, sur les questions d\u2019ordre familial, et proposer des mesures conformes aux int\u00e9r\u00eats moraux et mat\u00e9riels des familles.<\/p>\n<p>Repr\u00e9senter l\u2019ensemble des familles aupr\u00e8s des pouvoirs publics et des divers conseils, assembl\u00e9es et organismes institu\u00e9s par l\u2019\u00c9tat, la R\u00e9gion, le D\u00e9partement et la Commune : Centres Communaux d\u2019Action Sociale (C.C.A.S.), organismes de H.L.M., C.A.F., Conseil \u00c9conomique et Social, Conseil Sup\u00e9rieur de l\u2019\u00c9ducation, etc.<\/p>\n<p>G\u00e9rer les services d\u2019int\u00e9r\u00eat familial dont les pouvoirs publics lui ont confi\u00e9 la charge :<\/p>\n<ul>\n<li>Mesures de Protection Juridique des Majeurs,<\/li>\n<li>Mesures Judiciaires d\u2019Aide \u00e0 la Gestion du Budget Familial,<\/li>\n<li>Mesures d\u2019Accompagnement Social Personnalis\u00e9,<\/li>\n<li>Assistance \u00c9ducative Budg\u00e9taire<\/li>\n<li>Information et Soutien aux Tuteurs Familiaux,<\/li>\n<\/ul>\n<p>Exercer devant toutes les juridictions, les actions civiles vis-\u00e0-vis des faits susceptibles de nuire aux int\u00e9r\u00eats moraux et mat\u00e9riels des familles.<\/p>\n<p><em>\u00a0<\/em><\/p>\n","protected":false},"excerpt":{"rendered":"<p>Donner son avis aux pouvoirs publics, sur les questions d\u2019ordre familial, et proposer des mesures conformes aux int\u00e9r\u00eats moraux et mat\u00e9riels des familles. Repr\u00e9senter l\u2019ensemble des familles aupr\u00e8s des pouvoirs publics et des divers conseils, assembl\u00e9es et organismes institu\u00e9s par l\u2019\u00c9tat, la R\u00e9gion, le D\u00e9partement et la Commune : Centres Communaux d\u2019Action Sociale (C.C.A.S.), organismes [&hellip;]<\/p>\n","protected":false},"author":1,"featured_media":0,"comment_status":"closed","ping_status":"closed","template":"","meta":{"_et_pb_use_builder":"","_et_pb_old_content":"","_et_gb_content_width":"","ngg_post_thumbnail":0},"wpbdp_category":[23],"wpbdp_tag":[],"class_list":["post-3476","wpbdp_listing","type-wpbdp_listing","status-publish","hentry","wpbdp_category-u"],"post_mailing_queue_ids":[],"_links":{"self":[{"href":"https:\/\/www.pedagogie.ac-nice.fr\/cdesc83\/wp-json\/wp\/v2\/wpbdp_listing\/3476","targetHints":{"allow":["GET"]}}],"collection":[{"href":"https:\/\/www.pedagogie.ac-nice.fr\/cdesc83\/wp-json\/wp\/v2\/wpbdp_listing"}],"about":[{"href":"https:\/\/www.pedagogie.ac-nice.fr\/cdesc83\/wp-json\/wp\/v2\/types\/wpbdp_listing"}],"author":[{"embeddable":true,"href":"https:\/\/www.pedagogie.ac-nice.fr\/cdesc83\/wp-json\/wp\/v2\/users\/1"}],"replies":[{"embeddable":true,"href":"https:\/\/www.pedagogie.ac-nice.fr\/cdesc83\/wp-json\/wp\/v2\/comments?post=3476"}],"wp:attachment":[{"href":"https:\/\/www.pedagogie.ac-nice.fr\/cdesc83\/wp-json\/wp\/v2\/media?parent=3476"}],"wp:term":[{"taxonomy":"wpbdp_category","embeddable":true,"href":"https:\/\/www.pedagogie.ac-nice.fr\/cdesc83\/wp-json\/wp\/v2\/wpbdp_category?post=3476"},{"taxonomy":"wpbdp_tag","embeddable":true,"href":"https:\/\/www.pedagogie.ac-nice.fr\/cdesc83\/wp-json\/wp\/v2\/wpbdp_tag?post=3476"}],"curies":[{"name":"wp","href":"https:\/\/api.w.org\/{rel}","templated":true}]}}

Union Départementale des Associations Familiales du Var

<p>Donner son avis aux pouvoirs publics, sur les questions d’ordre familial, et proposer des mesures conformes aux intérêts moraux et matériels des familles.</p>
<p>Représenter l’ensemble des familles auprès des pouvoirs publics et des divers conseils, assemblées et organismes institués par l’État, la Région, le Département et la Commune : Centres Communaux d’Action Sociale (C.C.A.S.), organismes de H.L.M., C.A.F., Conseil Économique et Social, Conseil Supérieur de l’Éducation, etc.</p>
<p>Gérer les services d’intérêt familial dont les pouvoirs publics lui ont confié la charge :</p>
<ul>
<li>Mesures de Protection Juridique des Majeurs,</li>
<li>Mesures Judiciaires d’Aide à la Gestion du Budget Familial,</li>
<li>Mesures d’Accompagnement Social Personnalisé,</li>
<li>Assistance Éducative Budgétaire</li>
<li>Information et Soutien aux Tuteurs Familiaux,</li>
</ul>
<p>Exercer devant toutes les juridictions, les actions civiles vis-à-vis des faits susceptibles de nuire aux intérêts moraux et matériels des familles.</p>
<p><em> </em></p>

<p>Donner son avis aux pouvoirs publics, sur les questions d’ordre familial, et proposer des mesures conformes aux intérêts moraux et matériels des familles. Représenter l’ensemble des familles auprès des pouvoirs publics et des divers conseils, assemblées et organismes institués par l’État, la Région, le Département et la Commune : Centres Communaux d’Action Sociale (C.C.A.S.), organismes [&hellip;]</p>
