{"id":3491,"date":"2016-12-06T13:10:36","date_gmt":"2016-12-06T12:10:36","guid":{"rendered":"https:\/\/www.pedagogie.ac-nice.fr\/cdesc83\/annuaire-professionnel\/3491\/?post_type=wpbdp_listing&#038;p=3491"},"modified":"2018-04-05T16:43:18","modified_gmt":"2018-04-05T14:43:18","slug":"relai-culturel-var-mediterranee-rcvm","status":"publish","type":"wpbdp_listing","link":"https:\/\/www.pedagogie.ac-nice.fr\/cdesc83\/annuaire-ordre1\/3491\/relai-culturel-var-mediterranee-rcvm\/","title":{"rendered":"Relais Culturel Var M\u00e9diterran\u00e9e"},"content":{"rendered":"<ul>\n<li>Agir en faveur des personnes d\u00e9favoris\u00e9es dans les domaines de l&rsquo;acc\u00e8s \u00e0 l&#8217;emploi et \u00e0 la formation, du logement et de l&rsquo;h\u00e9bergement, de l&rsquo;acc\u00e8s aux droits, de l&rsquo;acc\u00e8s aux savoirs de base.<\/li>\n<li>Lutter contre l&rsquo;exclusion et toutes les formes de discrimination<\/li>\n<\/ul>\n","protected":false},"excerpt":{"rendered":"<p>Agir en faveur des personnes d\u00e9favoris\u00e9es dans les domaines de l&rsquo;acc\u00e8s \u00e0 l&#8217;emploi et \u00e0 la formation, du logement et de l&rsquo;h\u00e9bergement, de l&rsquo;acc\u00e8s aux droits, de l&rsquo;acc\u00e8s aux savoirs de base. Lutter contre l&rsquo;exclusion et toutes les formes de discrimination<\/p>\n","protected":false},"author":1,"featured_media":0,"comment_status":"closed","ping_status":"closed","template":"","meta":{"_et_pb_use_builder":"","_et_pb_old_content":"","_et_gb_content_width":"","ngg_post_thumbnail":0},"wpbdp_category":[21],"wpbdp_tag":[],"class_list":["post-3491","wpbdp_listing","type-wpbdp_listing","status-publish","hentry","wpbdp_category-r"],"post_mailing_queue_ids":[],"_links":{"self":[{"href":"https:\/\/www.pedagogie.ac-nice.fr\/cdesc83\/wp-json\/wp\/v2\/wpbdp_listing\/3491","targetHints":{"allow":["GET"]}}],"collection":[{"href":"https:\/\/www.pedagogie.ac-nice.fr\/cdesc83\/wp-json\/wp\/v2\/wpbdp_listing"}],"about":[{"href":"https:\/\/www.pedagogie.ac-nice.fr\/cdesc83\/wp-json\/wp\/v2\/types\/wpbdp_listing"}],"author":[{"embeddable":true,"href":"https:\/\/www.pedagogie.ac-nice.fr\/cdesc83\/wp-json\/wp\/v2\/users\/1"}],"replies":[{"embeddable":true,"href":"https:\/\/www.pedagogie.ac-nice.fr\/cdesc83\/wp-json\/wp\/v2\/comments?post=3491"}],"wp:attachment":[{"href":"https:\/\/www.pedagogie.ac-nice.fr\/cdesc83\/wp-json\/wp\/v2\/media?parent=3491"}],"wp:term":[{"taxonomy":"wpbdp_category","embeddable":true,"href":"https:\/\/www.pedagogie.ac-nice.fr\/cdesc83\/wp-json\/wp\/v2\/wpbdp_category?post=3491"},{"taxonomy":"wpbdp_tag","embeddable":true,"href":"https:\/\/www.pedagogie.ac-nice.fr\/cdesc83\/wp-json\/wp\/v2\/wpbdp_tag?post=3491"}],"curies":[{"name":"wp","href":"https:\/\/api.w.org\/{rel}","templated":true}]}}

Relais Culturel Var Méditerranée

<ul>
<li>Agir en faveur des personnes défavorisées dans les domaines de l&rsquo;accès à l&#8217;emploi et à la formation, du logement et de l&rsquo;hébergement, de l&rsquo;accès aux droits, de l&rsquo;accès aux savoirs de base.</li>
<li>Lutter contre l&rsquo;exclusion et toutes les formes de discrimination</li>
</ul>

<p>Agir en faveur des personnes défavorisées dans les domaines de l&rsquo;accès à l&#8217;emploi et à la formation, du logement et de l&rsquo;hébergement, de l&rsquo;accès aux droits, de l&rsquo;accès aux savoirs de base. Lutter contre l&rsquo;exclusion et toutes les formes de discrimination</p>
