{"id":3503,"date":"2016-12-06T13:10:39","date_gmt":"2016-12-06T12:10:39","guid":{"rendered":"https:\/\/www.pedagogie.ac-nice.fr\/cdesc83\/annuaire-professionnel\/3503\/?post_type=wpbdp_listing&#038;p=3503"},"modified":"2018-04-05T16:41:46","modified_gmt":"2018-04-05T14:41:46","slug":"mutuelle-assistance-des-instituteurs-de-france-prevention-maif","status":"publish","type":"wpbdp_listing","link":"https:\/\/www.pedagogie.ac-nice.fr\/cdesc83\/annuaire-ordre1\/3503\/mutuelle-assistance-des-instituteurs-de-france-prevention-maif\/","title":{"rendered":"Association Pr\u00e9vention MAIF"},"content":{"rendered":"<p><em>Sensibiliser, informer et \u00e9duquer . Programme d&rsquo;actions principalement mis en \u0153uvre en milieu scolaire. <\/em><br \/>\n<em>S&rsquo;adresse \u00e9galement aux adultes et s&rsquo;engage dans une action \u00e9ducative \u00e0 la s\u00e9curit\u00e9 tout au long de la vie<\/em><\/p>\n","protected":false},"excerpt":{"rendered":"<p>Sensibiliser, informer et \u00e9duquer . Programme d&rsquo;actions principalement mis en \u0153uvre en milieu scolaire. S&rsquo;adresse \u00e9galement aux adultes et s&rsquo;engage dans une action \u00e9ducative \u00e0 la s\u00e9curit\u00e9 tout au long de la vie<\/p>\n","protected":false},"author":1,"featured_media":0,"comment_status":"closed","ping_status":"closed","template":"","meta":{"_et_pb_use_builder":"","_et_pb_old_content":"","_et_gb_content_width":"","ngg_post_thumbnail":0},"wpbdp_category":[7],"wpbdp_tag":[],"class_list":["post-3503","wpbdp_listing","type-wpbdp_listing","status-publish","hentry","wpbdp_category-a"],"post_mailing_queue_ids":[],"_links":{"self":[{"href":"https:\/\/www.pedagogie.ac-nice.fr\/cdesc83\/wp-json\/wp\/v2\/wpbdp_listing\/3503","targetHints":{"allow":["GET"]}}],"collection":[{"href":"https:\/\/www.pedagogie.ac-nice.fr\/cdesc83\/wp-json\/wp\/v2\/wpbdp_listing"}],"about":[{"href":"https:\/\/www.pedagogie.ac-nice.fr\/cdesc83\/wp-json\/wp\/v2\/types\/wpbdp_listing"}],"author":[{"embeddable":true,"href":"https:\/\/www.pedagogie.ac-nice.fr\/cdesc83\/wp-json\/wp\/v2\/users\/1"}],"replies":[{"embeddable":true,"href":"https:\/\/www.pedagogie.ac-nice.fr\/cdesc83\/wp-json\/wp\/v2\/comments?post=3503"}],"wp:attachment":[{"href":"https:\/\/www.pedagogie.ac-nice.fr\/cdesc83\/wp-json\/wp\/v2\/media?parent=3503"}],"wp:term":[{"taxonomy":"wpbdp_category","embeddable":true,"href":"https:\/\/www.pedagogie.ac-nice.fr\/cdesc83\/wp-json\/wp\/v2\/wpbdp_category?post=3503"},{"taxonomy":"wpbdp_tag","embeddable":true,"href":"https:\/\/www.pedagogie.ac-nice.fr\/cdesc83\/wp-json\/wp\/v2\/wpbdp_tag?post=3503"}],"curies":[{"name":"wp","href":"https:\/\/api.w.org\/{rel}","templated":true}]}}

Association Prévention MAIF

<p><em>Sensibiliser, informer et éduquer . Programme d&rsquo;actions principalement mis en œuvre en milieu scolaire. </em><br />
<em>S&rsquo;adresse également aux adultes et s&rsquo;engage dans une action éducative à la sécurité tout au long de la vie</em></p>

<p>Sensibiliser, informer et éduquer . Programme d&rsquo;actions principalement mis en œuvre en milieu scolaire. S&rsquo;adresse également aux adultes et s&rsquo;engage dans une action éducative à la sécurité tout au long de la vie</p>
