{"id":3517,"date":"2016-12-06T13:10:44","date_gmt":"2016-12-06T12:10:44","guid":{"rendered":"https:\/\/www.pedagogie.ac-nice.fr\/cdesc83\/annuaire-professionnel\/3517\/?post_type=wpbdp_listing&#038;p=3517"},"modified":"2018-04-05T16:40:49","modified_gmt":"2018-04-05T14:40:49","slug":"maison-associative-enfance-famille-ecole-maefe","status":"publish","type":"wpbdp_listing","link":"https:\/\/www.pedagogie.ac-nice.fr\/cdesc83\/annuaire-ordre1\/3517\/maison-associative-enfance-famille-ecole-maefe\/","title":{"rendered":"Maison Associative Enfance Famille \u00c9cole"},"content":{"rendered":"<p><em>Actions associatives dans le champ de l\u2019\u00e9ducation populaire et plus particuli\u00e8rement celui de l\u2019animation sociale, \u00e9ducative et culturelle en coop\u00e9ration avec leurs familles et en compl\u00e9mentarit\u00e9 avec l\u2019\u00e9cole.<\/em><\/p>\n","protected":false},"excerpt":{"rendered":"<p>Actions associatives dans le champ de l\u2019\u00e9ducation populaire et plus particuli\u00e8rement celui de l\u2019animation sociale, \u00e9ducative et culturelle en coop\u00e9ration avec leurs familles et en compl\u00e9mentarit\u00e9 avec l\u2019\u00e9cole.<\/p>\n","protected":false},"author":1,"featured_media":0,"comment_status":"closed","ping_status":"closed","template":"","meta":{"_et_pb_use_builder":"","_et_pb_old_content":"","_et_gb_content_width":"","ngg_post_thumbnail":0},"wpbdp_category":[17],"wpbdp_tag":[],"class_list":["post-3517","wpbdp_listing","type-wpbdp_listing","status-publish","hentry","wpbdp_category-m"],"post_mailing_queue_ids":[],"_links":{"self":[{"href":"https:\/\/www.pedagogie.ac-nice.fr\/cdesc83\/wp-json\/wp\/v2\/wpbdp_listing\/3517","targetHints":{"allow":["GET"]}}],"collection":[{"href":"https:\/\/www.pedagogie.ac-nice.fr\/cdesc83\/wp-json\/wp\/v2\/wpbdp_listing"}],"about":[{"href":"https:\/\/www.pedagogie.ac-nice.fr\/cdesc83\/wp-json\/wp\/v2\/types\/wpbdp_listing"}],"author":[{"embeddable":true,"href":"https:\/\/www.pedagogie.ac-nice.fr\/cdesc83\/wp-json\/wp\/v2\/users\/1"}],"replies":[{"embeddable":true,"href":"https:\/\/www.pedagogie.ac-nice.fr\/cdesc83\/wp-json\/wp\/v2\/comments?post=3517"}],"wp:attachment":[{"href":"https:\/\/www.pedagogie.ac-nice.fr\/cdesc83\/wp-json\/wp\/v2\/media?parent=3517"}],"wp:term":[{"taxonomy":"wpbdp_category","embeddable":true,"href":"https:\/\/www.pedagogie.ac-nice.fr\/cdesc83\/wp-json\/wp\/v2\/wpbdp_category?post=3517"},{"taxonomy":"wpbdp_tag","embeddable":true,"href":"https:\/\/www.pedagogie.ac-nice.fr\/cdesc83\/wp-json\/wp\/v2\/wpbdp_tag?post=3517"}],"curies":[{"name":"wp","href":"https:\/\/api.w.org\/{rel}","templated":true}]}}

Maison Associative Enfance Famille École

<p><em>Actions associatives dans le champ de l’éducation populaire et plus particulièrement celui de l’animation sociale, éducative et culturelle en coopération avec leurs familles et en complémentarité avec l’école.</em></p>

<p>Actions associatives dans le champ de l’éducation populaire et plus particulièrement celui de l’animation sociale, éducative et culturelle en coopération avec leurs familles et en complémentarité avec l’école.</p>
