{"id":3545,"date":"2016-12-06T13:10:50","date_gmt":"2016-12-06T12:10:50","guid":{"rendered":"https:\/\/www.pedagogie.ac-nice.fr\/cdesc83\/annuaire-professionnel\/3545\/?post_type=wpbdp_listing&#038;p=3545"},"modified":"2018-04-05T16:36:07","modified_gmt":"2018-04-05T14:36:07","slug":"initiative-formation-appui-pedagogie-emploi-ifape","status":"publish","type":"wpbdp_listing","link":"https:\/\/www.pedagogie.ac-nice.fr\/cdesc83\/annuaire-ordre1\/3545\/initiative-formation-appui-pedagogie-emploi-ifape\/","title":{"rendered":"Initiative Formation Appui P\u00e9dagogie Emploi"},"content":{"rendered":"<p><em>P\u00f4le Ressources Humaines (accompagnement des demandeurs d\u2019emploi)<\/em><br \/>\n<em> R\u00e9seau Solidarit\u00e9 \u00c9cole (enfants rencontrant des difficult\u00e9s scolaires) &#8211; Dispositif local d\u2019accompagnement des associations<\/em><br \/>\n<em> P\u00f4le formation<\/em><\/p>\n","protected":false},"excerpt":{"rendered":"<p>P\u00f4le Ressources Humaines (accompagnement des demandeurs d\u2019emploi) R\u00e9seau Solidarit\u00e9 \u00c9cole (enfants rencontrant des difficult\u00e9s scolaires) &#8211; Dispositif local d\u2019accompagnement des associations P\u00f4le formation<\/p>\n","protected":false},"author":1,"featured_media":0,"comment_status":"closed","ping_status":"closed","template":"","meta":{"_et_pb_use_builder":"","_et_pb_old_content":"","_et_gb_content_width":"","ngg_post_thumbnail":0},"wpbdp_category":[14],"wpbdp_tag":[],"class_list":["post-3545","wpbdp_listing","type-wpbdp_listing","status-publish","hentry","wpbdp_category-i"],"post_mailing_queue_ids":[],"_links":{"self":[{"href":"https:\/\/www.pedagogie.ac-nice.fr\/cdesc83\/wp-json\/wp\/v2\/wpbdp_listing\/3545","targetHints":{"allow":["GET"]}}],"collection":[{"href":"https:\/\/www.pedagogie.ac-nice.fr\/cdesc83\/wp-json\/wp\/v2\/wpbdp_listing"}],"about":[{"href":"https:\/\/www.pedagogie.ac-nice.fr\/cdesc83\/wp-json\/wp\/v2\/types\/wpbdp_listing"}],"author":[{"embeddable":true,"href":"https:\/\/www.pedagogie.ac-nice.fr\/cdesc83\/wp-json\/wp\/v2\/users\/1"}],"replies":[{"embeddable":true,"href":"https:\/\/www.pedagogie.ac-nice.fr\/cdesc83\/wp-json\/wp\/v2\/comments?post=3545"}],"wp:attachment":[{"href":"https:\/\/www.pedagogie.ac-nice.fr\/cdesc83\/wp-json\/wp\/v2\/media?parent=3545"}],"wp:term":[{"taxonomy":"wpbdp_category","embeddable":true,"href":"https:\/\/www.pedagogie.ac-nice.fr\/cdesc83\/wp-json\/wp\/v2\/wpbdp_category?post=3545"},{"taxonomy":"wpbdp_tag","embeddable":true,"href":"https:\/\/www.pedagogie.ac-nice.fr\/cdesc83\/wp-json\/wp\/v2\/wpbdp_tag?post=3545"}],"curies":[{"name":"wp","href":"https:\/\/api.w.org\/{rel}","templated":true}]}}

Initiative Formation Appui Pédagogie Emploi

<p><em>Pôle Ressources Humaines (accompagnement des demandeurs d’emploi)</em><br />
<em> Réseau Solidarité École (enfants rencontrant des difficultés scolaires) &#8211; Dispositif local d’accompagnement des associations</em><br />
<em> Pôle formation</em></p>

<p>Pôle Ressources Humaines (accompagnement des demandeurs d’emploi) Réseau Solidarité École (enfants rencontrant des difficultés scolaires) &#8211; Dispositif local d’accompagnement des associations Pôle formation</p>
