{"id":3557,"date":"2016-12-06T13:10:51","date_gmt":"2016-12-06T12:10:51","guid":{"rendered":"https:\/\/www.pedagogie.ac-nice.fr\/cdesc83\/annuaire-professionnel\/3557\/?post_type=wpbdp_listing&#038;p=3557"},"modified":"2018-04-05T16:35:32","modified_gmt":"2018-04-05T14:35:32","slug":"femmes-dans-la-cite-fdlc","status":"publish","type":"wpbdp_listing","link":"https:\/\/www.pedagogie.ac-nice.fr\/cdesc83\/annuaire-ordre1\/3557\/femmes-dans-la-cite-fdlc\/","title":{"rendered":"Femmes Dans La Cite"},"content":{"rendered":"<p><em>R\u00e9seaux de socialisation et d\u2019int\u00e9gration des femmes par les femmes<\/em><br \/>\n<em> Acc\u00e8s aux droits &#8211; \u00c9ducation \u00e0 la sant\u00e9 &#8211; Accompagnement \u00e0 l\u2019emploi &#8211; Ateliers d\u2019alphab\u00e9tisation.<\/em><br \/>\n<em> Partenaire de la classe 16\/18 ans non francophone<\/em><\/p>\n","protected":false},"excerpt":{"rendered":"<p>R\u00e9seaux de socialisation et d\u2019int\u00e9gration des femmes par les femmes Acc\u00e8s aux droits &#8211; \u00c9ducation \u00e0 la sant\u00e9 &#8211; Accompagnement \u00e0 l\u2019emploi &#8211; Ateliers d\u2019alphab\u00e9tisation. Partenaire de la classe 16\/18 ans non francophone<\/p>\n","protected":false},"author":1,"featured_media":0,"comment_status":"closed","ping_status":"closed","template":"","meta":{"_et_pb_use_builder":"","_et_pb_old_content":"","_et_gb_content_width":"","ngg_post_thumbnail":0},"wpbdp_category":[12],"wpbdp_tag":[],"class_list":["post-3557","wpbdp_listing","type-wpbdp_listing","status-publish","hentry","wpbdp_category-f"],"post_mailing_queue_ids":[],"_links":{"self":[{"href":"https:\/\/www.pedagogie.ac-nice.fr\/cdesc83\/wp-json\/wp\/v2\/wpbdp_listing\/3557","targetHints":{"allow":["GET"]}}],"collection":[{"href":"https:\/\/www.pedagogie.ac-nice.fr\/cdesc83\/wp-json\/wp\/v2\/wpbdp_listing"}],"about":[{"href":"https:\/\/www.pedagogie.ac-nice.fr\/cdesc83\/wp-json\/wp\/v2\/types\/wpbdp_listing"}],"author":[{"embeddable":true,"href":"https:\/\/www.pedagogie.ac-nice.fr\/cdesc83\/wp-json\/wp\/v2\/users\/1"}],"replies":[{"embeddable":true,"href":"https:\/\/www.pedagogie.ac-nice.fr\/cdesc83\/wp-json\/wp\/v2\/comments?post=3557"}],"wp:attachment":[{"href":"https:\/\/www.pedagogie.ac-nice.fr\/cdesc83\/wp-json\/wp\/v2\/media?parent=3557"}],"wp:term":[{"taxonomy":"wpbdp_category","embeddable":true,"href":"https:\/\/www.pedagogie.ac-nice.fr\/cdesc83\/wp-json\/wp\/v2\/wpbdp_category?post=3557"},{"taxonomy":"wpbdp_tag","embeddable":true,"href":"https:\/\/www.pedagogie.ac-nice.fr\/cdesc83\/wp-json\/wp\/v2\/wpbdp_tag?post=3557"}],"curies":[{"name":"wp","href":"https:\/\/api.w.org\/{rel}","templated":true}]}}

<p><em>Réseaux de socialisation et d’intégration des femmes par les femmes</em><br />
<em> Accès aux droits &#8211; Éducation à la santé &#8211; Accompagnement à l’emploi &#8211; Ateliers d’alphabétisation.</em><br />
<em> Partenaire de la classe 16/18 ans non francophone</em></p>

<p>Réseaux de socialisation et d’intégration des femmes par les femmes Accès aux droits &#8211; Éducation à la santé &#8211; Accompagnement à l’emploi &#8211; Ateliers d’alphabétisation. Partenaire de la classe 16/18 ans non francophone</p>
