{"id":3560,"date":"2016-12-06T13:10:55","date_gmt":"2016-12-06T12:10:55","guid":{"rendered":"https:\/\/www.pedagogie.ac-nice.fr\/cdesc83\/annuaire-professionnel\/3560\/?post_type=wpbdp_listing&#038;p=3560"},"modified":"2018-04-05T16:35:14","modified_gmt":"2018-04-05T14:35:14","slug":"fondation-agir-contre-lexclusion-f-a-c-e-var","status":"publish","type":"wpbdp_listing","link":"https:\/\/www.pedagogie.ac-nice.fr\/cdesc83\/annuaire-ordre1\/3560\/fondation-agir-contre-lexclusion-f-a-c-e-var\/","title":{"rendered":"Fondation Agir Contre l&rsquo;Exclusion"},"content":{"rendered":"<p><em>Club d\u2019entreprises engag\u00e9es pour la lutte contre l\u2019exclusion et la discrimination<\/em><\/p>\n<ul>\n<li><em>Actions \u00e9cole : TEKNIK &#8211; Passerelle \u00c9cole Entreprise &#8211; Place aux Filles &#8211; Graine d&rsquo;entreprise <\/em><\/li>\n<li><em>Actions emploi : Job Acad\u00e9my &#8211; Job Contact<\/em><\/li>\n<li><em>Actions de m\u00e9diation : Pr\u00e9ventions des impay\u00e9s<\/em><\/li>\n<\/ul>\n<p><em>Signataire de la Charte \u00ab\u00a0Entreprises et Quartiers\u00a0\u00bb<\/em><\/p>\n","protected":false},"excerpt":{"rendered":"<p>Club d\u2019entreprises engag\u00e9es pour la lutte contre l\u2019exclusion et la discrimination Actions \u00e9cole : TEKNIK &#8211; Passerelle \u00c9cole Entreprise &#8211; Place aux Filles &#8211; Graine d&rsquo;entreprise Actions emploi : Job Acad\u00e9my &#8211; Job Contact Actions de m\u00e9diation : Pr\u00e9ventions des impay\u00e9s Signataire de la Charte \u00ab\u00a0Entreprises et Quartiers\u00a0\u00bb<\/p>\n","protected":false},"author":1,"featured_media":0,"comment_status":"closed","ping_status":"closed","template":"","meta":{"_et_pb_use_builder":"","_et_pb_old_content":"","_et_gb_content_width":"","ngg_post_thumbnail":0},"wpbdp_category":[12],"wpbdp_tag":[],"class_list":["post-3560","wpbdp_listing","type-wpbdp_listing","status-publish","hentry","wpbdp_category-f"],"post_mailing_queue_ids":[],"_links":{"self":[{"href":"https:\/\/www.pedagogie.ac-nice.fr\/cdesc83\/wp-json\/wp\/v2\/wpbdp_listing\/3560","targetHints":{"allow":["GET"]}}],"collection":[{"href":"https:\/\/www.pedagogie.ac-nice.fr\/cdesc83\/wp-json\/wp\/v2\/wpbdp_listing"}],"about":[{"href":"https:\/\/www.pedagogie.ac-nice.fr\/cdesc83\/wp-json\/wp\/v2\/types\/wpbdp_listing"}],"author":[{"embeddable":true,"href":"https:\/\/www.pedagogie.ac-nice.fr\/cdesc83\/wp-json\/wp\/v2\/users\/1"}],"replies":[{"embeddable":true,"href":"https:\/\/www.pedagogie.ac-nice.fr\/cdesc83\/wp-json\/wp\/v2\/comments?post=3560"}],"wp:attachment":[{"href":"https:\/\/www.pedagogie.ac-nice.fr\/cdesc83\/wp-json\/wp\/v2\/media?parent=3560"}],"wp:term":[{"taxonomy":"wpbdp_category","embeddable":true,"href":"https:\/\/www.pedagogie.ac-nice.fr\/cdesc83\/wp-json\/wp\/v2\/wpbdp_category?post=3560"},{"taxonomy":"wpbdp_tag","embeddable":true,"href":"https:\/\/www.pedagogie.ac-nice.fr\/cdesc83\/wp-json\/wp\/v2\/wpbdp_tag?post=3560"}],"curies":[{"name":"wp","href":"https:\/\/api.w.org\/{rel}","templated":true}]}}

<p><em>Club d’entreprises engagées pour la lutte contre l’exclusion et la discrimination</em></p>
<ul>
<li><em>Actions école : TEKNIK &#8211; Passerelle École Entreprise &#8211; Place aux Filles &#8211; Graine d&rsquo;entreprise </em></li>
<li><em>Actions emploi : Job Académy &#8211; Job Contact</em></li>
<li><em>Actions de médiation : Préventions des impayés</em></li>
</ul>
<p><em>Signataire de la Charte « Entreprises et Quartiers »</em></p>

<p>Club d’entreprises engagées pour la lutte contre l’exclusion et la discrimination Actions école : TEKNIK &#8211; Passerelle École Entreprise &#8211; Place aux Filles &#8211; Graine d&rsquo;entreprise Actions emploi : Job Académy &#8211; Job Contact Actions de médiation : Préventions des impayés Signataire de la Charte « Entreprises et Quartiers »</p>
