{"id":3570,"date":"2016-12-06T13:10:56","date_gmt":"2016-12-06T12:10:56","guid":{"rendered":"https:\/\/www.pedagogie.ac-nice.fr\/cdesc83\/annuaire-professionnel\/3570\/?post_type=wpbdp_listing&#038;p=3570"},"modified":"2018-04-05T16:34:38","modified_gmt":"2018-04-05T14:34:38","slug":"federation-francaise-des-motards-en-colere-ffmc","status":"publish","type":"wpbdp_listing","link":"https:\/\/www.pedagogie.ac-nice.fr\/cdesc83\/annuaire-ordre1\/3570\/federation-francaise-des-motards-en-colere-ffmc\/","title":{"rendered":"F\u00e9d\u00e9ration Fran\u00e7aise des Motards en Col\u00e8re"},"content":{"rendered":"<p>Organisation de journ\u00e9es de pr\u00e9vention, affichage, tenue de r\u00e9union periodique, organisation de manifestations, de journ\u00e9es p\u00e9dagogiques dans les coll\u00e8ges, lyc\u00e9es et CFA<\/p>\n<p><em>\u00a0<\/em><\/p>\n","protected":false},"excerpt":{"rendered":"<p>Organisation de journ\u00e9es de pr\u00e9vention, affichage, tenue de r\u00e9union periodique, organisation de manifestations, de journ\u00e9es p\u00e9dagogiques dans les coll\u00e8ges, lyc\u00e9es et CFA \u00a0<\/p>\n","protected":false},"author":1,"featured_media":0,"comment_status":"closed","ping_status":"closed","template":"","meta":{"_et_pb_use_builder":"","_et_pb_old_content":"","_et_gb_content_width":"","ngg_post_thumbnail":0},"wpbdp_category":[12],"wpbdp_tag":[],"class_list":["post-3570","wpbdp_listing","type-wpbdp_listing","status-publish","hentry","wpbdp_category-f"],"post_mailing_queue_ids":[],"_links":{"self":[{"href":"https:\/\/www.pedagogie.ac-nice.fr\/cdesc83\/wp-json\/wp\/v2\/wpbdp_listing\/3570","targetHints":{"allow":["GET"]}}],"collection":[{"href":"https:\/\/www.pedagogie.ac-nice.fr\/cdesc83\/wp-json\/wp\/v2\/wpbdp_listing"}],"about":[{"href":"https:\/\/www.pedagogie.ac-nice.fr\/cdesc83\/wp-json\/wp\/v2\/types\/wpbdp_listing"}],"author":[{"embeddable":true,"href":"https:\/\/www.pedagogie.ac-nice.fr\/cdesc83\/wp-json\/wp\/v2\/users\/1"}],"replies":[{"embeddable":true,"href":"https:\/\/www.pedagogie.ac-nice.fr\/cdesc83\/wp-json\/wp\/v2\/comments?post=3570"}],"wp:attachment":[{"href":"https:\/\/www.pedagogie.ac-nice.fr\/cdesc83\/wp-json\/wp\/v2\/media?parent=3570"}],"wp:term":[{"taxonomy":"wpbdp_category","embeddable":true,"href":"https:\/\/www.pedagogie.ac-nice.fr\/cdesc83\/wp-json\/wp\/v2\/wpbdp_category?post=3570"},{"taxonomy":"wpbdp_tag","embeddable":true,"href":"https:\/\/www.pedagogie.ac-nice.fr\/cdesc83\/wp-json\/wp\/v2\/wpbdp_tag?post=3570"}],"curies":[{"name":"wp","href":"https:\/\/api.w.org\/{rel}","templated":true}]}}

Fédération Française des Motards en Colère

<p>Organisation de journées de prévention, affichage, tenue de réunion periodique, organisation de manifestations, de journées pédagogiques dans les collèges, lycées et CFA</p>
<p><em> </em></p>

<p>Organisation de journées de prévention, affichage, tenue de réunion periodique, organisation de manifestations, de journées pédagogiques dans les collèges, lycées et CFA  </p>
