{"id":3575,"date":"2016-12-06T13:10:57","date_gmt":"2016-12-06T12:10:57","guid":{"rendered":"https:\/\/www.pedagogie.ac-nice.fr\/cdesc83\/annuaire-professionnel\/3575\/?post_type=wpbdp_listing&#038;p=3575"},"modified":"2018-04-05T16:34:20","modified_gmt":"2018-04-05T14:34:20","slug":"espace-daccueil-et-danimation-pour-les-familles-epafa","status":"publish","type":"wpbdp_listing","link":"https:\/\/www.pedagogie.ac-nice.fr\/cdesc83\/annuaire-ordre1\/3575\/espace-daccueil-et-danimation-pour-les-familles-epafa\/","title":{"rendered":"Espace d&rsquo;Accueil et d&rsquo;Animation pour les Familles"},"content":{"rendered":"<p>Cr\u00e9er des liens d&rsquo;amiti\u00e9 entre les communaut\u00e9s<\/p>\n<p>Favoriser la coh\u00e9sion sociale par les \u00e9changes interculturels, l&rsquo;insertion et les initiatives d&rsquo;\u00e9conomie sociale et solidaire<\/p>\n<p>Aide \u00e0 la parentalit\u00e9 et m\u00e9diation<\/p>\n<p><em>\u00a0<\/em><\/p>\n","protected":false},"excerpt":{"rendered":"<p>Cr\u00e9er des liens d&rsquo;amiti\u00e9 entre les communaut\u00e9s Favoriser la coh\u00e9sion sociale par les \u00e9changes interculturels, l&rsquo;insertion et les initiatives d&rsquo;\u00e9conomie sociale et solidaire Aide \u00e0 la parentalit\u00e9 et m\u00e9diation \u00a0<\/p>\n","protected":false},"author":1,"featured_media":0,"comment_status":"closed","ping_status":"closed","template":"","meta":{"_et_pb_use_builder":"","_et_pb_old_content":"","_et_gb_content_width":"","ngg_post_thumbnail":0},"wpbdp_category":[10],"wpbdp_tag":[],"class_list":["post-3575","wpbdp_listing","type-wpbdp_listing","status-publish","hentry","wpbdp_category-e"],"post_mailing_queue_ids":[],"_links":{"self":[{"href":"https:\/\/www.pedagogie.ac-nice.fr\/cdesc83\/wp-json\/wp\/v2\/wpbdp_listing\/3575","targetHints":{"allow":["GET"]}}],"collection":[{"href":"https:\/\/www.pedagogie.ac-nice.fr\/cdesc83\/wp-json\/wp\/v2\/wpbdp_listing"}],"about":[{"href":"https:\/\/www.pedagogie.ac-nice.fr\/cdesc83\/wp-json\/wp\/v2\/types\/wpbdp_listing"}],"author":[{"embeddable":true,"href":"https:\/\/www.pedagogie.ac-nice.fr\/cdesc83\/wp-json\/wp\/v2\/users\/1"}],"replies":[{"embeddable":true,"href":"https:\/\/www.pedagogie.ac-nice.fr\/cdesc83\/wp-json\/wp\/v2\/comments?post=3575"}],"wp:attachment":[{"href":"https:\/\/www.pedagogie.ac-nice.fr\/cdesc83\/wp-json\/wp\/v2\/media?parent=3575"}],"wp:term":[{"taxonomy":"wpbdp_category","embeddable":true,"href":"https:\/\/www.pedagogie.ac-nice.fr\/cdesc83\/wp-json\/wp\/v2\/wpbdp_category?post=3575"},{"taxonomy":"wpbdp_tag","embeddable":true,"href":"https:\/\/www.pedagogie.ac-nice.fr\/cdesc83\/wp-json\/wp\/v2\/wpbdp_tag?post=3575"}],"curies":[{"name":"wp","href":"https:\/\/api.w.org\/{rel}","templated":true}]}}

<p>Créer des liens d&rsquo;amitié entre les communautés</p>
<p>Favoriser la cohésion sociale par les échanges interculturels, l&rsquo;insertion et les initiatives d&rsquo;économie sociale et solidaire</p>
<p>Aide à la parentalité et médiation</p>
<p><em> </em></p>

<p>Créer des liens d&rsquo;amitié entre les communautés Favoriser la cohésion sociale par les échanges interculturels, l&rsquo;insertion et les initiatives d&rsquo;économie sociale et solidaire Aide à la parentalité et médiation  </p>
