{"id":3578,"date":"2016-12-06T13:10:58","date_gmt":"2016-12-06T12:10:58","guid":{"rendered":"https:\/\/www.pedagogie.ac-nice.fr\/cdesc83\/annuaire-professionnel\/3578\/?post_type=wpbdp_listing&#038;p=3578"},"modified":"2018-04-05T16:33:55","modified_gmt":"2018-04-05T14:33:55","slug":"espace-mediterranee-2","status":"publish","type":"wpbdp_listing","link":"https:\/\/www.pedagogie.ac-nice.fr\/cdesc83\/annuaire-ordre1\/3578\/espace-mediterranee-2\/","title":{"rendered":"Espace M\u00e9diterran\u00e9e"},"content":{"rendered":"<p>Accompagnement administratif et juridique &#8211; Actions de m\u00e9diation, d\u2019insertion et d\u2019int\u00e9gration &#8211; Accueil et accompagnement des migrants vieillissants<br \/>\nLutte contre les discriminations &#8211; Fran\u00e7ais Langue \u00e9trang\u00e8re (CAI) &#8211; Actions culturelles et interculturelles &#8211; Centre d&rsquo;examen DILF<\/p>\n","protected":false},"excerpt":{"rendered":"<p>Accompagnement administratif et juridique &#8211; Actions de m\u00e9diation, d\u2019insertion et d\u2019int\u00e9gration &#8211; Accueil et accompagnement des migrants vieillissants Lutte contre les discriminations &#8211; Fran\u00e7ais Langue \u00e9trang\u00e8re (CAI) &#8211; Actions culturelles et interculturelles &#8211; Centre d&rsquo;examen DILF<\/p>\n","protected":false},"author":1,"featured_media":0,"comment_status":"closed","ping_status":"closed","template":"","meta":{"_et_pb_use_builder":"","_et_pb_old_content":"","_et_gb_content_width":"","ngg_post_thumbnail":0},"wpbdp_category":[10],"wpbdp_tag":[],"class_list":["post-3578","wpbdp_listing","type-wpbdp_listing","status-publish","hentry","wpbdp_category-e"],"post_mailing_queue_ids":[],"_links":{"self":[{"href":"https:\/\/www.pedagogie.ac-nice.fr\/cdesc83\/wp-json\/wp\/v2\/wpbdp_listing\/3578","targetHints":{"allow":["GET"]}}],"collection":[{"href":"https:\/\/www.pedagogie.ac-nice.fr\/cdesc83\/wp-json\/wp\/v2\/wpbdp_listing"}],"about":[{"href":"https:\/\/www.pedagogie.ac-nice.fr\/cdesc83\/wp-json\/wp\/v2\/types\/wpbdp_listing"}],"author":[{"embeddable":true,"href":"https:\/\/www.pedagogie.ac-nice.fr\/cdesc83\/wp-json\/wp\/v2\/users\/1"}],"replies":[{"embeddable":true,"href":"https:\/\/www.pedagogie.ac-nice.fr\/cdesc83\/wp-json\/wp\/v2\/comments?post=3578"}],"wp:attachment":[{"href":"https:\/\/www.pedagogie.ac-nice.fr\/cdesc83\/wp-json\/wp\/v2\/media?parent=3578"}],"wp:term":[{"taxonomy":"wpbdp_category","embeddable":true,"href":"https:\/\/www.pedagogie.ac-nice.fr\/cdesc83\/wp-json\/wp\/v2\/wpbdp_category?post=3578"},{"taxonomy":"wpbdp_tag","embeddable":true,"href":"https:\/\/www.pedagogie.ac-nice.fr\/cdesc83\/wp-json\/wp\/v2\/wpbdp_tag?post=3578"}],"curies":[{"name":"wp","href":"https:\/\/api.w.org\/{rel}","templated":true}]}}

Espace Méditerranée

<p>Accompagnement administratif et juridique &#8211; Actions de médiation, d’insertion et d’intégration &#8211; Accueil et accompagnement des migrants vieillissants<br />
Lutte contre les discriminations &#8211; Français Langue étrangère (CAI) &#8211; Actions culturelles et interculturelles &#8211; Centre d&rsquo;examen DILF</p>

<p>Accompagnement administratif et juridique &#8211; Actions de médiation, d’insertion et d’intégration &#8211; Accueil et accompagnement des migrants vieillissants Lutte contre les discriminations &#8211; Français Langue étrangère (CAI) &#8211; Actions culturelles et interculturelles &#8211; Centre d&rsquo;examen DILF</p>
