{"id":3592,"date":"2016-12-06T13:11:00","date_gmt":"2016-12-06T12:11:00","guid":{"rendered":"https:\/\/www.pedagogie.ac-nice.fr\/cdesc83\/annuaire-professionnel\/3592\/?post_type=wpbdp_listing&#038;p=3592"},"modified":"2018-04-05T16:33:13","modified_gmt":"2018-04-05T14:33:13","slug":"ecole-des-parents-et-des-educateurs-du-var-eepe-83","status":"publish","type":"wpbdp_listing","link":"https:\/\/www.pedagogie.ac-nice.fr\/cdesc83\/annuaire-ordre1\/3592\/ecole-des-parents-et-des-educateurs-du-var-eepe-83\/","title":{"rendered":"\u00c9cole des Parents et des \u00c9ducateurs du Var"},"content":{"rendered":"<ul>\n<li><em>Caf\u00e9 des parents <\/em><\/li>\n<li><em>Consultations guidance parentale<\/em><\/li>\n<li><em>M\u00e9diation Familiale <\/em><\/li>\n<li><em>Groupes de parole et d\u2019\u00e9change <\/em><\/li>\n<li><em>Animations-d\u00e9bats <\/em><\/li>\n<li><em>Visites m\u00e9diatis\u00e9es<\/em><\/li>\n<li><em>\u00c9coute t\u00e9l\u00e9phonique <\/em><\/li>\n<li><em>Analyse de la pratique professionnelle<\/em><\/li>\n<\/ul>\n","protected":false},"excerpt":{"rendered":"<p>Caf\u00e9 des parents Consultations guidance parentale M\u00e9diation Familiale Groupes de parole et d\u2019\u00e9change Animations-d\u00e9bats Visites m\u00e9diatis\u00e9es \u00c9coute t\u00e9l\u00e9phonique Analyse de la pratique professionnelle<\/p>\n","protected":false},"author":1,"featured_media":0,"comment_status":"closed","ping_status":"closed","template":"","meta":{"_et_pb_use_builder":"","_et_pb_old_content":"","_et_gb_content_width":"","ngg_post_thumbnail":0},"wpbdp_category":[10],"wpbdp_tag":[],"class_list":["post-3592","wpbdp_listing","type-wpbdp_listing","status-publish","hentry","wpbdp_category-e"],"post_mailing_queue_ids":[],"_links":{"self":[{"href":"https:\/\/www.pedagogie.ac-nice.fr\/cdesc83\/wp-json\/wp\/v2\/wpbdp_listing\/3592","targetHints":{"allow":["GET"]}}],"collection":[{"href":"https:\/\/www.pedagogie.ac-nice.fr\/cdesc83\/wp-json\/wp\/v2\/wpbdp_listing"}],"about":[{"href":"https:\/\/www.pedagogie.ac-nice.fr\/cdesc83\/wp-json\/wp\/v2\/types\/wpbdp_listing"}],"author":[{"embeddable":true,"href":"https:\/\/www.pedagogie.ac-nice.fr\/cdesc83\/wp-json\/wp\/v2\/users\/1"}],"replies":[{"embeddable":true,"href":"https:\/\/www.pedagogie.ac-nice.fr\/cdesc83\/wp-json\/wp\/v2\/comments?post=3592"}],"wp:attachment":[{"href":"https:\/\/www.pedagogie.ac-nice.fr\/cdesc83\/wp-json\/wp\/v2\/media?parent=3592"}],"wp:term":[{"taxonomy":"wpbdp_category","embeddable":true,"href":"https:\/\/www.pedagogie.ac-nice.fr\/cdesc83\/wp-json\/wp\/v2\/wpbdp_category?post=3592"},{"taxonomy":"wpbdp_tag","embeddable":true,"href":"https:\/\/www.pedagogie.ac-nice.fr\/cdesc83\/wp-json\/wp\/v2\/wpbdp_tag?post=3592"}],"curies":[{"name":"wp","href":"https:\/\/api.w.org\/{rel}","templated":true}]}}

École des Parents et des Éducateurs du Var

<ul>
<li><em>Café des parents </em></li>
<li><em>Consultations guidance parentale</em></li>
<li><em>Médiation Familiale </em></li>
<li><em>Groupes de parole et d’échange </em></li>
<li><em>Animations-débats </em></li>
<li><em>Visites médiatisées</em></li>
<li><em>Écoute téléphonique </em></li>
<li><em>Analyse de la pratique professionnelle</em></li>
</ul>

<p>Café des parents Consultations guidance parentale Médiation Familiale Groupes de parole et d’échange Animations-débats Visites médiatisées Écoute téléphonique Analyse de la pratique professionnelle</p>
