{"id":3594,"date":"2016-12-06T13:11:00","date_gmt":"2016-12-06T12:11:00","guid":{"rendered":"https:\/\/www.pedagogie.ac-nice.fr\/cdesc83\/annuaire-professionnel\/3594\/?post_type=wpbdp_listing&#038;p=3594"},"modified":"2018-04-05T16:33:03","modified_gmt":"2018-04-05T14:33:03","slug":"en-chemin-hyeres","status":"publish","type":"wpbdp_listing","link":"https:\/\/www.pedagogie.ac-nice.fr\/cdesc83\/annuaire-ordre1\/3594\/en-chemin-hyeres\/","title":{"rendered":"En Chemin"},"content":{"rendered":"<p>A pour objet de favoriser et d\u00e9velopper toutes formes d&rsquo;activit\u00e9s d&rsquo;int\u00e9r\u00eat g\u00e9n\u00e9ral \u00e0 caract\u00e8res social, humanitaire et philanthropiques en contribuant \u00e0 la lutte contre l&rsquo;exclusion et \u00e0 l&rsquo;insertion des personnes en situation de pr\u00e9carit\u00e9 notamment en mati\u00e8res d&rsquo;alimentation, d&rsquo;hygi\u00e8ne, de sant\u00e9, de logement et d&rsquo;activit\u00e9s de r\u00e9insertion.<\/p>\n<p><em>\u00a0<\/em><\/p>\n","protected":false},"excerpt":{"rendered":"<p>A pour objet de favoriser et d\u00e9velopper toutes formes d&rsquo;activit\u00e9s d&rsquo;int\u00e9r\u00eat g\u00e9n\u00e9ral \u00e0 caract\u00e8res social, humanitaire et philanthropiques en contribuant \u00e0 la lutte contre l&rsquo;exclusion et \u00e0 l&rsquo;insertion des personnes en situation de pr\u00e9carit\u00e9 notamment en mati\u00e8res d&rsquo;alimentation, d&rsquo;hygi\u00e8ne, de sant\u00e9, de logement et d&rsquo;activit\u00e9s de r\u00e9insertion. \u00a0<\/p>\n","protected":false},"author":1,"featured_media":0,"comment_status":"closed","ping_status":"closed","template":"","meta":{"_et_pb_use_builder":"","_et_pb_old_content":"","_et_gb_content_width":"","ngg_post_thumbnail":0},"wpbdp_category":[10],"wpbdp_tag":[],"class_list":["post-3594","wpbdp_listing","type-wpbdp_listing","status-publish","hentry","wpbdp_category-e"],"post_mailing_queue_ids":[],"_links":{"self":[{"href":"https:\/\/www.pedagogie.ac-nice.fr\/cdesc83\/wp-json\/wp\/v2\/wpbdp_listing\/3594","targetHints":{"allow":["GET"]}}],"collection":[{"href":"https:\/\/www.pedagogie.ac-nice.fr\/cdesc83\/wp-json\/wp\/v2\/wpbdp_listing"}],"about":[{"href":"https:\/\/www.pedagogie.ac-nice.fr\/cdesc83\/wp-json\/wp\/v2\/types\/wpbdp_listing"}],"author":[{"embeddable":true,"href":"https:\/\/www.pedagogie.ac-nice.fr\/cdesc83\/wp-json\/wp\/v2\/users\/1"}],"replies":[{"embeddable":true,"href":"https:\/\/www.pedagogie.ac-nice.fr\/cdesc83\/wp-json\/wp\/v2\/comments?post=3594"}],"wp:attachment":[{"href":"https:\/\/www.pedagogie.ac-nice.fr\/cdesc83\/wp-json\/wp\/v2\/media?parent=3594"}],"wp:term":[{"taxonomy":"wpbdp_category","embeddable":true,"href":"https:\/\/www.pedagogie.ac-nice.fr\/cdesc83\/wp-json\/wp\/v2\/wpbdp_category?post=3594"},{"taxonomy":"wpbdp_tag","embeddable":true,"href":"https:\/\/www.pedagogie.ac-nice.fr\/cdesc83\/wp-json\/wp\/v2\/wpbdp_tag?post=3594"}],"curies":[{"name":"wp","href":"https:\/\/api.w.org\/{rel}","templated":true}]}}

<p>A pour objet de favoriser et développer toutes formes d&rsquo;activités d&rsquo;intérêt général à caractères social, humanitaire et philanthropiques en contribuant à la lutte contre l&rsquo;exclusion et à l&rsquo;insertion des personnes en situation de précarité notamment en matières d&rsquo;alimentation, d&rsquo;hygiène, de santé, de logement et d&rsquo;activités de réinsertion.</p>
<p><em> </em></p>

<p>A pour objet de favoriser et développer toutes formes d&rsquo;activités d&rsquo;intérêt général à caractères social, humanitaire et philanthropiques en contribuant à la lutte contre l&rsquo;exclusion et à l&rsquo;insertion des personnes en situation de précarité notamment en matières d&rsquo;alimentation, d&rsquo;hygiène, de santé, de logement et d&rsquo;activités de réinsertion.  </p>
