{"id":3596,"date":"2016-12-06T13:11:01","date_gmt":"2016-12-06T12:11:01","guid":{"rendered":"https:\/\/www.pedagogie.ac-nice.fr\/cdesc83\/annuaire-professionnel\/3596\/?post_type=wpbdp_listing&#038;p=3596"},"modified":"2018-04-05T16:32:56","modified_gmt":"2018-04-05T14:32:56","slug":"conseil-departemental-de-lacces-au-droit-du-var-cdad-83","status":"publish","type":"wpbdp_listing","link":"https:\/\/www.pedagogie.ac-nice.fr\/cdesc83\/annuaire-ordre1\/3596\/conseil-departemental-de-lacces-au-droit-du-var-cdad-83\/","title":{"rendered":"Conseil D\u00e9partemental de l\u2019acc\u00e8s aux Droits du Var"},"content":{"rendered":"<p><em>Place sous la pr\u00e9sidence du pr\u00e9sident du Tribunal de Grande Instance du chef-lieu du d\u00e9partement, cette structure r\u00e9unit diff\u00e9rents acteurs qui \u0153uvrent pour l\u2019acc\u00e8s au droit dans le d\u00e9partement: les professionnels du droit ( avocats, notaires, huissiers), les collectivit\u00e9s locales en charge des politiques sociales, les associations sp\u00e9cialises et l\u2019\u00e9tat. Le CDAD a pour mission essentielle de d\u00e9finir une politique d\u2019acc\u00e8s au droit dans le d\u00e9partement, de piloter et de coordonner les actions en mati\u00e8re d&rsquo;aide \u00e0 l\u2019acc\u00e8s au droit.<\/em><\/p>\n","protected":false},"excerpt":{"rendered":"<p>Place sous la pr\u00e9sidence du pr\u00e9sident du Tribunal de Grande Instance du chef-lieu du d\u00e9partement, cette structure r\u00e9unit diff\u00e9rents acteurs qui \u0153uvrent pour l\u2019acc\u00e8s au droit dans le d\u00e9partement: les professionnels du droit ( avocats, notaires, huissiers), les collectivit\u00e9s locales en charge des politiques sociales, les associations sp\u00e9cialises et l\u2019\u00e9tat. Le CDAD a pour mission [&hellip;]<\/p>\n","protected":false},"author":1,"featured_media":0,"comment_status":"closed","ping_status":"closed","template":"","meta":{"_et_pb_use_builder":"","_et_pb_old_content":"","_et_gb_content_width":"","ngg_post_thumbnail":0},"wpbdp_category":[9],"wpbdp_tag":[],"class_list":["post-3596","wpbdp_listing","type-wpbdp_listing","status-publish","hentry","wpbdp_category-c"],"post_mailing_queue_ids":[],"_links":{"self":[{"href":"https:\/\/www.pedagogie.ac-nice.fr\/cdesc83\/wp-json\/wp\/v2\/wpbdp_listing\/3596","targetHints":{"allow":["GET"]}}],"collection":[{"href":"https:\/\/www.pedagogie.ac-nice.fr\/cdesc83\/wp-json\/wp\/v2\/wpbdp_listing"}],"about":[{"href":"https:\/\/www.pedagogie.ac-nice.fr\/cdesc83\/wp-json\/wp\/v2\/types\/wpbdp_listing"}],"author":[{"embeddable":true,"href":"https:\/\/www.pedagogie.ac-nice.fr\/cdesc83\/wp-json\/wp\/v2\/users\/1"}],"replies":[{"embeddable":true,"href":"https:\/\/www.pedagogie.ac-nice.fr\/cdesc83\/wp-json\/wp\/v2\/comments?post=3596"}],"wp:attachment":[{"href":"https:\/\/www.pedagogie.ac-nice.fr\/cdesc83\/wp-json\/wp\/v2\/media?parent=3596"}],"wp:term":[{"taxonomy":"wpbdp_category","embeddable":true,"href":"https:\/\/www.pedagogie.ac-nice.fr\/cdesc83\/wp-json\/wp\/v2\/wpbdp_category?post=3596"},{"taxonomy":"wpbdp_tag","embeddable":true,"href":"https:\/\/www.pedagogie.ac-nice.fr\/cdesc83\/wp-json\/wp\/v2\/wpbdp_tag?post=3596"}],"curies":[{"name":"wp","href":"https:\/\/api.w.org\/{rel}","templated":true}]}}

Conseil Départemental de l’accès aux Droits du Var

<p><em>Place sous la présidence du président du Tribunal de Grande Instance du chef-lieu du département, cette structure réunit différents acteurs qui œuvrent pour l’accès au droit dans le département: les professionnels du droit ( avocats, notaires, huissiers), les collectivités locales en charge des politiques sociales, les associations spécialises et l’état. Le CDAD a pour mission essentielle de définir une politique d’accès au droit dans le département, de piloter et de coordonner les actions en matière d&rsquo;aide à l’accès au droit.</em></p>

<p>Place sous la présidence du président du Tribunal de Grande Instance du chef-lieu du département, cette structure réunit différents acteurs qui œuvrent pour l’accès au droit dans le département: les professionnels du droit ( avocats, notaires, huissiers), les collectivités locales en charge des politiques sociales, les associations spécialises et l’état. Le CDAD a pour mission [&hellip;]</p>
