{"id":3598,"date":"2016-12-06T13:11:01","date_gmt":"2016-12-06T12:11:01","guid":{"rendered":"https:\/\/www.pedagogie.ac-nice.fr\/cdesc83\/annuaire-professionnel\/3598\/?post_type=wpbdp_listing&#038;p=3598"},"modified":"2018-04-05T16:32:47","modified_gmt":"2018-04-05T14:32:47","slug":"coordination-des-intervenants-aupres-des-personnes-souffrant-de-dysfonctionnements-neuropsychologiques-coridys","status":"publish","type":"wpbdp_listing","link":"https:\/\/www.pedagogie.ac-nice.fr\/cdesc83\/annuaire-ordre1\/3598\/coordination-des-intervenants-aupres-des-personnes-souffrant-de-dysfonctionnements-neuropsychologiques-coridys\/","title":{"rendered":"Coordination des intervenants aupr\u00e8s des personnes souffrant de dysfonctionnements neuropsychologiques"},"content":{"rendered":"<p><em>\u0152uvre pour l&rsquo;accompagnement des personnes dans leur parcours de vie. Elle r\u00e9alise un ensemble d&rsquo;actions qui ont pour objectif l&rsquo;inclusion dans leur environnement des personnes en situation de handicap du fait d&rsquo;alt\u00e9rations des fonctions cognitives.<\/em><br \/>\n<em> Centre de ressources documentaires ouvert \u00e0 tous<\/em><\/p>\n","protected":false},"excerpt":{"rendered":"<p>\u0152uvre pour l&rsquo;accompagnement des personnes dans leur parcours de vie. Elle r\u00e9alise un ensemble d&rsquo;actions qui ont pour objectif l&rsquo;inclusion dans leur environnement des personnes en situation de handicap du fait d&rsquo;alt\u00e9rations des fonctions cognitives. Centre de ressources documentaires ouvert \u00e0 tous<\/p>\n","protected":false},"author":1,"featured_media":0,"comment_status":"closed","ping_status":"closed","template":"","meta":{"_et_pb_use_builder":"","_et_pb_old_content":"","_et_gb_content_width":"","ngg_post_thumbnail":0},"wpbdp_category":[9],"wpbdp_tag":[],"class_list":["post-3598","wpbdp_listing","type-wpbdp_listing","status-publish","hentry","wpbdp_category-c"],"post_mailing_queue_ids":[],"_links":{"self":[{"href":"https:\/\/www.pedagogie.ac-nice.fr\/cdesc83\/wp-json\/wp\/v2\/wpbdp_listing\/3598","targetHints":{"allow":["GET"]}}],"collection":[{"href":"https:\/\/www.pedagogie.ac-nice.fr\/cdesc83\/wp-json\/wp\/v2\/wpbdp_listing"}],"about":[{"href":"https:\/\/www.pedagogie.ac-nice.fr\/cdesc83\/wp-json\/wp\/v2\/types\/wpbdp_listing"}],"author":[{"embeddable":true,"href":"https:\/\/www.pedagogie.ac-nice.fr\/cdesc83\/wp-json\/wp\/v2\/users\/1"}],"replies":[{"embeddable":true,"href":"https:\/\/www.pedagogie.ac-nice.fr\/cdesc83\/wp-json\/wp\/v2\/comments?post=3598"}],"wp:attachment":[{"href":"https:\/\/www.pedagogie.ac-nice.fr\/cdesc83\/wp-json\/wp\/v2\/media?parent=3598"}],"wp:term":[{"taxonomy":"wpbdp_category","embeddable":true,"href":"https:\/\/www.pedagogie.ac-nice.fr\/cdesc83\/wp-json\/wp\/v2\/wpbdp_category?post=3598"},{"taxonomy":"wpbdp_tag","embeddable":true,"href":"https:\/\/www.pedagogie.ac-nice.fr\/cdesc83\/wp-json\/wp\/v2\/wpbdp_tag?post=3598"}],"curies":[{"name":"wp","href":"https:\/\/api.w.org\/{rel}","templated":true}]}}

Coordination des intervenants auprès des personnes souffrant de dysfonctionnements neuropsychologiques

<p><em>Œuvre pour l&rsquo;accompagnement des personnes dans leur parcours de vie. Elle réalise un ensemble d&rsquo;actions qui ont pour objectif l&rsquo;inclusion dans leur environnement des personnes en situation de handicap du fait d&rsquo;altérations des fonctions cognitives.</em><br />
<em> Centre de ressources documentaires ouvert à tous</em></p>

<p>Œuvre pour l&rsquo;accompagnement des personnes dans leur parcours de vie. Elle réalise un ensemble d&rsquo;actions qui ont pour objectif l&rsquo;inclusion dans leur environnement des personnes en situation de handicap du fait d&rsquo;altérations des fonctions cognitives. Centre de ressources documentaires ouvert à tous</p>
