{"id":3612,"date":"2016-12-06T13:11:03","date_gmt":"2016-12-06T12:11:03","guid":{"rendered":"https:\/\/www.pedagogie.ac-nice.fr\/cdesc83\/annuaire-professionnel\/3612\/?post_type=wpbdp_listing&#038;p=3612"},"modified":"2018-04-05T16:32:08","modified_gmt":"2018-04-05T14:32:08","slug":"comite-departemental-deducation-pour-la-sante-codes-83","status":"publish","type":"wpbdp_listing","link":"https:\/\/www.pedagogie.ac-nice.fr\/cdesc83\/annuaire-ordre1\/3612\/comite-departemental-deducation-pour-la-sante-codes-83\/","title":{"rendered":"Comite D\u00e9partemental d\u2019\u00c9ducation pour la Sant\u00e9"},"content":{"rendered":"<p><em>Compose de professionnels qualifies, le comite accompagne les politiques de Sant\u00e9 Publique. Il analyse les besoins de sant\u00e9 locaux, exerce un r\u00f4le de soutien et d&rsquo;expertise aupr\u00e8s des professionnels et d\u00e9velopp\u00e9 des programmes de promotion de la sant\u00e9. Ses capacit\u00e9s d&rsquo;expertise et d&rsquo;action sont au service de l\u2019am\u00e9lioration de la sant\u00e9 des populations.<\/em><\/p>\n","protected":false},"excerpt":{"rendered":"<p>Compose de professionnels qualifies, le comite accompagne les politiques de Sant\u00e9 Publique. Il analyse les besoins de sant\u00e9 locaux, exerce un r\u00f4le de soutien et d&rsquo;expertise aupr\u00e8s des professionnels et d\u00e9velopp\u00e9 des programmes de promotion de la sant\u00e9. Ses capacit\u00e9s d&rsquo;expertise et d&rsquo;action sont au service de l\u2019am\u00e9lioration de la sant\u00e9 des populations.<\/p>\n","protected":false},"author":1,"featured_media":0,"comment_status":"closed","ping_status":"closed","template":"","meta":{"_et_pb_use_builder":"","_et_pb_old_content":"","_et_gb_content_width":"","ngg_post_thumbnail":0},"wpbdp_category":[9],"wpbdp_tag":[],"class_list":["post-3612","wpbdp_listing","type-wpbdp_listing","status-publish","hentry","wpbdp_category-c"],"post_mailing_queue_ids":[],"_links":{"self":[{"href":"https:\/\/www.pedagogie.ac-nice.fr\/cdesc83\/wp-json\/wp\/v2\/wpbdp_listing\/3612","targetHints":{"allow":["GET"]}}],"collection":[{"href":"https:\/\/www.pedagogie.ac-nice.fr\/cdesc83\/wp-json\/wp\/v2\/wpbdp_listing"}],"about":[{"href":"https:\/\/www.pedagogie.ac-nice.fr\/cdesc83\/wp-json\/wp\/v2\/types\/wpbdp_listing"}],"author":[{"embeddable":true,"href":"https:\/\/www.pedagogie.ac-nice.fr\/cdesc83\/wp-json\/wp\/v2\/users\/1"}],"replies":[{"embeddable":true,"href":"https:\/\/www.pedagogie.ac-nice.fr\/cdesc83\/wp-json\/wp\/v2\/comments?post=3612"}],"wp:attachment":[{"href":"https:\/\/www.pedagogie.ac-nice.fr\/cdesc83\/wp-json\/wp\/v2\/media?parent=3612"}],"wp:term":[{"taxonomy":"wpbdp_category","embeddable":true,"href":"https:\/\/www.pedagogie.ac-nice.fr\/cdesc83\/wp-json\/wp\/v2\/wpbdp_category?post=3612"},{"taxonomy":"wpbdp_tag","embeddable":true,"href":"https:\/\/www.pedagogie.ac-nice.fr\/cdesc83\/wp-json\/wp\/v2\/wpbdp_tag?post=3612"}],"curies":[{"name":"wp","href":"https:\/\/api.w.org\/{rel}","templated":true}]}}

Comite Départemental d’Éducation pour la Santé

<p><em>Compose de professionnels qualifies, le comite accompagne les politiques de Santé Publique. Il analyse les besoins de santé locaux, exerce un rôle de soutien et d&rsquo;expertise auprès des professionnels et développé des programmes de promotion de la santé. Ses capacités d&rsquo;expertise et d&rsquo;action sont au service de l’amélioration de la santé des populations.</em></p>

<p>Compose de professionnels qualifies, le comite accompagne les politiques de Santé Publique. Il analyse les besoins de santé locaux, exerce un rôle de soutien et d&rsquo;expertise auprès des professionnels et développé des programmes de promotion de la santé. Ses capacités d&rsquo;expertise et d&rsquo;action sont au service de l’amélioration de la santé des populations.</p>
