{"id":3633,"date":"2016-12-06T13:11:08","date_gmt":"2016-12-06T12:11:08","guid":{"rendered":"https:\/\/www.pedagogie.ac-nice.fr\/cdesc83\/annuaire-professionnel\/3633\/?post_type=wpbdp_listing&#038;p=3633"},"modified":"2018-04-05T16:28:13","modified_gmt":"2018-04-05T14:28:13","slug":"centre-social-et-culturel-nelson-mandela-csc-nm","status":"publish","type":"wpbdp_listing","link":"https:\/\/www.pedagogie.ac-nice.fr\/cdesc83\/annuaire-ordre1\/3633\/centre-social-et-culturel-nelson-mandela-csc-nm\/","title":{"rendered":"Centre Social et Culturel Nelson Mandela"},"content":{"rendered":"<p><em>Un Centre Social et Culturel est un foyer d&rsquo;initiatives porte par des habitants associes, appuy\u00e9s par des professionnels, capables de d\u00e9finir et de mettre en \u0153uvre un projet de d\u00e9veloppement social pour l&rsquo;ensemble de la population.<\/em><\/p>\n","protected":false},"excerpt":{"rendered":"<p>Un Centre Social et Culturel est un foyer d&rsquo;initiatives porte par des habitants associes, appuy\u00e9s par des professionnels, capables de d\u00e9finir et de mettre en \u0153uvre un projet de d\u00e9veloppement social pour l&rsquo;ensemble de la population.<\/p>\n","protected":false},"author":1,"featured_media":0,"comment_status":"closed","ping_status":"closed","template":"","meta":{"_et_pb_use_builder":"","_et_pb_old_content":"","_et_gb_content_width":"","ngg_post_thumbnail":0},"wpbdp_category":[9],"wpbdp_tag":[],"class_list":["post-3633","wpbdp_listing","type-wpbdp_listing","status-publish","hentry","wpbdp_category-c"],"post_mailing_queue_ids":[],"_links":{"self":[{"href":"https:\/\/www.pedagogie.ac-nice.fr\/cdesc83\/wp-json\/wp\/v2\/wpbdp_listing\/3633","targetHints":{"allow":["GET"]}}],"collection":[{"href":"https:\/\/www.pedagogie.ac-nice.fr\/cdesc83\/wp-json\/wp\/v2\/wpbdp_listing"}],"about":[{"href":"https:\/\/www.pedagogie.ac-nice.fr\/cdesc83\/wp-json\/wp\/v2\/types\/wpbdp_listing"}],"author":[{"embeddable":true,"href":"https:\/\/www.pedagogie.ac-nice.fr\/cdesc83\/wp-json\/wp\/v2\/users\/1"}],"replies":[{"embeddable":true,"href":"https:\/\/www.pedagogie.ac-nice.fr\/cdesc83\/wp-json\/wp\/v2\/comments?post=3633"}],"wp:attachment":[{"href":"https:\/\/www.pedagogie.ac-nice.fr\/cdesc83\/wp-json\/wp\/v2\/media?parent=3633"}],"wp:term":[{"taxonomy":"wpbdp_category","embeddable":true,"href":"https:\/\/www.pedagogie.ac-nice.fr\/cdesc83\/wp-json\/wp\/v2\/wpbdp_category?post=3633"},{"taxonomy":"wpbdp_tag","embeddable":true,"href":"https:\/\/www.pedagogie.ac-nice.fr\/cdesc83\/wp-json\/wp\/v2\/wpbdp_tag?post=3633"}],"curies":[{"name":"wp","href":"https:\/\/api.w.org\/{rel}","templated":true}]}}

<p><em>Un Centre Social et Culturel est un foyer d&rsquo;initiatives porte par des habitants associes, appuyés par des professionnels, capables de définir et de mettre en œuvre un projet de développement social pour l&rsquo;ensemble de la population.</em></p>

<p>Un Centre Social et Culturel est un foyer d&rsquo;initiatives porte par des habitants associes, appuyés par des professionnels, capables de définir et de mettre en œuvre un projet de développement social pour l&rsquo;ensemble de la population.</p>
