{"id":3635,"date":"2016-12-06T13:11:08","date_gmt":"2016-12-06T12:11:08","guid":{"rendered":"https:\/\/www.pedagogie.ac-nice.fr\/cdesc83\/annuaire-professionnel\/3635\/?post_type=wpbdp_listing&#038;p=3635"},"modified":"2018-04-05T16:28:02","modified_gmt":"2018-04-05T14:28:02","slug":"centre-social-et-culturel-saint-raphael-2","status":"publish","type":"wpbdp_listing","link":"https:\/\/www.pedagogie.ac-nice.fr\/cdesc83\/annuaire-ordre1\/3635\/centre-social-et-culturel-saint-raphael-2\/","title":{"rendered":"Centre Social et Culturel Saint-Rapha\u00ebl"},"content":{"rendered":"<p><em>Un outil de d\u00e9veloppement social local\u00a0pour cr\u00e9er avec et pour les habitants un ensemble de services \u00e0 caract\u00e8re familial, \u00e9ducatif, culturel, social, de loisirs<\/em><\/p>\n","protected":false},"excerpt":{"rendered":"<p>Un outil de d\u00e9veloppement social local\u00a0pour cr\u00e9er avec et pour les habitants un ensemble de services \u00e0 caract\u00e8re familial, \u00e9ducatif, culturel, social, de loisirs<\/p>\n","protected":false},"author":1,"featured_media":0,"comment_status":"closed","ping_status":"closed","template":"","meta":{"_et_pb_use_builder":"","_et_pb_old_content":"","_et_gb_content_width":"","ngg_post_thumbnail":0},"wpbdp_category":[9],"wpbdp_tag":[],"class_list":["post-3635","wpbdp_listing","type-wpbdp_listing","status-publish","hentry","wpbdp_category-c"],"post_mailing_queue_ids":[],"_links":{"self":[{"href":"https:\/\/www.pedagogie.ac-nice.fr\/cdesc83\/wp-json\/wp\/v2\/wpbdp_listing\/3635","targetHints":{"allow":["GET"]}}],"collection":[{"href":"https:\/\/www.pedagogie.ac-nice.fr\/cdesc83\/wp-json\/wp\/v2\/wpbdp_listing"}],"about":[{"href":"https:\/\/www.pedagogie.ac-nice.fr\/cdesc83\/wp-json\/wp\/v2\/types\/wpbdp_listing"}],"author":[{"embeddable":true,"href":"https:\/\/www.pedagogie.ac-nice.fr\/cdesc83\/wp-json\/wp\/v2\/users\/1"}],"replies":[{"embeddable":true,"href":"https:\/\/www.pedagogie.ac-nice.fr\/cdesc83\/wp-json\/wp\/v2\/comments?post=3635"}],"wp:attachment":[{"href":"https:\/\/www.pedagogie.ac-nice.fr\/cdesc83\/wp-json\/wp\/v2\/media?parent=3635"}],"wp:term":[{"taxonomy":"wpbdp_category","embeddable":true,"href":"https:\/\/www.pedagogie.ac-nice.fr\/cdesc83\/wp-json\/wp\/v2\/wpbdp_category?post=3635"},{"taxonomy":"wpbdp_tag","embeddable":true,"href":"https:\/\/www.pedagogie.ac-nice.fr\/cdesc83\/wp-json\/wp\/v2\/wpbdp_tag?post=3635"}],"curies":[{"name":"wp","href":"https:\/\/api.w.org\/{rel}","templated":true}]}}

Centre Social et Culturel Saint-Raphaël

<p><em>Un outil de développement social local pour créer avec et pour les habitants un ensemble de services à caractère familial, éducatif, culturel, social, de loisirs</em></p>

<p>Un outil de développement social local pour créer avec et pour les habitants un ensemble de services à caractère familial, éducatif, culturel, social, de loisirs</p>
