{"id":3641,"date":"2016-12-06T13:11:09","date_gmt":"2016-12-06T12:11:09","guid":{"rendered":"https:\/\/www.pedagogie.ac-nice.fr\/cdesc83\/annuaire-professionnel\/3641\/?post_type=wpbdp_listing&#038;p=3641"},"modified":"2018-04-05T16:27:45","modified_gmt":"2018-04-05T14:27:45","slug":"centre-social-et-culturel-draguignan-csc-draguignan","status":"publish","type":"wpbdp_listing","link":"https:\/\/www.pedagogie.ac-nice.fr\/cdesc83\/annuaire-ordre1\/3641\/centre-social-et-culturel-draguignan-csc-draguignan\/","title":{"rendered":"Centre Social et Culturel Draguignan"},"content":{"rendered":"<p>Accueillir, informer et am\u00e9liorer la vie quotidienne de la population Favoriser le lien social et interg\u00e9n\u00e9rationnel , l&rsquo;esprit de solidarit\u00e9, encourager les \u00e9changes des id\u00e9es et des moyens, lutter contre les exclusions, Coordonner les initiatives individuelles et collectives, les interventions \u00e9ducatives, sociales, culturelles et sportives<\/p>\n<p><em>\u00a0<\/em><\/p>\n","protected":false},"excerpt":{"rendered":"<p>Accueillir, informer et am\u00e9liorer la vie quotidienne de la population Favoriser le lien social et interg\u00e9n\u00e9rationnel , l&rsquo;esprit de solidarit\u00e9, encourager les \u00e9changes des id\u00e9es et des moyens, lutter contre les exclusions, Coordonner les initiatives individuelles et collectives, les interventions \u00e9ducatives, sociales, culturelles et sportives \u00a0<\/p>\n","protected":false},"author":1,"featured_media":0,"comment_status":"closed","ping_status":"closed","template":"","meta":{"_et_pb_use_builder":"","_et_pb_old_content":"","_et_gb_content_width":"","ngg_post_thumbnail":0},"wpbdp_category":[9],"wpbdp_tag":[],"class_list":["post-3641","wpbdp_listing","type-wpbdp_listing","status-publish","hentry","wpbdp_category-c"],"post_mailing_queue_ids":[],"_links":{"self":[{"href":"https:\/\/www.pedagogie.ac-nice.fr\/cdesc83\/wp-json\/wp\/v2\/wpbdp_listing\/3641","targetHints":{"allow":["GET"]}}],"collection":[{"href":"https:\/\/www.pedagogie.ac-nice.fr\/cdesc83\/wp-json\/wp\/v2\/wpbdp_listing"}],"about":[{"href":"https:\/\/www.pedagogie.ac-nice.fr\/cdesc83\/wp-json\/wp\/v2\/types\/wpbdp_listing"}],"author":[{"embeddable":true,"href":"https:\/\/www.pedagogie.ac-nice.fr\/cdesc83\/wp-json\/wp\/v2\/users\/1"}],"replies":[{"embeddable":true,"href":"https:\/\/www.pedagogie.ac-nice.fr\/cdesc83\/wp-json\/wp\/v2\/comments?post=3641"}],"wp:attachment":[{"href":"https:\/\/www.pedagogie.ac-nice.fr\/cdesc83\/wp-json\/wp\/v2\/media?parent=3641"}],"wp:term":[{"taxonomy":"wpbdp_category","embeddable":true,"href":"https:\/\/www.pedagogie.ac-nice.fr\/cdesc83\/wp-json\/wp\/v2\/wpbdp_category?post=3641"},{"taxonomy":"wpbdp_tag","embeddable":true,"href":"https:\/\/www.pedagogie.ac-nice.fr\/cdesc83\/wp-json\/wp\/v2\/wpbdp_tag?post=3641"}],"curies":[{"name":"wp","href":"https:\/\/api.w.org\/{rel}","templated":true}]}}

<p>Accueillir, informer et améliorer la vie quotidienne de la population Favoriser le lien social et intergénérationnel , l&rsquo;esprit de solidarité, encourager les échanges des idées et des moyens, lutter contre les exclusions, Coordonner les initiatives individuelles et collectives, les interventions éducatives, sociales, culturelles et sportives</p>
<p><em> </em></p>

<p>Accueillir, informer et améliorer la vie quotidienne de la population Favoriser le lien social et intergénérationnel , l&rsquo;esprit de solidarité, encourager les échanges des idées et des moyens, lutter contre les exclusions, Coordonner les initiatives individuelles et collectives, les interventions éducatives, sociales, culturelles et sportives  </p>
