{"id":3649,"date":"2016-12-06T13:11:10","date_gmt":"2016-12-06T12:11:10","guid":{"rendered":"https:\/\/www.pedagogie.ac-nice.fr\/cdesc83\/annuaire-professionnel\/3649\/?post_type=wpbdp_listing&#038;p=3649"},"modified":"2018-04-05T16:27:04","modified_gmt":"2018-04-05T14:27:04","slug":"centre-de-loisirs-associe-aux-ecoles-clae","status":"publish","type":"wpbdp_listing","link":"https:\/\/www.pedagogie.ac-nice.fr\/cdesc83\/annuaire-ordre1\/3649\/centre-de-loisirs-associe-aux-ecoles-clae\/","title":{"rendered":"Centre de Loisirs Associ\u00e9 aux \u00c9coles"},"content":{"rendered":"<p><em>Promouvoir la place l\u00e9gitime des enfants dans la cit\u00e9 par la mise en \u0153uvre d&rsquo;activit\u00e9s et de structure de loisirs r\u00e9pondant aux besoins des familles et des enfants.<\/em><br \/>\n<em> Inciter \u00e0 l&rsquo;\u00e9laboration et \u00e0 la mise en \u0153uvre des projets \u00e9ducatifs.<\/em><br \/>\n<em> Participer \u00e0 leur r\u00e9alisation.<\/em><br \/>\n<em> Cr\u00e9er les conditions de convergence entre ses actions \u00e9ducatives et celles de l&rsquo;\u00e9cole, en compl\u00e9mentarit\u00e9 avec celle-ci.<\/em><\/p>\n","protected":false},"excerpt":{"rendered":"<p>Promouvoir la place l\u00e9gitime des enfants dans la cit\u00e9 par la mise en \u0153uvre d&rsquo;activit\u00e9s et de structure de loisirs r\u00e9pondant aux besoins des familles et des enfants. Inciter \u00e0 l&rsquo;\u00e9laboration et \u00e0 la mise en \u0153uvre des projets \u00e9ducatifs. Participer \u00e0 leur r\u00e9alisation. Cr\u00e9er les conditions de convergence entre ses actions \u00e9ducatives et celles [&hellip;]<\/p>\n","protected":false},"author":1,"featured_media":0,"comment_status":"closed","ping_status":"closed","template":"","meta":{"_et_pb_use_builder":"","_et_pb_old_content":"","_et_gb_content_width":"","ngg_post_thumbnail":0},"wpbdp_category":[9],"wpbdp_tag":[],"class_list":["post-3649","wpbdp_listing","type-wpbdp_listing","status-publish","hentry","wpbdp_category-c"],"post_mailing_queue_ids":[],"_links":{"self":[{"href":"https:\/\/www.pedagogie.ac-nice.fr\/cdesc83\/wp-json\/wp\/v2\/wpbdp_listing\/3649","targetHints":{"allow":["GET"]}}],"collection":[{"href":"https:\/\/www.pedagogie.ac-nice.fr\/cdesc83\/wp-json\/wp\/v2\/wpbdp_listing"}],"about":[{"href":"https:\/\/www.pedagogie.ac-nice.fr\/cdesc83\/wp-json\/wp\/v2\/types\/wpbdp_listing"}],"author":[{"embeddable":true,"href":"https:\/\/www.pedagogie.ac-nice.fr\/cdesc83\/wp-json\/wp\/v2\/users\/1"}],"replies":[{"embeddable":true,"href":"https:\/\/www.pedagogie.ac-nice.fr\/cdesc83\/wp-json\/wp\/v2\/comments?post=3649"}],"wp:attachment":[{"href":"https:\/\/www.pedagogie.ac-nice.fr\/cdesc83\/wp-json\/wp\/v2\/media?parent=3649"}],"wp:term":[{"taxonomy":"wpbdp_category","embeddable":true,"href":"https:\/\/www.pedagogie.ac-nice.fr\/cdesc83\/wp-json\/wp\/v2\/wpbdp_category?post=3649"},{"taxonomy":"wpbdp_tag","embeddable":true,"href":"https:\/\/www.pedagogie.ac-nice.fr\/cdesc83\/wp-json\/wp\/v2\/wpbdp_tag?post=3649"}],"curies":[{"name":"wp","href":"https:\/\/api.w.org\/{rel}","templated":true}]}}

Centre de Loisirs Associé aux Écoles

<p><em>Promouvoir la place légitime des enfants dans la cité par la mise en œuvre d&rsquo;activités et de structure de loisirs répondant aux besoins des familles et des enfants.</em><br />
<em> Inciter à l&rsquo;élaboration et à la mise en œuvre des projets éducatifs.</em><br />
<em> Participer à leur réalisation.</em><br />
<em> Créer les conditions de convergence entre ses actions éducatives et celles de l&rsquo;école, en complémentarité avec celle-ci.</em></p>

<p>Promouvoir la place légitime des enfants dans la cité par la mise en œuvre d&rsquo;activités et de structure de loisirs répondant aux besoins des familles et des enfants. Inciter à l&rsquo;élaboration et à la mise en œuvre des projets éducatifs. Participer à leur réalisation. Créer les conditions de convergence entre ses actions éducatives et celles [&hellip;]</p>
