{"id":3657,"date":"2016-12-06T13:11:12","date_gmt":"2016-12-06T12:11:12","guid":{"rendered":"https:\/\/www.pedagogie.ac-nice.fr\/cdesc83\/annuaire-professionnel\/3657\/?post_type=wpbdp_listing&#038;p=3657"},"modified":"2018-04-05T16:26:31","modified_gmt":"2018-04-05T14:26:31","slug":"banque-alimentaire-du-var-2","status":"publish","type":"wpbdp_listing","link":"https:\/\/www.pedagogie.ac-nice.fr\/cdesc83\/annuaire-ordre1\/3657\/banque-alimentaire-du-var-2\/","title":{"rendered":"Banque Alimentaire du Var"},"content":{"rendered":"<p><em>Le fonctionnement de la Banque Alimentaire du Var est base sur le don,le Partage,le b\u00e9n\u00e9volat,. Elle re\u00e7oit gratuitement des denr\u00e9es de l&rsquo;Union Europ\u00e9enne ,de l\u2019\u00c9tat,de l&rsquo;industrie Agro alimentaire , de la Grande distribution de du public lors de la collecte organis\u00e9e ,chaque ann\u00e9e, la derni\u00e8re semaine de novembre<\/em><\/p>\n","protected":false},"excerpt":{"rendered":"<p>Le fonctionnement de la Banque Alimentaire du Var est base sur le don,le Partage,le b\u00e9n\u00e9volat,. Elle re\u00e7oit gratuitement des denr\u00e9es de l&rsquo;Union Europ\u00e9enne ,de l\u2019\u00c9tat,de l&rsquo;industrie Agro alimentaire , de la Grande distribution de du public lors de la collecte organis\u00e9e ,chaque ann\u00e9e, la derni\u00e8re semaine de novembre<\/p>\n","protected":false},"author":1,"featured_media":0,"comment_status":"closed","ping_status":"closed","template":"","meta":{"_et_pb_use_builder":"","_et_pb_old_content":"","_et_gb_content_width":"","ngg_post_thumbnail":0},"wpbdp_category":[8],"wpbdp_tag":[],"class_list":["post-3657","wpbdp_listing","type-wpbdp_listing","status-publish","hentry","wpbdp_category-b"],"post_mailing_queue_ids":[],"_links":{"self":[{"href":"https:\/\/www.pedagogie.ac-nice.fr\/cdesc83\/wp-json\/wp\/v2\/wpbdp_listing\/3657","targetHints":{"allow":["GET"]}}],"collection":[{"href":"https:\/\/www.pedagogie.ac-nice.fr\/cdesc83\/wp-json\/wp\/v2\/wpbdp_listing"}],"about":[{"href":"https:\/\/www.pedagogie.ac-nice.fr\/cdesc83\/wp-json\/wp\/v2\/types\/wpbdp_listing"}],"author":[{"embeddable":true,"href":"https:\/\/www.pedagogie.ac-nice.fr\/cdesc83\/wp-json\/wp\/v2\/users\/1"}],"replies":[{"embeddable":true,"href":"https:\/\/www.pedagogie.ac-nice.fr\/cdesc83\/wp-json\/wp\/v2\/comments?post=3657"}],"wp:attachment":[{"href":"https:\/\/www.pedagogie.ac-nice.fr\/cdesc83\/wp-json\/wp\/v2\/media?parent=3657"}],"wp:term":[{"taxonomy":"wpbdp_category","embeddable":true,"href":"https:\/\/www.pedagogie.ac-nice.fr\/cdesc83\/wp-json\/wp\/v2\/wpbdp_category?post=3657"},{"taxonomy":"wpbdp_tag","embeddable":true,"href":"https:\/\/www.pedagogie.ac-nice.fr\/cdesc83\/wp-json\/wp\/v2\/wpbdp_tag?post=3657"}],"curies":[{"name":"wp","href":"https:\/\/api.w.org\/{rel}","templated":true}]}}

<p><em>Le fonctionnement de la Banque Alimentaire du Var est base sur le don,le Partage,le bénévolat,. Elle reçoit gratuitement des denrées de l&rsquo;Union Européenne ,de l’État,de l&rsquo;industrie Agro alimentaire , de la Grande distribution de du public lors de la collecte organisée ,chaque année, la dernière semaine de novembre</em></p>

<p>Le fonctionnement de la Banque Alimentaire du Var est base sur le don,le Partage,le bénévolat,. Elle reçoit gratuitement des denrées de l&rsquo;Union Européenne ,de l’État,de l&rsquo;industrie Agro alimentaire , de la Grande distribution de du public lors de la collecte organisée ,chaque année, la dernière semaine de novembre</p>
