{"id":3659,"date":"2016-12-06T13:11:12","date_gmt":"2016-12-06T12:11:12","guid":{"rendered":"https:\/\/www.pedagogie.ac-nice.fr\/cdesc83\/annuaire-professionnel\/3659\/?post_type=wpbdp_listing&#038;p=3659"},"modified":"2018-04-05T16:26:42","modified_gmt":"2018-04-05T14:26:42","slug":"biosphere-2","status":"publish","type":"wpbdp_listing","link":"https:\/\/www.pedagogie.ac-nice.fr\/cdesc83\/annuaire-ordre1\/3659\/biosphere-2\/","title":{"rendered":"Biosphere"},"content":{"rendered":"<p><em>Institut de recherche cr\u00e9\u00e9 et g\u00e9r\u00e9 par des biologistes \u00e9cologues ayant pour objet : La conduite de programmes de recherche et d&rsquo;expertises en \u00e9cologie fondamentale et appliqu\u00e9e en biologie de la conservation ; La formation en \u00e9cologie ; La m\u00e9diation de la culture technique et scientifique en biologie et en \u00e9cologie (conf\u00e9rences, publications de vulgarisation, ateliers p\u00e9dagogiques d\u00e9velopp\u00e9s en collaboration avec les \u00e9tablissements scolaires&#8230;)<\/em><\/p>\n","protected":false},"excerpt":{"rendered":"<p>Institut de recherche cr\u00e9\u00e9 et g\u00e9r\u00e9 par des biologistes \u00e9cologues ayant pour objet : La conduite de programmes de recherche et d&rsquo;expertises en \u00e9cologie fondamentale et appliqu\u00e9e en biologie de la conservation ; La formation en \u00e9cologie ; La m\u00e9diation de la culture technique et scientifique en biologie et en \u00e9cologie (conf\u00e9rences, publications de vulgarisation, [&hellip;]<\/p>\n","protected":false},"author":1,"featured_media":0,"comment_status":"closed","ping_status":"closed","template":"","meta":{"_et_pb_use_builder":"","_et_pb_old_content":"","_et_gb_content_width":"","ngg_post_thumbnail":0},"wpbdp_category":[8],"wpbdp_tag":[],"class_list":["post-3659","wpbdp_listing","type-wpbdp_listing","status-publish","hentry","wpbdp_category-b"],"post_mailing_queue_ids":[],"_links":{"self":[{"href":"https:\/\/www.pedagogie.ac-nice.fr\/cdesc83\/wp-json\/wp\/v2\/wpbdp_listing\/3659","targetHints":{"allow":["GET"]}}],"collection":[{"href":"https:\/\/www.pedagogie.ac-nice.fr\/cdesc83\/wp-json\/wp\/v2\/wpbdp_listing"}],"about":[{"href":"https:\/\/www.pedagogie.ac-nice.fr\/cdesc83\/wp-json\/wp\/v2\/types\/wpbdp_listing"}],"author":[{"embeddable":true,"href":"https:\/\/www.pedagogie.ac-nice.fr\/cdesc83\/wp-json\/wp\/v2\/users\/1"}],"replies":[{"embeddable":true,"href":"https:\/\/www.pedagogie.ac-nice.fr\/cdesc83\/wp-json\/wp\/v2\/comments?post=3659"}],"wp:attachment":[{"href":"https:\/\/www.pedagogie.ac-nice.fr\/cdesc83\/wp-json\/wp\/v2\/media?parent=3659"}],"wp:term":[{"taxonomy":"wpbdp_category","embeddable":true,"href":"https:\/\/www.pedagogie.ac-nice.fr\/cdesc83\/wp-json\/wp\/v2\/wpbdp_category?post=3659"},{"taxonomy":"wpbdp_tag","embeddable":true,"href":"https:\/\/www.pedagogie.ac-nice.fr\/cdesc83\/wp-json\/wp\/v2\/wpbdp_tag?post=3659"}],"curies":[{"name":"wp","href":"https:\/\/api.w.org\/{rel}","templated":true}]}}

<p><em>Institut de recherche créé et géré par des biologistes écologues ayant pour objet : La conduite de programmes de recherche et d&rsquo;expertises en écologie fondamentale et appliquée en biologie de la conservation ; La formation en écologie ; La médiation de la culture technique et scientifique en biologie et en écologie (conférences, publications de vulgarisation, ateliers pédagogiques développés en collaboration avec les établissements scolaires&#8230;)</em></p>

<p>Institut de recherche créé et géré par des biologistes écologues ayant pour objet : La conduite de programmes de recherche et d&rsquo;expertises en écologie fondamentale et appliquée en biologie de la conservation ; La formation en écologie ; La médiation de la culture technique et scientifique en biologie et en écologie (conférences, publications de vulgarisation, [&hellip;]</p>
