{"id":3661,"date":"2016-12-06T13:11:12","date_gmt":"2016-12-06T12:11:12","guid":{"rendered":"https:\/\/www.pedagogie.ac-nice.fr\/cdesc83\/annuaire-professionnel\/3661\/?post_type=wpbdp_listing&#038;p=3661"},"modified":"2018-04-05T16:26:22","modified_gmt":"2018-04-05T14:26:22","slug":"brigade-de-prevention-de-la-delinquance-juvenile-de-bandol-bpdj","status":"publish","type":"wpbdp_listing","link":"https:\/\/www.pedagogie.ac-nice.fr\/cdesc83\/annuaire-ordre1\/3661\/brigade-de-prevention-de-la-delinquance-juvenile-de-bandol-bpdj\/","title":{"rendered":"Brigade de pr\u00e9vention de la d\u00e9linquance juv\u00e9nile de Bandol"},"content":{"rendered":"<p><em>Cr\u00e9er le 1er septembre 1999 \u00e0 Bandol, la vocation premi\u00e8re est l&rsquo;action pr\u00e9ventive conduite au b\u00e9n\u00e9fice de la jeunesse et \u00e0 pour objet d\u2019emp\u00eacher toute manifestation d\u2019incivilit\u00e9 et de d\u00e9linquance \u00e0 l&rsquo;encontre des mineurs ou de la part de ceux-ci. les gendarmes r\u00e9pondent \u00e0 vos questions et vous proposent des solutions aux probl\u00e8mes que vous pouvez rencontrer.<\/em><\/p>\n","protected":false},"excerpt":{"rendered":"<p>Cr\u00e9er le 1er septembre 1999 \u00e0 Bandol, la vocation premi\u00e8re est l&rsquo;action pr\u00e9ventive conduite au b\u00e9n\u00e9fice de la jeunesse et \u00e0 pour objet d\u2019emp\u00eacher toute manifestation d\u2019incivilit\u00e9 et de d\u00e9linquance \u00e0 l&rsquo;encontre des mineurs ou de la part de ceux-ci. les gendarmes r\u00e9pondent \u00e0 vos questions et vous proposent des solutions aux probl\u00e8mes que vous [&hellip;]<\/p>\n","protected":false},"author":1,"featured_media":0,"comment_status":"closed","ping_status":"closed","template":"","meta":{"_et_pb_use_builder":"","_et_pb_old_content":"","_et_gb_content_width":"","ngg_post_thumbnail":0},"wpbdp_category":[8],"wpbdp_tag":[],"class_list":["post-3661","wpbdp_listing","type-wpbdp_listing","status-publish","hentry","wpbdp_category-b"],"post_mailing_queue_ids":[],"_links":{"self":[{"href":"https:\/\/www.pedagogie.ac-nice.fr\/cdesc83\/wp-json\/wp\/v2\/wpbdp_listing\/3661","targetHints":{"allow":["GET"]}}],"collection":[{"href":"https:\/\/www.pedagogie.ac-nice.fr\/cdesc83\/wp-json\/wp\/v2\/wpbdp_listing"}],"about":[{"href":"https:\/\/www.pedagogie.ac-nice.fr\/cdesc83\/wp-json\/wp\/v2\/types\/wpbdp_listing"}],"author":[{"embeddable":true,"href":"https:\/\/www.pedagogie.ac-nice.fr\/cdesc83\/wp-json\/wp\/v2\/users\/1"}],"replies":[{"embeddable":true,"href":"https:\/\/www.pedagogie.ac-nice.fr\/cdesc83\/wp-json\/wp\/v2\/comments?post=3661"}],"wp:attachment":[{"href":"https:\/\/www.pedagogie.ac-nice.fr\/cdesc83\/wp-json\/wp\/v2\/media?parent=3661"}],"wp:term":[{"taxonomy":"wpbdp_category","embeddable":true,"href":"https:\/\/www.pedagogie.ac-nice.fr\/cdesc83\/wp-json\/wp\/v2\/wpbdp_category?post=3661"},{"taxonomy":"wpbdp_tag","embeddable":true,"href":"https:\/\/www.pedagogie.ac-nice.fr\/cdesc83\/wp-json\/wp\/v2\/wpbdp_tag?post=3661"}],"curies":[{"name":"wp","href":"https:\/\/api.w.org\/{rel}","templated":true}]}}

Brigade de prévention de la délinquance juvénile de Bandol

<p><em>Créer le 1er septembre 1999 à Bandol, la vocation première est l&rsquo;action préventive conduite au bénéfice de la jeunesse et à pour objet d’empêcher toute manifestation d’incivilité et de délinquance à l&rsquo;encontre des mineurs ou de la part de ceux-ci. les gendarmes répondent à vos questions et vous proposent des solutions aux problèmes que vous pouvez rencontrer.</em></p>

<p>Créer le 1er septembre 1999 à Bandol, la vocation première est l&rsquo;action préventive conduite au bénéfice de la jeunesse et à pour objet d’empêcher toute manifestation d’incivilité et de délinquance à l&rsquo;encontre des mineurs ou de la part de ceux-ci. les gendarmes répondent à vos questions et vous proposent des solutions aux problèmes que vous [&hellip;]</p>
