{"id":3668,"date":"2016-12-06T13:11:13","date_gmt":"2016-12-06T12:11:13","guid":{"rendered":"https:\/\/www.pedagogie.ac-nice.fr\/cdesc83\/annuaire-professionnel\/3668\/?post_type=wpbdp_listing&#038;p=3668"},"modified":"2018-04-05T16:26:15","modified_gmt":"2018-04-05T14:26:15","slug":"atd-agir-tous-pour-la-dignite-quart-monde-atd-14-monde","status":"publish","type":"wpbdp_listing","link":"https:\/\/www.pedagogie.ac-nice.fr\/cdesc83\/annuaire-ordre1\/3668\/atd-agir-tous-pour-la-dignite-quart-monde-atd-14-monde\/","title":{"rendered":"Agir Tous pour la Dignit\u00e9"},"content":{"rendered":"<p>Lutte contre la grande pauvret\u00e9 et l&rsquo;exclusion sociale, et acc\u00e8s pour tous aux droits fondamentaux.<\/p>\n<p><em>ATD est \u00e0 l&rsquo;origine d&rsquo;un grand nombre d\u2019avanc\u00e9es l\u00e9gislatives comme le Revenu Minimum d&rsquo;Insertion (RMI, anc\u00eatre du RSA), la Couverture Maladie Universelle (CMU) ou le Droit au logement opposable (DALO). Territoire Z\u00e9ro Ch\u00f4meur de Longue Dur\u00e9e<br \/>\n<\/em><\/p>\n","protected":false},"excerpt":{"rendered":"<p>Lutte contre la grande pauvret\u00e9 et l&rsquo;exclusion sociale, et acc\u00e8s pour tous aux droits fondamentaux. ATD est \u00e0 l&rsquo;origine d&rsquo;un grand nombre d\u2019avanc\u00e9es l\u00e9gislatives comme le Revenu Minimum d&rsquo;Insertion (RMI, anc\u00eatre du RSA), la Couverture Maladie Universelle (CMU) ou le Droit au logement opposable (DALO). Territoire Z\u00e9ro Ch\u00f4meur de Longue Dur\u00e9e<\/p>\n","protected":false},"author":1,"featured_media":0,"comment_status":"closed","ping_status":"closed","template":"","meta":{"_et_pb_use_builder":"","_et_pb_old_content":"","_et_gb_content_width":"","ngg_post_thumbnail":0},"wpbdp_category":[7],"wpbdp_tag":[],"class_list":["post-3668","wpbdp_listing","type-wpbdp_listing","status-publish","hentry","wpbdp_category-a"],"post_mailing_queue_ids":[],"_links":{"self":[{"href":"https:\/\/www.pedagogie.ac-nice.fr\/cdesc83\/wp-json\/wp\/v2\/wpbdp_listing\/3668","targetHints":{"allow":["GET"]}}],"collection":[{"href":"https:\/\/www.pedagogie.ac-nice.fr\/cdesc83\/wp-json\/wp\/v2\/wpbdp_listing"}],"about":[{"href":"https:\/\/www.pedagogie.ac-nice.fr\/cdesc83\/wp-json\/wp\/v2\/types\/wpbdp_listing"}],"author":[{"embeddable":true,"href":"https:\/\/www.pedagogie.ac-nice.fr\/cdesc83\/wp-json\/wp\/v2\/users\/1"}],"replies":[{"embeddable":true,"href":"https:\/\/www.pedagogie.ac-nice.fr\/cdesc83\/wp-json\/wp\/v2\/comments?post=3668"}],"wp:attachment":[{"href":"https:\/\/www.pedagogie.ac-nice.fr\/cdesc83\/wp-json\/wp\/v2\/media?parent=3668"}],"wp:term":[{"taxonomy":"wpbdp_category","embeddable":true,"href":"https:\/\/www.pedagogie.ac-nice.fr\/cdesc83\/wp-json\/wp\/v2\/wpbdp_category?post=3668"},{"taxonomy":"wpbdp_tag","embeddable":true,"href":"https:\/\/www.pedagogie.ac-nice.fr\/cdesc83\/wp-json\/wp\/v2\/wpbdp_tag?post=3668"}],"curies":[{"name":"wp","href":"https:\/\/api.w.org\/{rel}","templated":true}]}}

Agir Tous pour la Dignité

<p>Lutte contre la grande pauvreté et l&rsquo;exclusion sociale, et accès pour tous aux droits fondamentaux.</p>
<p><em>ATD est à l&rsquo;origine d&rsquo;un grand nombre d’avancées législatives comme le Revenu Minimum d&rsquo;Insertion (RMI, ancêtre du RSA), la Couverture Maladie Universelle (CMU) ou le Droit au logement opposable (DALO). Territoire Zéro Chômeur de Longue Durée<br />
</em></p>

<p>Lutte contre la grande pauvreté et l&rsquo;exclusion sociale, et accès pour tous aux droits fondamentaux. ATD est à l&rsquo;origine d&rsquo;un grand nombre d’avancées législatives comme le Revenu Minimum d&rsquo;Insertion (RMI, ancêtre du RSA), la Couverture Maladie Universelle (CMU) ou le Droit au logement opposable (DALO). Territoire Zéro Chômeur de Longue Durée</p>
