{"id":3686,"date":"2016-12-06T13:11:16","date_gmt":"2016-12-06T12:11:16","guid":{"rendered":"https:\/\/www.pedagogie.ac-nice.fr\/cdesc83\/annuaire-professionnel\/3686\/?post_type=wpbdp_listing&#038;p=3686"},"modified":"2018-04-05T16:24:58","modified_gmt":"2018-04-05T14:24:58","slug":"association-maison-intergenerationnelle-de-quartier-lamiq","status":"publish","type":"wpbdp_listing","link":"https:\/\/www.pedagogie.ac-nice.fr\/cdesc83\/annuaire-ordre1\/3686\/association-maison-intergenerationnelle-de-quartier-lamiq\/","title":{"rendered":"Association Maison Interg\u00e9n\u00e9rationnelle de Quartier"},"content":{"rendered":"<p><em>Participer a l\u2019am\u00e9lioration qualitative de l&rsquo;environnement urbain, social, \u00e9ducatif et culturel des enfants jeunes et de leurs familles ; aider les enfants et les jeunes \u00e0 d\u00e9velopper leurs potentialit\u00e9s, afin de mieux se d\u00e9velopper<\/em><\/p>\n","protected":false},"excerpt":{"rendered":"<p>Participer a l\u2019am\u00e9lioration qualitative de l&rsquo;environnement urbain, social, \u00e9ducatif et culturel des enfants jeunes et de leurs familles ; aider les enfants et les jeunes \u00e0 d\u00e9velopper leurs potentialit\u00e9s, afin de mieux se d\u00e9velopper<\/p>\n","protected":false},"author":1,"featured_media":0,"comment_status":"closed","ping_status":"closed","template":"","meta":{"_et_pb_use_builder":"","_et_pb_old_content":"","_et_gb_content_width":"","ngg_post_thumbnail":0},"wpbdp_category":[7],"wpbdp_tag":[],"class_list":["post-3686","wpbdp_listing","type-wpbdp_listing","status-publish","hentry","wpbdp_category-a"],"post_mailing_queue_ids":[],"_links":{"self":[{"href":"https:\/\/www.pedagogie.ac-nice.fr\/cdesc83\/wp-json\/wp\/v2\/wpbdp_listing\/3686","targetHints":{"allow":["GET"]}}],"collection":[{"href":"https:\/\/www.pedagogie.ac-nice.fr\/cdesc83\/wp-json\/wp\/v2\/wpbdp_listing"}],"about":[{"href":"https:\/\/www.pedagogie.ac-nice.fr\/cdesc83\/wp-json\/wp\/v2\/types\/wpbdp_listing"}],"author":[{"embeddable":true,"href":"https:\/\/www.pedagogie.ac-nice.fr\/cdesc83\/wp-json\/wp\/v2\/users\/1"}],"replies":[{"embeddable":true,"href":"https:\/\/www.pedagogie.ac-nice.fr\/cdesc83\/wp-json\/wp\/v2\/comments?post=3686"}],"wp:attachment":[{"href":"https:\/\/www.pedagogie.ac-nice.fr\/cdesc83\/wp-json\/wp\/v2\/media?parent=3686"}],"wp:term":[{"taxonomy":"wpbdp_category","embeddable":true,"href":"https:\/\/www.pedagogie.ac-nice.fr\/cdesc83\/wp-json\/wp\/v2\/wpbdp_category?post=3686"},{"taxonomy":"wpbdp_tag","embeddable":true,"href":"https:\/\/www.pedagogie.ac-nice.fr\/cdesc83\/wp-json\/wp\/v2\/wpbdp_tag?post=3686"}],"curies":[{"name":"wp","href":"https:\/\/api.w.org\/{rel}","templated":true}]}}

Association Maison Intergénérationnelle de Quartier

<p><em>Participer a l’amélioration qualitative de l&rsquo;environnement urbain, social, éducatif et culturel des enfants jeunes et de leurs familles ; aider les enfants et les jeunes à développer leurs potentialités, afin de mieux se développer</em></p>

<p>Participer a l’amélioration qualitative de l&rsquo;environnement urbain, social, éducatif et culturel des enfants jeunes et de leurs familles ; aider les enfants et les jeunes à développer leurs potentialités, afin de mieux se développer</p>
