{"id":3690,"date":"2016-12-06T13:11:17","date_gmt":"2016-12-06T12:11:17","guid":{"rendered":"https:\/\/www.pedagogie.ac-nice.fr\/cdesc83\/annuaire-professionnel\/3690\/?post_type=wpbdp_listing&#038;p=3690"},"modified":"2018-04-05T16:22:46","modified_gmt":"2018-04-05T14:22:46","slug":"association-nationale-des-visiteurs-de-prison-anpv","status":"publish","type":"wpbdp_listing","link":"https:\/\/www.pedagogie.ac-nice.fr\/cdesc83\/annuaire-ordre1\/3690\/association-nationale-des-visiteurs-de-prison-anpv\/","title":{"rendered":"Association Nationale des Visiteurs de Prison"},"content":{"rendered":"<p><em>Aide morale et mat\u00e9rielle aux personnes d\u00e9tenues et \u00e0 leurs familles et leur soutien pour la r\u00e9ussite du retour a une vie libre. L\u2019activit\u00e9 des visiteurs de prison est d\u00e9finie par le Code de Proc\u00e9dure P\u00e9nale (d\u00e9cret n\u00f8 85-836 du 6\/08\/85) articles D472 a D477 traitant de la prise en charge, de l\u2019agr\u00e9ment, des relations avec l&rsquo;administration p\u00e9nitentiaire et des contacts avenue avec les personnes d\u00e9tenues.<\/em><\/p>\n","protected":false},"excerpt":{"rendered":"<p>Aide morale et mat\u00e9rielle aux personnes d\u00e9tenues et \u00e0 leurs familles et leur soutien pour la r\u00e9ussite du retour a une vie libre. L\u2019activit\u00e9 des visiteurs de prison est d\u00e9finie par le Code de Proc\u00e9dure P\u00e9nale (d\u00e9cret n\u00f8 85-836 du 6\/08\/85) articles D472 a D477 traitant de la prise en charge, de l\u2019agr\u00e9ment, des relations [&hellip;]<\/p>\n","protected":false},"author":1,"featured_media":0,"comment_status":"closed","ping_status":"closed","template":"","meta":{"_et_pb_use_builder":"","_et_pb_old_content":"","_et_gb_content_width":"","ngg_post_thumbnail":0},"wpbdp_category":[7],"wpbdp_tag":[],"class_list":["post-3690","wpbdp_listing","type-wpbdp_listing","status-publish","hentry","wpbdp_category-a"],"post_mailing_queue_ids":[],"_links":{"self":[{"href":"https:\/\/www.pedagogie.ac-nice.fr\/cdesc83\/wp-json\/wp\/v2\/wpbdp_listing\/3690","targetHints":{"allow":["GET"]}}],"collection":[{"href":"https:\/\/www.pedagogie.ac-nice.fr\/cdesc83\/wp-json\/wp\/v2\/wpbdp_listing"}],"about":[{"href":"https:\/\/www.pedagogie.ac-nice.fr\/cdesc83\/wp-json\/wp\/v2\/types\/wpbdp_listing"}],"author":[{"embeddable":true,"href":"https:\/\/www.pedagogie.ac-nice.fr\/cdesc83\/wp-json\/wp\/v2\/users\/1"}],"replies":[{"embeddable":true,"href":"https:\/\/www.pedagogie.ac-nice.fr\/cdesc83\/wp-json\/wp\/v2\/comments?post=3690"}],"wp:attachment":[{"href":"https:\/\/www.pedagogie.ac-nice.fr\/cdesc83\/wp-json\/wp\/v2\/media?parent=3690"}],"wp:term":[{"taxonomy":"wpbdp_category","embeddable":true,"href":"https:\/\/www.pedagogie.ac-nice.fr\/cdesc83\/wp-json\/wp\/v2\/wpbdp_category?post=3690"},{"taxonomy":"wpbdp_tag","embeddable":true,"href":"https:\/\/www.pedagogie.ac-nice.fr\/cdesc83\/wp-json\/wp\/v2\/wpbdp_tag?post=3690"}],"curies":[{"name":"wp","href":"https:\/\/api.w.org\/{rel}","templated":true}]}}

<p><em>Aide morale et matérielle aux personnes détenues et à leurs familles et leur soutien pour la réussite du retour a une vie libre. L’activité des visiteurs de prison est définie par le Code de Procédure Pénale (décret nø 85-836 du 6/08/85) articles D472 a D477 traitant de la prise en charge, de l’agrément, des relations avec l&rsquo;administration pénitentiaire et des contacts avenue avec les personnes détenues.</em></p>

<p>Aide morale et matérielle aux personnes détenues et à leurs familles et leur soutien pour la réussite du retour a une vie libre. L’activité des visiteurs de prison est définie par le Code de Procédure Pénale (décret nø 85-836 du 6/08/85) articles D472 a D477 traitant de la prise en charge, de l’agrément, des relations [&hellip;]</p>
