{"id":3694,"date":"2016-12-06T13:11:17","date_gmt":"2016-12-06T12:11:17","guid":{"rendered":"https:\/\/www.pedagogie.ac-nice.fr\/cdesc83\/annuaire-professionnel\/3694\/?post_type=wpbdp_listing&#038;p=3694"},"modified":"2018-04-05T16:22:54","modified_gmt":"2018-04-05T14:22:54","slug":"association-des-familles-rurales-afr","status":"publish","type":"wpbdp_listing","link":"https:\/\/www.pedagogie.ac-nice.fr\/cdesc83\/annuaire-ordre1\/3694\/association-des-familles-rurales-afr\/","title":{"rendered":"Familles Rurales"},"content":{"rendered":"<p>Rassembler les familles et personnes seules dans les territoires o\u00f9 elles vivent. D\u00e9fendre leurs int\u00e9r\u00eats mat\u00e9riels et moraux<\/p>\n<p><em>\u00a0<\/em><\/p>\n","protected":false},"excerpt":{"rendered":"<p>Rassembler les familles et personnes seules dans les territoires o\u00f9 elles vivent. D\u00e9fendre leurs int\u00e9r\u00eats mat\u00e9riels et moraux \u00a0<\/p>\n","protected":false},"author":1,"featured_media":0,"comment_status":"closed","ping_status":"closed","template":"","meta":{"_et_pb_use_builder":"","_et_pb_old_content":"","_et_gb_content_width":"","ngg_post_thumbnail":0},"wpbdp_category":[12],"wpbdp_tag":[],"class_list":["post-3694","wpbdp_listing","type-wpbdp_listing","status-publish","hentry","wpbdp_category-f"],"post_mailing_queue_ids":[],"_links":{"self":[{"href":"https:\/\/www.pedagogie.ac-nice.fr\/cdesc83\/wp-json\/wp\/v2\/wpbdp_listing\/3694","targetHints":{"allow":["GET"]}}],"collection":[{"href":"https:\/\/www.pedagogie.ac-nice.fr\/cdesc83\/wp-json\/wp\/v2\/wpbdp_listing"}],"about":[{"href":"https:\/\/www.pedagogie.ac-nice.fr\/cdesc83\/wp-json\/wp\/v2\/types\/wpbdp_listing"}],"author":[{"embeddable":true,"href":"https:\/\/www.pedagogie.ac-nice.fr\/cdesc83\/wp-json\/wp\/v2\/users\/1"}],"replies":[{"embeddable":true,"href":"https:\/\/www.pedagogie.ac-nice.fr\/cdesc83\/wp-json\/wp\/v2\/comments?post=3694"}],"wp:attachment":[{"href":"https:\/\/www.pedagogie.ac-nice.fr\/cdesc83\/wp-json\/wp\/v2\/media?parent=3694"}],"wp:term":[{"taxonomy":"wpbdp_category","embeddable":true,"href":"https:\/\/www.pedagogie.ac-nice.fr\/cdesc83\/wp-json\/wp\/v2\/wpbdp_category?post=3694"},{"taxonomy":"wpbdp_tag","embeddable":true,"href":"https:\/\/www.pedagogie.ac-nice.fr\/cdesc83\/wp-json\/wp\/v2\/wpbdp_tag?post=3694"}],"curies":[{"name":"wp","href":"https:\/\/api.w.org\/{rel}","templated":true}]}}

<p>Rassembler les familles et personnes seules dans les territoires où elles vivent. Défendre leurs intérêts matériels et moraux</p>
<p><em> </em></p>

<p>Rassembler les familles et personnes seules dans les territoires où elles vivent. Défendre leurs intérêts matériels et moraux  </p>
