{"id":3696,"date":"2016-12-06T13:11:18","date_gmt":"2016-12-06T12:11:18","guid":{"rendered":"https:\/\/www.pedagogie.ac-nice.fr\/cdesc83\/annuaire-professionnel\/3696\/?post_type=wpbdp_listing&#038;p=3696"},"modified":"2018-04-05T16:22:35","modified_gmt":"2018-04-05T14:22:35","slug":"association-des-paralyses-de-france-a-p-f","status":"publish","type":"wpbdp_listing","link":"https:\/\/www.pedagogie.ac-nice.fr\/cdesc83\/annuaire-ordre1\/3696\/association-des-paralyses-de-france-a-p-f\/","title":{"rendered":"Association des Paralyses de France"},"content":{"rendered":"<p><em>Am\u00e9lioration de la situation sociale, mat\u00e9rielle et de leur \u00e9tat de sant\u00e9 des personnes, enfants ou adultes, atteintes de d\u00e9ficience motrice avec ou sans troubles associ\u00e9s et de leur famille ; leur d\u00e9fense \u00e0 titre collectif et individuel<\/em><\/p>\n","protected":false},"excerpt":{"rendered":"<p>Am\u00e9lioration de la situation sociale, mat\u00e9rielle et de leur \u00e9tat de sant\u00e9 des personnes, enfants ou adultes, atteintes de d\u00e9ficience motrice avec ou sans troubles associ\u00e9s et de leur famille ; leur d\u00e9fense \u00e0 titre collectif et individuel<\/p>\n","protected":false},"author":1,"featured_media":0,"comment_status":"closed","ping_status":"closed","template":"","meta":{"_et_pb_use_builder":"","_et_pb_old_content":"","_et_gb_content_width":"","ngg_post_thumbnail":0},"wpbdp_category":[7],"wpbdp_tag":[],"class_list":["post-3696","wpbdp_listing","type-wpbdp_listing","status-publish","hentry","wpbdp_category-a"],"post_mailing_queue_ids":[],"_links":{"self":[{"href":"https:\/\/www.pedagogie.ac-nice.fr\/cdesc83\/wp-json\/wp\/v2\/wpbdp_listing\/3696","targetHints":{"allow":["GET"]}}],"collection":[{"href":"https:\/\/www.pedagogie.ac-nice.fr\/cdesc83\/wp-json\/wp\/v2\/wpbdp_listing"}],"about":[{"href":"https:\/\/www.pedagogie.ac-nice.fr\/cdesc83\/wp-json\/wp\/v2\/types\/wpbdp_listing"}],"author":[{"embeddable":true,"href":"https:\/\/www.pedagogie.ac-nice.fr\/cdesc83\/wp-json\/wp\/v2\/users\/1"}],"replies":[{"embeddable":true,"href":"https:\/\/www.pedagogie.ac-nice.fr\/cdesc83\/wp-json\/wp\/v2\/comments?post=3696"}],"wp:attachment":[{"href":"https:\/\/www.pedagogie.ac-nice.fr\/cdesc83\/wp-json\/wp\/v2\/media?parent=3696"}],"wp:term":[{"taxonomy":"wpbdp_category","embeddable":true,"href":"https:\/\/www.pedagogie.ac-nice.fr\/cdesc83\/wp-json\/wp\/v2\/wpbdp_category?post=3696"},{"taxonomy":"wpbdp_tag","embeddable":true,"href":"https:\/\/www.pedagogie.ac-nice.fr\/cdesc83\/wp-json\/wp\/v2\/wpbdp_tag?post=3696"}],"curies":[{"name":"wp","href":"https:\/\/api.w.org\/{rel}","templated":true}]}}

<p><em>Amélioration de la situation sociale, matérielle et de leur état de santé des personnes, enfants ou adultes, atteintes de déficience motrice avec ou sans troubles associés et de leur famille ; leur défense à titre collectif et individuel</em></p>

<p>Amélioration de la situation sociale, matérielle et de leur état de santé des personnes, enfants ou adultes, atteintes de déficience motrice avec ou sans troubles associés et de leur famille ; leur défense à titre collectif et individuel</p>
