{"id":3698,"date":"2016-12-06T13:11:18","date_gmt":"2016-12-06T12:11:18","guid":{"rendered":"https:\/\/www.pedagogie.ac-nice.fr\/cdesc83\/annuaire-professionnel\/3698\/?post_type=wpbdp_listing&#038;p=3698"},"modified":"2018-04-05T16:22:16","modified_gmt":"2018-04-05T14:22:16","slug":"association-europeenne-contre-les-leucodystrophies-ela","status":"publish","type":"wpbdp_listing","link":"https:\/\/www.pedagogie.ac-nice.fr\/cdesc83\/annuaire-ordre1\/3698\/association-europeenne-contre-les-leucodystrophies-ela\/","title":{"rendered":"Association Europ\u00e9enne contre les Leucodystrophies"},"content":{"rendered":"<p><em>Regroupe des familles qui se mobilisent pour vaincre ces maladies g\u00e9n\u00e9tiques rares qui d\u00e9truisent la my\u00e9line (la gaine des nerfs) du syst\u00e8me nerveux central.<\/em><\/p>\n","protected":false},"excerpt":{"rendered":"<p>Regroupe des familles qui se mobilisent pour vaincre ces maladies g\u00e9n\u00e9tiques rares qui d\u00e9truisent la my\u00e9line (la gaine des nerfs) du syst\u00e8me nerveux central.<\/p>\n","protected":false},"author":1,"featured_media":0,"comment_status":"closed","ping_status":"closed","template":"","meta":{"_et_pb_use_builder":"","_et_pb_old_content":"","_et_gb_content_width":"","ngg_post_thumbnail":0},"wpbdp_category":[7],"wpbdp_tag":[],"class_list":["post-3698","wpbdp_listing","type-wpbdp_listing","status-publish","hentry","wpbdp_category-a"],"post_mailing_queue_ids":[],"_links":{"self":[{"href":"https:\/\/www.pedagogie.ac-nice.fr\/cdesc83\/wp-json\/wp\/v2\/wpbdp_listing\/3698","targetHints":{"allow":["GET"]}}],"collection":[{"href":"https:\/\/www.pedagogie.ac-nice.fr\/cdesc83\/wp-json\/wp\/v2\/wpbdp_listing"}],"about":[{"href":"https:\/\/www.pedagogie.ac-nice.fr\/cdesc83\/wp-json\/wp\/v2\/types\/wpbdp_listing"}],"author":[{"embeddable":true,"href":"https:\/\/www.pedagogie.ac-nice.fr\/cdesc83\/wp-json\/wp\/v2\/users\/1"}],"replies":[{"embeddable":true,"href":"https:\/\/www.pedagogie.ac-nice.fr\/cdesc83\/wp-json\/wp\/v2\/comments?post=3698"}],"wp:attachment":[{"href":"https:\/\/www.pedagogie.ac-nice.fr\/cdesc83\/wp-json\/wp\/v2\/media?parent=3698"}],"wp:term":[{"taxonomy":"wpbdp_category","embeddable":true,"href":"https:\/\/www.pedagogie.ac-nice.fr\/cdesc83\/wp-json\/wp\/v2\/wpbdp_category?post=3698"},{"taxonomy":"wpbdp_tag","embeddable":true,"href":"https:\/\/www.pedagogie.ac-nice.fr\/cdesc83\/wp-json\/wp\/v2\/wpbdp_tag?post=3698"}],"curies":[{"name":"wp","href":"https:\/\/api.w.org\/{rel}","templated":true}]}}

Association Européenne contre les Leucodystrophies

<p><em>Regroupe des familles qui se mobilisent pour vaincre ces maladies génétiques rares qui détruisent la myéline (la gaine des nerfs) du système nerveux central.</em></p>

<p>Regroupe des familles qui se mobilisent pour vaincre ces maladies génétiques rares qui détruisent la myéline (la gaine des nerfs) du système nerveux central.</p>
