{"id":3710,"date":"2016-12-06T13:11:20","date_gmt":"2016-12-06T12:11:20","guid":{"rendered":"https:\/\/www.pedagogie.ac-nice.fr\/cdesc83\/annuaire-professionnel\/3710\/?post_type=wpbdp_listing&#038;p=3710"},"modified":"2018-04-05T16:21:56","modified_gmt":"2018-04-05T14:21:56","slug":"association-de-prevention-specialisee-et-daide-a-linsertion-apea","status":"publish","type":"wpbdp_listing","link":"https:\/\/www.pedagogie.ac-nice.fr\/cdesc83\/annuaire-ordre1\/3710\/association-de-prevention-specialisee-et-daide-a-linsertion-apea\/","title":{"rendered":"Association de Pr\u00e9vention sp\u00e9cialis\u00e9e et d&rsquo;Aide \u00e0 l&rsquo;Insertion"},"content":{"rendered":"<p><em>Acc\u00e8s aux droits &#8211; Action socio culturelle &#8211; Lien social &#8211; Pr\u00e9vention sant\u00e9 &#8211;\u00a0 Protection de l&rsquo;enfance &#8211; Parentalit\u00e9 &#8211; Soutien \u00e0 la scolarit\u00e9 &#8211; Formation<br \/>\n<\/em><\/p>\n","protected":false},"excerpt":{"rendered":"<p>Acc\u00e8s aux droits &#8211; Action socio culturelle &#8211; Lien social &#8211; Pr\u00e9vention sant\u00e9 &#8211;\u00a0 Protection de l&rsquo;enfance &#8211; Parentalit\u00e9 &#8211; Soutien \u00e0 la scolarit\u00e9 &#8211; Formation<\/p>\n","protected":false},"author":1,"featured_media":0,"comment_status":"closed","ping_status":"closed","template":"","meta":{"_et_pb_use_builder":"","_et_pb_old_content":"","_et_gb_content_width":"","ngg_post_thumbnail":0},"wpbdp_category":[7],"wpbdp_tag":[],"class_list":["post-3710","wpbdp_listing","type-wpbdp_listing","status-publish","hentry","wpbdp_category-a"],"post_mailing_queue_ids":[],"_links":{"self":[{"href":"https:\/\/www.pedagogie.ac-nice.fr\/cdesc83\/wp-json\/wp\/v2\/wpbdp_listing\/3710","targetHints":{"allow":["GET"]}}],"collection":[{"href":"https:\/\/www.pedagogie.ac-nice.fr\/cdesc83\/wp-json\/wp\/v2\/wpbdp_listing"}],"about":[{"href":"https:\/\/www.pedagogie.ac-nice.fr\/cdesc83\/wp-json\/wp\/v2\/types\/wpbdp_listing"}],"author":[{"embeddable":true,"href":"https:\/\/www.pedagogie.ac-nice.fr\/cdesc83\/wp-json\/wp\/v2\/users\/1"}],"replies":[{"embeddable":true,"href":"https:\/\/www.pedagogie.ac-nice.fr\/cdesc83\/wp-json\/wp\/v2\/comments?post=3710"}],"wp:attachment":[{"href":"https:\/\/www.pedagogie.ac-nice.fr\/cdesc83\/wp-json\/wp\/v2\/media?parent=3710"}],"wp:term":[{"taxonomy":"wpbdp_category","embeddable":true,"href":"https:\/\/www.pedagogie.ac-nice.fr\/cdesc83\/wp-json\/wp\/v2\/wpbdp_category?post=3710"},{"taxonomy":"wpbdp_tag","embeddable":true,"href":"https:\/\/www.pedagogie.ac-nice.fr\/cdesc83\/wp-json\/wp\/v2\/wpbdp_tag?post=3710"}],"curies":[{"name":"wp","href":"https:\/\/api.w.org\/{rel}","templated":true}]}}

Association de Prévention spécialisée et d&rsquo;Aide à l&rsquo;Insertion

<p><em>Accès aux droits &#8211; Action socio culturelle &#8211; Lien social &#8211; Prévention santé &#8211;  Protection de l&rsquo;enfance &#8211; Parentalité &#8211; Soutien à la scolarité &#8211; Formation<br />
</em></p>

<p>Accès aux droits &#8211; Action socio culturelle &#8211; Lien social &#8211; Prévention santé &#8211;  Protection de l&rsquo;enfance &#8211; Parentalité &#8211; Soutien à la scolarité &#8211; Formation</p>
